000
CXUS53 KOAX 010945
CLMOAX
CLIMATE REPORT
NATIONAL WEATHER SERVICE OMAHA/VALLEY NE
445 AM CDT THU JUN 01 2023
...................................
...THE VALLEY NWS NE CLIMATE SUMMARY FOR THE MONTH OF MAY 2023...
CLIMATE NORMAL PERIOD 1991 TO 2020
CLIMATE RECORD PERIOD 1997 TO 2023
WEATHER OBSERVED NORMAL DEPART
VALUE DATE(S) VALUE FROM
NORMAL
................................................
TEMPERATURE (F)
HIGHEST 93 05/30
05/31
LOWEST 37 05/02
05/03
AVG. MAXIMUM 79.5 72.9 6.6
AVG. MINIMUM 55.8 53.1 2.7
MEAN 67.6 63.0 4.6
DAYS MAX >= 90 2
DAYS MAX <= 32 0
DAYS MIN <= 32 0
DAYS MIN <= 0 0
PRECIPITATION (INCHES)
TOTALS 0.10 4.74 -4.64
DAYS >= .01 3
DAYS >= .10 0
DAYS >= .50 0
DAYS >= 1.00 0
GREATEST
24 HR. TOTAL 0.08 05/05 TO 05/06
SNOWFALL (INCHES)
TOTALS 0.0 0.1 -0.1
SINCE 7/1 14.8
DAYS >= 1.0 0
GREATEST
SNOW DEPTH 0
24 HR TOTAL MM
DEGREE DAYS
HEATING TOTAL 66 143 -77
SINCE 7/1 5817 5931 -114
COOLING TOTAL 155 81 74
SINCE 1/1 177 92 85
................................................
WIND (MPH)
HIGHEST GUST SPEED/DIRECTION 43/MM
WEATHER CONDITIONS. NUMBER OF DAYS WITH
THUNDERSTORM 0 MIXED PRECIP 0
HEAVY RAIN 0 RAIN 0
LIGHT RAIN 6 FREEZING RAIN 0
LT FREEZING RAIN 0 HAIL 0
HEAVY SNOW 0 SNOW 0
LIGHT SNOW 0 SLEET 0
FOG 2 FOG W/VIS <= 1/4 MILE 0
HAZE 2
- INDICATES NEGATIVE NUMBERS.
R INDICATES RECORD WAS SET OR TIED.
MM INDICATES DATA IS MISSING.
T INDICATES TRACE AMOUNT.
&&
MAY IN VALLEY WAS BOTH SIGNIFICANTLY WARMER AND DRIER THAN NORMAL.
THE MONTH ENDED UP 4.6 DEGREES ABOVE NORMAL FOR AVERAGE TEMPERATURE
AND 4.64 INCHES BELOW NORMAL FOR PRECIPITATION.
$$
DEWALD