000
CXUS54 KMAF 011443
CF6ODO
PRELIMINARY LOCAL CLIMATOLOGICAL DATA (WS FORM: F-6)
STATION: ODESSA SCHLEYMEYER
MONTH: SEPTEMBER
YEAR: 2023
LATITUDE: 31 55 N
LONGITUDE: 102 23 W
TEMPERATURE IN F: :PCPN: SNOW: WIND :SUNSHINE: SKY :PK WND
================================================================================
1 2 3 4 5 6A 6B 7 8 9 10 11 12 13 14 15 16 17 18
12Z AVG MX 2MIN
DY MAX MIN AVG DEP HDD CDD WTR SNW DPTH SPD SPD DIR MIN PSBL S-S WX SPD DR
================================================================================
1 99 70 85 6 0 20 0.00 M M 6.7 17 120 M M 0 8 23 140
2 99 69 84 5 0 19 0.00 M M 5.5 14 120 M M 0 21 180
3 99 69 84 5 0 19 0.00 M M 8.5 21 190 M M 0 28 190
4 103 75 89 11 0 24 0.00 M M 13.4 22 190 M M 0 29 180
5 106 78 92 14 0 27 0.00 M M 11.6 22 190 M M 0 29 180
6 102 76 89 11 0 24 0.00 M M 8.5 15 160 M M 1 23 150
7 102 78 90 13 0 25 0.00 M M 10.7 21 190 M M 0 29 190
8 104 78 91 14 0 26 0.00 M M 11.9 21 190 M M 0 26 200
9 101 73 87 10 0 22 0.00 M M 8.6 26 350 M M 0 37 350
10 97 74 86 10 0 21 0.00 M M 12.1 23 150 M M 0 33 130
11 96 65 81 5 0 16 0.34 M M 14.3 36 20 M M 1 3 49 20
12 69 64 67 -9 0 2 0.05 M M 10.2 24 50 M M 9 30 50
13 80 65 73 -3 0 8 0.06 M M 7.9 16 90 M M 6 22 130
14 88 67 78 3 0 13 0.01 M M 8.5 17 50 M M 3 3 22 40
15 86 66 76 1 0 11 0.01 M M 8.8 31 320 M M 5 3 45 320
16 82 61 72 -3 0 7 0.40 M M 9.2 33 50 M M 4 3 43 40
17 87 66 77 3 0 12 0.00 M M 4.1 9 150 M M 2 14 90
18 92 67 80 6 0 15 0.00 M M 10.2 18 170 M M 0 25 210
19 99 72 86 12 0 21 0.00 M M 11.6 22 290 M M 1 30 260
20 99 71 85 11 0 20 0.00 M M 7.7 20 200 M M 0 26 200
21 92 71 82 9 0 17 T M M 10.8 28 200 M M 1 3 37 200
22 99 76 88 15 0 23 0.00 M M 10.9 18 170 M M 0 24 190
23 102 76 89 16 0 24 0.00 M M 7.3 18 310 M M 0 24 300
24 99 73 86 14 0 21 0.00 M M 8.7 16 350 M M 0 21 350
25 91 72 82 10 0 17 0.00 M M 11.5 21 70 M M 3 29 80
26 92 67 80 8 0 15 0.00 M M 5.8 14 140 M M 0 20 140
27 94 70 82 10 0 17 0.00 M M 9.8 20 130 M M 0 3 27 130
28 95 71 83 12 0 18 0.00 M M 13.5 22 150 M M 0 29 160
29 95 71 83 12 0 18 0.00 M M 13.8 24 180 M M 0 30 170
30 90 71 81 10 0 16 0.00 M M 13.8 24 150 M M 0 32 160
================================================================================
SM 2839 2122 0 538 0.87 M 295.9 M 36
================================================================================
AV 94.6 70.7 9.9 FASTST M M 1 MAX(MPH)
MISC ----> 36 20 49 20
================================================================================
NOTES:
# LAST OF SEVERAL OCCURRENCES
COLUMN 17 PEAK WIND IN M.P.H.
PRELIMINARY LOCAL CLIMATOLOGICAL DATA (WS FORM: F-6) , PAGE 2
STATION: ODESSA SCHLEYMEYER
MONTH: SEPTEMBER
YEAR: 2023
LATITUDE: 31 55 N
LONGITUDE: 102 23 W
[TEMPERATURE DATA] [PRECIPITATION DATA] SYMBOLS USED IN COLUMN 16
AVERAGE MONTHLY: 82.7 TOTAL FOR MONTH: 0.87 1 = FOG OR MIST
DPTR FM NORMAL: 7.7 DPTR FM NORMAL: -1.07 2 = FOG REDUCING VISIBILITY
HIGHEST: 106 ON 5 GRTST 24HR 0.40 ON 16-16 TO 1/4 MILE OR LESS
LOWEST: 61 ON 16 3 = THUNDER
SNOW, ICE PELLETS, HAIL 4 = ICE PELLETS
TOTAL MONTH: M 5 = HAIL
GRTST 24HR M ON M 6 = FREEZING RAIN OR DRIZZLE
GRTST DEPTH: M ON M 7 = DUSTSTORM OR SANDSTORM:
VSBY 1/2 MILE OR LESS
8 = SMOKE OR HAZE
[NO. OF DAYS WITH] [WEATHER - DAYS WITH] 9 = BLOWING SNOW
X = TORNADO
MAX 32 OR BELOW: 0 0.01 INCH OR MORE: 6
MAX 90 OR ABOVE: 24 0.10 INCH OR MORE: 2
MIN 32 OR BELOW: 0 0.50 INCH OR MORE: 0
MIN 0 OR BELOW: 0 1.00 INCH OR MORE: 0
[HDD (BASE 65) ]
TOTAL THIS MO. 0 CLEAR (SCALE 0-3) 25
DPTR FM NORMAL -8 PTCLDY (SCALE 4-7) 4
TOTAL FM JUL 1 0 CLOUDY (SCALE 8-10) 1
DPTR FM NORMAL -2
[CDD (BASE 65) ]
TOTAL THIS MO. 538
DPTR FM NORMAL 231 [PRESSURE DATA]
TOTAL FM JAN 1 3112 HIGHEST SLP 30.12 ON 17
DPTR FM NORMAL 755 LOWEST SLP 29.61 ON 4
[REMARKS]
#FINAL-09-23#