000
CXUS52 KCAE 011400
CF6OGB
PRELIMINARY LOCAL CLIMATOLOGICAL DATA (WS FORM: F-6)
STATION: ORANGEBURG AIRPORT SC
MONTH: MARCH
YEAR: 2022
LATITUDE: 33 27 N
LONGITUDE: 80 51 W
TEMPERATURE IN F: :PCPN: SNOW: WIND :SUNSHINE: SKY :PK WND
================================================================================
1 2 3 4 5 6A 6B 7 8 9 10 11 12 13 14 15 16 17 18
12Z AVG MX 2MIN
DY MAX MIN AVG DEP HDD CDD WTR SNW DPTH SPD SPD DIR MIN PSBL S-S WX SPD DR
================================================================================
1 70 35 53 0 12 0 0.00 M M 2.2 12 30 M M 0 15 40
2 78 37 58 4 7 0 0.00 M M 2.7 15 230 M M 0 1 24 230
3 84 43 64 10 1 0 0.00 M M 5.1 20 250 M M 0 25 240
4 68 45 57 3 8 0 0.00 M M 6.9 17 70 M M 0 26 60
5 78 55 67 13 0 2 0.00 M M 5.7 17 190 M M 5 1 21 180
6 83 53 68 13 0 3 0.00 M M 7.7 21 210 M M 4 12 25 210
7 84 63 74 19 0 9 0.12 M M 12.1 25 200 M M 6 1 31 210
8 73 59 66 11 0 1 T M M 4.6 13 130 M M 7 1 18 120
9 77 63 70 15 0 5 0.03 M M 8.7 22 190 M M 9 1 30 240
10 64 49 57 1 8 0 0.14 M M 6.6 12 70 M M 10 1 16 60
11 55 48 52 -4 13 0 0.22 M M 4.5 9 40 M M 10 1 13 40
12 67 32 50 -6 15 0 0.40 M M 15.2 33 280 M M 6 12 44 290
13 54 24 39 -17 26 0 0.00 M M 3.1 12 150 M M 0 19 200
14 67 31 49 -7 16 0 0.00 M M 3.4 14 160 M M 0 19 150
15 73 40 57 0 8 0 0.00 M M 4.0 13 150 M M 3 19 110
16 65 58 62 5 3 0 2.78 M M 6.0 23 300 M M 10 13 33 290
17 71 52 62 5 3 0 0.00 M M 4.4 14 260 M M 6 12 17 260
18 78 48 63 5 2 0 0.12 M M 5.8 29 280 M M 4 12 37 270
19 78 57 68 10 0 3 0.00 M M 11.1 31 240 M M 4 3 39 250
20 69 46 58 0 7 0 0.00 M M 7.7 18 290 M M 0 25 290
21 72 39 56 -2 9 0 0.00 M M 3.5 13 70 M M 0 8 18 40
22 75 47 61 3 4 0 0.00 M M 6.1 17 170 M M 3 22 180
23 76 60 68 9 0 3 T M M 12.8 25 190 M M 4 33 200
24 70 54 62 3 3 0 0.09 M M 8.9 20 230 M M 8 1 26 250
25 72 48 60 1 5 0 0.00 M M 10.6 26 250 M M 1 37 270
26 67 44 56 -4 9 0 0.00 M M 13.8 29 290 M M 0 41 270
27 69 36 53 -7 12 0 0.00 M M 9.2 24 280 M M 0 34 290
28 73 42 58 -2 7 0 0.00 M M 4.8 18 260 M M 1 27 300
29 68 45 57 -3 8 0 0.00 M M 5.5 14 80 M M 1 19 70
30 84 50 67 7 0 2 0.00 M M 10.4 26 170 M M 6 37 170
31 74 63 69 8 0 4 0.10 M M 15.9 28 190 M M 6 1 36 210
================================================================================
SM 2236 1466 186 32 4.00 M 229.0 M 114
================================================================================
AV 72.1 47.3 7.4 FASTST M M 4 MAX(MPH)
MISC ----> 33 280 44 290
================================================================================
NOTES:
# LAST OF SEVERAL OCCURRENCES
COLUMN 17 PEAK WIND IN M.P.H.
PRELIMINARY LOCAL CLIMATOLOGICAL DATA (WS FORM: F-6) , PAGE 2
STATION: ORANGEBURG AIRPORT SC
MONTH: MARCH
YEAR: 2022
LATITUDE: 33 27 N
LONGITUDE: 80 51 W
[TEMPERATURE DATA] [PRECIPITATION DATA] SYMBOLS USED IN COLUMN 16
AVERAGE MONTHLY: 59.7 TOTAL FOR MONTH: 4.00 1 = FOG OR MIST
DPTR FM NORMAL: 2.6 DPTR FM NORMAL: 0.40 2 = FOG REDUCING VISIBILITY
HIGHEST: 84 ON 30, 7 GRTST 24HR 2.78 ON 16-16 TO 1/4 MILE OR LESS
LOWEST: 24 ON 13 3 = THUNDER
SNOW, ICE PELLETS, HAIL 4 = ICE PELLETS
TOTAL MONTH: M 5 = HAIL
GRTST 24HR M ON M 6 = FREEZING RAIN OR DRIZZLE
GRTST DEPTH: M ON M 7 = DUSTSTORM OR SANDSTORM:
VSBY 1/2 MILE OR LESS
8 = SMOKE OR HAZE
[NO. OF DAYS WITH] [WEATHER - DAYS WITH] 9 = BLOWING SNOW
X = TORNADO
MAX 32 OR BELOW: 0 0.01 INCH OR MORE: 9
MAX 90 OR ABOVE: 0 0.10 INCH OR MORE: 7
MIN 32 OR BELOW: 3 0.50 INCH OR MORE: 1
MIN 0 OR BELOW: 0 1.00 INCH OR MORE: 1
[HDD (BASE 65) ]
TOTAL THIS MO. 186 CLEAR (SCALE 0-3) 14
DPTR FM NORMAL -84 PTCLDY (SCALE 4-7) 12
TOTAL FM JUL 1 1814 CLOUDY (SCALE 8-10) 5
DPTR FM NORMAL -274
[CDD (BASE 65) ]
TOTAL THIS MO. 32
DPTR FM NORMAL 9 [PRESSURE DATA]
TOTAL FM JAN 1 70 HIGHEST SLP 30.51 ON 14
DPTR FM NORMAL 37 LOWEST SLP 29.42 ON 12
[REMARKS]
#FINAL-03-22#