000
CXUS52 KCAE 011500
CF6OGB
PRELIMINARY LOCAL CLIMATOLOGICAL DATA (WS FORM: F-6)
STATION: ORANGEBURG AIRPORT SC
MONTH: DECEMBER
YEAR: 2023
LATITUDE: 33 27 N
LONGITUDE: 80 51 W
TEMPERATURE IN F: :PCPN: SNOW: WIND :SUNSHINE: SKY :PK WND
================================================================================
1 2 3 4 5 6A 6B 7 8 9 10 11 12 13 14 15 16 17 18
12Z AVG MX 2MIN
DY MAX MIN AVG DEP HDD CDD WTR SNW DPTH SPD SPD DIR MIN PSBL S-S WX SPD DR
================================================================================
1 77 42 60 8 5 0 0.00 M M 4.3 16 190 M M 6 22 190
2 73 62 68 16 0 3 M M M 3.5 18 320 M M 8 12 27 310
3 74 61 68 16 0 3 M M M 6.9 15 240 M M 4 12 28 250
4 73 48 61 9 4 0 0.00 M M 4.6 21 260 M M 0 1 25 250
5 65 41 53 2 12 0 0.00 M M 4.1 13 260 M M 0 18 18 250
6 61 38 50 -1 15 0 0.00 M M 6.2 21 10 M M 1 29 20
7 59 32 46 -5 19 0 0.00 M M 2.3 14 240 M M 0 1 19 240
8 65 36 51 0 14 0 0.00 M M 1.8 12 230 M M 0 15 200
9 80 50 65 14 0 0 0.00 M M 4.9 16 190 M M 4 21 190
10 74 51 63 13 2 0 0.47 M M 9.8 30 330 M M 9 1 46 330
11 56 38 47 -3 18 0 0.05 M M 5.1 14 310 M M 2 M M
12 57 33 45 -5 20 0 0.00 M M 3.0 10 70 M M 0 18 18 80
13 63 33 48 -2 17 0 0.00 M M 3.3 15 20 M M 0 20 20
14 60 38 49 -1 16 0 0.00 M M 7.7 16 40 M M 0 28 40
15 61 30 46 -4 19 0 0.00 M M 3.5 13 30 M M 0 8 18 80
16 66 46 56 6 9 0 T M M 7.5 13 60 M M 7 23 70
17 59 53 56 7 9 0 3.43 M M 13.8 28 20 M M 10 1 46 10
18 63 47 55 6 10 0 0.00 M M 11.3 18 260 M M 1 25 340
19 50 31 41 -8 24 0 0.00 M M 5.2 16 20 M M 0 29 350
20 53 28 41 -8 24 0 0.00 M M 2.1 10 40 M M 0 15 50
21 63 30 47 -2 18 0 0.00 M M 0.3 7 130 M M 0 8 10 70
22 64 34 49 0 16 0 0.00 M M 1.1 7 80 M M 0 9 80
23 71 41 56 8 9 0 0.00 M M 2.3 8 30 M M 1 11 110
24 73 42 58 10 7 0 0.00 M M 3.6 12 130 M M 2 17 120
25 65 55 60 12 5 0 0.48 M M 5.4 10 130 M M 7 1 17 130
26 68 64 66 18 0 1 0.49 M M 6.0 14 120 M M 10 1 23 130
27 67 55 61 13 4 0 T M M 5.5 14 270 M M 6 12 20 270
28 62 45 54 6 11 0 0.00 M M 4.9 17 230 M M 1 27 230
29 53 41 47 -1 18 0 0.00 M M 10.9 28 260 M M 5 1 39 250
30 53 36 45 -3 20 0 0.00 M M 8.7 17 270 M M 4 26 280
31 60 30 45 -3 20 0 0.00 M M 6.3 16 260 M M 0 1 22 250
================================================================================
SM 1988 1311 365 7 4.92 M 165.9 M 88
================================================================================
AV 64.1 42.3 5.4 FASTST M M 3 MAX(MPH)
MISC ----> 30 330 # 46 330
================================================================================
NOTES:
# LAST OF SEVERAL OCCURRENCES
COLUMN 17 PEAK WIND IN M.P.H.
PRELIMINARY LOCAL CLIMATOLOGICAL DATA (WS FORM: F-6) , PAGE 2
STATION: ORANGEBURG AIRPORT SC
MONTH: DECEMBER
YEAR: 2023
LATITUDE: 33 27 N
LONGITUDE: 80 51 W
[TEMPERATURE DATA] [PRECIPITATION DATA] SYMBOLS USED IN COLUMN 16
AVERAGE MONTHLY: 53.2 TOTAL FOR MONTH: 4.92 1 = FOG OR MIST
DPTR FM NORMAL: 3.6 DPTR FM NORMAL: 1.69 2 = FOG REDUCING VISIBILITY
HIGHEST: 80 ON 9 GRTST 24HR 3.43 ON 17-17 TO 1/4 MILE OR LESS
LOWEST: 28 ON 20 3 = THUNDER
SNOW, ICE PELLETS, HAIL 4 = ICE PELLETS
TOTAL MONTH: M 5 = HAIL
GRTST 24HR M ON M 6 = FREEZING RAIN OR DRIZZLE
GRTST DEPTH: M ON M 7 = DUSTSTORM OR SANDSTORM:
VSBY 1/2 MILE OR LESS
8 = SMOKE OR HAZE
[NO. OF DAYS WITH] [WEATHER - DAYS WITH] 9 = BLOWING SNOW
X = TORNADO
MAX 32 OR BELOW: 0 0.01 INCH OR MORE: 5
MAX 90 OR ABOVE: 0 0.10 INCH OR MORE: 4
MIN 32 OR BELOW: 6 0.50 INCH OR MORE: 1
MIN 0 OR BELOW: 0 1.00 INCH OR MORE: 1
[HDD (BASE 65) ]
TOTAL THIS MO. 365 CLEAR (SCALE 0-3) 19
DPTR FM NORMAL -117 PTCLDY (SCALE 4-7) 9
TOTAL FM JUL 1 644 CLOUDY (SCALE 8-10) 3
DPTR FM NORMAL -211
[CDD (BASE 65) ]
TOTAL THIS MO. 7
DPTR FM NORMAL 1 [PRESSURE DATA]
TOTAL FM JAN 1 2233 HIGHEST SLP 30.69 ON 14
DPTR FM NORMAL -1 LOWEST SLP 29.43 ON 17
[REMARKS]
#FINAL-12-23#