000
CXUS52 KCAE 011400
CF6OGB
PRELIMINARY LOCAL CLIMATOLOGICAL DATA (WS FORM: F-6)
STATION: ORANGEBURG AIRPORT SC
MONTH: SEPTEMBER
YEAR: 2023
LATITUDE: 33 27 N
LONGITUDE: 80 51 W
TEMPERATURE IN F: :PCPN: SNOW: WIND :SUNSHINE: SKY :PK WND
================================================================================
1 2 3 4 5 6A 6B 7 8 9 10 11 12 13 14 15 16 17 18
12Z AVG MX 2MIN
DY MAX MIN AVG DEP HDD CDD WTR SNW DPTH SPD SPD DIR MIN PSBL S-S WX SPD DR
================================================================================
1 84 67 76 -3 0 11 0.00 M M 5.6 15 40 M M 0 20 40
2 84 63 74 -5 0 9 0.00 M M 2.8 12 50 M M 1 1 16 30
3 87 61 74 -5 0 9 0.00 M M 2.0 9 300 M M 0 1 12 310
4 92 63 78 0 0 13 0.00 M M 2.9 10 260 M M 0 1 14 270
5 91 68 80 2 0 15 0.00 M M 3.7 10 240 M M 0 1 16 230
6 93 70 82 4 0 17 0.00 M M 4.7 14 240 M M 0 1 16 240
7 90 71 81 3 0 16 0.00 M M 3.7 15 320 M M 0 1 22 310
8 89 67 78 0 0 13 0.00 M M 2.4 10 180 M M 1 13 190
9 86 69 78 0 0 13 0.14 M M 3.8 15 150 M M 4 13 18 160
10 89 71 80 3 0 15 0.24 M M 2.8 16 350 M M 5 1 25 350
11 89 69 79 2 0 14 0.00 M M 2.5 12 70 M M 1 3 18 70
12 90 68 79 2 0 14 0.13 M M 4.1 20 290 M M 3 123 23 290
13 87 69 78 1 0 13 0.14 M M 2.5 13 250 M M 2 13 16 240
14 87 70 79 3 0 14 0.00 M M 3.6 13 30 M M 2 1 17 30
15 80 65 73 -3 0 8 0.00 M M 5.0 12 40 M M 1 16 60
16 84 61 73 -3 0 8 0.00 M M 2.6 9 150 M M 1 1 13 150
17 78 65 72 -4 0 7 0.28 M M 2.4 13 270 M M 6 12 20 260
18 83 62 73 -2 0 8 0.00 M M 3.4 13 290 M M 2 12 16 290
19 85 59 72 -3 0 7 0.00 M M 1.4 8 160 M M 3 1 10 170
20 84 63 74 -1 0 9 0.00 M M 2.9 10 110 M M 4 15 100
21 82 68 75 0 0 10 T M M 7.9 17 40 M M 8 23 40
22 81 64 73 -1 0 8 0.00 M M 11.6 22 20 M M 2 30 360
23 81 64 73 -1 0 8 0.00 M M 6.5 21 300 M M 8 31 300
24 87 62 75 1 0 10 0.00 M M 3.5 14 260 M M 0 17 230
25 89 60 75 2 0 10 0.00 M M 3.0 15 250 M M 0 18 250
26 89 63 76 3 0 11 0.01 M M 3.4 12 40 M M 2 3 15 50
27 74 65 70 -3 0 5 0.00 M M 9.2 15 30 M M 9 23 40
28 78 62 70 -2 0 5 0.00 M M 7.1 14 20 M M 6 19 20
29 87 65 76 4 0 11 0.00 M M 4.9 15 10 M M 2 19 30
30 86 64 75 3 0 10 0.00 M M 4.8 13 50 M M 0 18 20
================================================================================
SM 2566 1958 0 321 0.94 M 126.7 M 73
================================================================================
AV 85.5 65.3 4.2 FASTST M M 2 MAX(MPH)
MISC ----> 22 20 31 300
================================================================================
NOTES:
# LAST OF SEVERAL OCCURRENCES
COLUMN 17 PEAK WIND IN M.P.H.
PRELIMINARY LOCAL CLIMATOLOGICAL DATA (WS FORM: F-6) , PAGE 2
STATION: ORANGEBURG AIRPORT SC
MONTH: SEPTEMBER
YEAR: 2023
LATITUDE: 33 27 N
LONGITUDE: 80 51 W
[TEMPERATURE DATA] [PRECIPITATION DATA] SYMBOLS USED IN COLUMN 16
AVERAGE MONTHLY: 75.4 TOTAL FOR MONTH: 0.94 1 = FOG OR MIST
DPTR FM NORMAL: -0.4 DPTR FM NORMAL: -3.04 2 = FOG REDUCING VISIBILITY
HIGHEST: 93 ON 6 GRTST 24HR 0.38 ON 9-10 TO 1/4 MILE OR LESS
LOWEST: 59 ON 19 3 = THUNDER
SNOW, ICE PELLETS, HAIL 4 = ICE PELLETS
TOTAL MONTH: M 5 = HAIL
GRTST 24HR M ON M 6 = FREEZING RAIN OR DRIZZLE
GRTST DEPTH: M ON M 7 = DUSTSTORM OR SANDSTORM:
VSBY 1/2 MILE OR LESS
8 = SMOKE OR HAZE
[NO. OF DAYS WITH] [WEATHER - DAYS WITH] 9 = BLOWING SNOW
X = TORNADO
MAX 32 OR BELOW: 0 0.01 INCH OR MORE: 6
MAX 90 OR ABOVE: 5 0.10 INCH OR MORE: 5
MIN 32 OR BELOW: 0 0.50 INCH OR MORE: 0
MIN 0 OR BELOW: 0 1.00 INCH OR MORE: 0
[HDD (BASE 65) ]
TOTAL THIS MO. 0 CLEAR (SCALE 0-3) 22
DPTR FM NORMAL -3 PTCLDY (SCALE 4-7) 7
TOTAL FM JUL 1 0 CLOUDY (SCALE 8-10) 1
DPTR FM NORMAL 0
[CDD (BASE 65) ]
TOTAL THIS MO. 321
DPTR FM NORMAL -6 [PRESSURE DATA]
TOTAL FM JAN 1 2097 HIGHEST SLP 30.24 ON 2
DPTR FM NORMAL -8 LOWEST SLP 29.79 ON 23
[REMARKS]
#FINAL-09-23#