000
CXHW52 PHFO 011250
CF6OGG
PRELIMINARY LOCAL CLIMATOLOGICAL DATA (WS FORM: F-6)
STATION: KAHULUI HI
MONTH: APRIL
YEAR: 2023
LATITUDE: 20 53 N
LONGITUDE: 156 26 W
TEMPERATURE IN F: :PCPN: SNOW: WIND :SUNSHINE: SKY :PK WND
================================================================================
1 2 3 4 5 6A 6B 7 8 9 10 11 12 13 14 15 16 17 18
12Z AVG MX 2MIN
DY MAX MIN AVG DEP HDD CDD WTR SNW DPTH SPD SPD DIR MIN PSBL S-S WX SPD DR
================================================================================
1 87 66 77 2 0 12 0.00 M M 7.7 23 50 M M 3 31 50
2 85 66 76 1 0 11 0.23 M M 8.8 23 50 M M 4 1 31 60
3 85 68 77 2 0 12 0.00 M M 12.3 24 30 M M 5 29 30
4 85 64 75 0 0 10 T M M 13.4 29 40 M M 3 35 40
5 83 65 74 -1 0 9 T M M 17.4 31 40 M M 2 36 40
6 83 70 77 2 0 12 0.00 M M 18.6 30 80 M M 2 41 70
7 83 63 73 -2 0 8 0.00 M M 13.9 30 80 M M 2 38 80
8 83 67 75 0 0 10 T M M 14.6 28 40 M M 2 33 70
9 82 67 75 0 0 10 0.00 M M 16.1 30 40 M M 5 36 40
10 83 70 77 2 0 12 T M M 17.0 31 60 M M 3 39 60
11 83 69 76 1 0 11 T M M 17.3 29 70 M M 4 38 60
12 86 70 78 3 0 13 0.00 M M 16.6 30 70 M M 2 38 60
13 86 66 76 0 0 11 T M M 12.4 26 80 M M 2 34 80
14 82 68 75 -1 0 10 0.00 M M 14.4 22 30 M M 2 27 30
15 82 67 75 -1 0 10 0.09 M M 10.8 25 30 M M 4 1 31 30
16 88 64 76 0 0 11 T M M 8.0 22 30 M M 2 27 30
17 88 64 76 0 0 11 0.00 M M 7.6 22 40 M M 2 27 40
18 85 65 75 -1 0 10 T M M 8.5 23 210 M M 2 31 240
19 80 70 75 -1 0 10 0.66 M M 15.6 35 200 M M 6 1 46 210
20 83 70 77 1 0 12 0.00 M M 6.6 16 20 M M 7 19 20
21 88 67 78 2 0 13 0.00 M M 6.3 16 30 M M 3 20 310
22 87 67 77 1 0 12 0.00 M M 7.2 24 30 M M 3 29 40
23 86 64 75 -1 0 10 0.00 M M 5.4 14 30 M M 2 17 350
24 85 63 74 -2 0 9 0.00 M M 6.2 15 30 M M 2 20 20
25 84 66 75 -1 0 10 0.12 M M 6.8 17 340 M M 6 1 21 350
26 82 71 77 1 0 12 0.00 M M 11.4 22 40 M M 7 25 30
27 83 70 77 1 0 12 0.19 M M 7.3 18 40 M M 7 1 21 40
28 84 69 77 1 0 12 T M M 7.2 18 40 M M 4 23 40
29 85 68 77 1 0 12 0.08 M M 14.0 25 70 M M 4 1 34 70
30 85 71 78 2 0 13 T M M 14.2 28 40 M M 3 33 40
================================================================================
SM 2531 2015 0 330 1.37 M 343.6 M 105
================================================================================
AV 84.4 67.2 11.5 FASTST M M 4 MAX(MPH)
MISC ----> 35 200 46 210
================================================================================
NOTES:
# LAST OF SEVERAL OCCURRENCES
COLUMN 17 PEAK WIND IN M.P.H.
PRELIMINARY LOCAL CLIMATOLOGICAL DATA (WS FORM: F-6) , PAGE 2
STATION: KAHULUI HI
MONTH: APRIL
YEAR: 2023
LATITUDE: 20 53 N
LONGITUDE: 156 26 W
[TEMPERATURE DATA] [PRECIPITATION DATA] SYMBOLS USED IN COLUMN 16
AVERAGE MONTHLY: 75.8 TOTAL FOR MONTH: 1.37 1 = FOG OR MIST
DPTR FM NORMAL: 0.3 DPTR FM NORMAL: 0.05 2 = FOG REDUCING VISIBILITY
HIGHEST: 88 ON 21,17 GRTST 24HR 0.66 ON 19-19 TO 1/4 MILE OR LESS
LOWEST: 63 ON 24, 7 3 = THUNDER
SNOW, ICE PELLETS, HAIL 4 = ICE PELLETS
TOTAL MONTH: M 5 = HAIL
GRTST 24HR M ON M 6 = FREEZING RAIN OR DRIZZLE
GRTST DEPTH: M ON M 7 = DUSTSTORM OR SANDSTORM:
VSBY 1/2 MILE OR LESS
8 = SMOKE OR HAZE
[NO. OF DAYS WITH] [WEATHER - DAYS WITH] 9 = BLOWING SNOW
X = TORNADO
MAX 32 OR BELOW: 0 0.01 INCH OR MORE: 6
MAX 90 OR ABOVE: 0 0.10 INCH OR MORE: 4
MIN 32 OR BELOW: 0 0.50 INCH OR MORE: 1
MIN 0 OR BELOW: 0 1.00 INCH OR MORE: 0
[HDD (BASE 65) ]
TOTAL THIS MO. 0 CLEAR (SCALE 0-3) 18
DPTR FM NORMAL 0 PTCLDY (SCALE 4-7) 12
TOTAL FM JUL 1 0 CLOUDY (SCALE 8-10) 0
DPTR FM NORMAL 0
[CDD (BASE 65) ]
TOTAL THIS MO. 330
DPTR FM NORMAL 14 [PRESSURE DATA]
TOTAL FM JAN 1 1071 HIGHEST SLP 30.16 ON 11
DPTR FM NORMAL 7 LOWEST SLP 29.76 ON 19
[REMARKS]
#FINAL-04-23#