000
CXUS56 KSGX 011045
CF6OKB
PRELIMINARY LOCAL CLIMATOLOGICAL DATA (WS FORM: F-6)
STATION: OCEANSIDE AIRPORT CA
MONTH: APRIL
YEAR: 2021
LATITUDE: 33 13 N
LONGITUDE: 117 21 W
TEMPERATURE IN F: :PCPN: SNOW: WIND :SUNSHINE: SKY :PK WND
================================================================================
1 2 3 4 5 6A 6B 7 8 9 10 11 12 13 14 15 16 17 18
12Z AVG MX 2MIN
DY MAX MIN AVG DEP HDD CDD WTR SNW DPTH SPD SPD DIR MIN PSBL S-S WX SPD DR
================================================================================
1 88 45 67 10 0 2 0.00 M M 4.1 16 260 M M 0 3 20 260
2 69 45 57 0 8 0 0.00 M M 4.4 13 220 M M 4 1 16 220
3 67 47 57 0 8 0 0.00 M M 4.6 15 250 M M 6 18 20 250
4 69 48 59 2 6 0 0.00 M M 3.8 14 230 M M 4 128 17 250
5 67 49 58 1 7 0 0.00 M M 6.5 14 240 M M 7 18 19 250
6 69 50 60 2 5 0 0.00 M M 4.1 12 250 M M 5 15 250
7 72 48 60 2 5 0 0.00 M M 4.4 16 260 M M 2 18 20 250
8 69 47 58 0 7 0 0.00 M M 4.8 14 240 M M 3 18 16 250
9 68 50 59 1 6 0 0.00 M M 5.1 13 250 M M 5 18 16 260
10 69 50 60 2 5 0 0.00 M M 5.4 13 240 M M 8 128 17 250
11 67 57 62 4 3 0 0.00 M M 5.6 13 250 M M 10 8 17 250
12 68 58 63 5 2 0 0.00 M M 5.5 13 260 M M 9 17 270
13 63 56 60 2 5 0 0.01 M M 6.7 15 210 M M 10 18 18 220
14 64 52 58 0 7 0 T M M 6.4 14 230 M M 8 8 20 210
15 66 41 54 -4 11 0 0.00 M M 5.0 17 250 M M 3 1 21 250
16 67 45 56 -3 9 0 0.00 M M 5.0 13 250 M M 5 18 17 240
17 69 49 59 0 6 0 0.00 M M 5.6 14 260 M M 6 1 M M
18 86 48 67 8 0 2 0.00 M M 8.8 25 300 M M 3 12 36 300
19 77 39 58 -1 7 0 0.00 M M 5.6 14 250 M M 2 1 16 240
20 67 57 62 3 3 0 0.00 M M 7.9 14 230 M M 6 21 230
21 67 57 62 3 3 0 T M M 7.9 20 200 M M 9 8 24 170
22 65 55 60 1 5 0 T M M 6.2 14 260 M M 10 1 18 250
23 66 48 57 -2 8 0 0.02 M M 4.4 14 250 M M 9 1 19 290
24 69 56 63 3 2 0 0.00 M M 5.1 16 260 M M 9 21 270
25 67 57 62 2 3 0 0.00 M M 6.4 15 270 M M 7 19 240
26 68 47 58 -2 7 0 0.06 M M 7.3 20 260 M M 6 1 24 240
27 65 40 53 -7 12 0 T M M 4.8 16 250 M M 1 21 250
28 70 40 55 -5 10 0 0.00 M M 5.7 16 270 M M 0 21 250
29 82 43 63 3 2 0 0.00 M M 4.9 16 280 M M 0 21 280
30 82 46 64 4 1 0 0.00 M M 4.5 13 250 M M 1 1 17 250
================================================================================
SM 2102 1470 163 4 0.09 M 166.5 M 158
================================================================================
AV 70.1 49.0 5.5 FASTST M M 5 MAX(MPH)
MISC ----> 25 300 36 300
================================================================================
NOTES:
# LAST OF SEVERAL OCCURRENCES
COLUMN 17 PEAK WIND IN M.P.H.
PRELIMINARY LOCAL CLIMATOLOGICAL DATA (WS FORM: F-6) , PAGE 2
STATION: OCEANSIDE AIRPORT CA
MONTH: APRIL
YEAR: 2021
LATITUDE: 33 13 N
LONGITUDE: 117 21 W
[TEMPERATURE DATA] [PRECIPITATION DATA] SYMBOLS USED IN COLUMN 16
AVERAGE MONTHLY: 59.5 TOTAL FOR MONTH: 0.09 1 = FOG OR MIST
DPTR FM NORMAL: 0.9 DPTR FM NORMAL: -0.88 2 = FOG REDUCING VISIBILITY
HIGHEST: 88 ON 1 GRTST 24HR 0.06 ON 26-26 TO 1/4 MILE OR LESS
LOWEST: 39 ON 19 3 = THUNDER
SNOW, ICE PELLETS, HAIL 4 = ICE PELLETS
TOTAL MONTH: M 5 = HAIL
GRTST 24HR M ON M 6 = FREEZING RAIN OR DRIZZLE
GRTST DEPTH: M ON M 7 = DUSTSTORM OR SANDSTORM:
VSBY 1/2 MILE OR LESS
8 = SMOKE OR HAZE
[NO. OF DAYS WITH] [WEATHER - DAYS WITH] 9 = BLOWING SNOW
X = TORNADO
MAX 32 OR BELOW: 0 0.01 INCH OR MORE: 3
MAX 90 OR ABOVE: 0 0.10 INCH OR MORE: 0
MIN 32 OR BELOW: 0 0.50 INCH OR MORE: 0
MIN 0 OR BELOW: 0 1.00 INCH OR MORE: 0
[HDD (BASE 65) ]
TOTAL THIS MO. 163 CLEAR (SCALE 0-3) 10
DPTR FM NORMAL -33 PTCLDY (SCALE 4-7) 12
TOTAL FM JUL 1 1887 CLOUDY (SCALE 8-10) 8
DPTR FM NORMAL -7
[CDD (BASE 65) ]
TOTAL THIS MO. 4
DPTR FM NORMAL 2 [PRESSURE DATA]
TOTAL FM JAN 1 4 HIGHEST SLP 30.13 ON 3
DPTR FM NORMAL 1 LOWEST SLP 29.73 ON 11
[REMARKS]
#FINAL-04-21#