811
CXUS54 KOUN 010700
CF6OKC
PRELIMINARY LOCAL CLIMATOLOGICAL DATA (WS FORM: F-6)
STATION: OKLAHOMA CITY
MONTH: AUGUST
YEAR: 2020
LATITUDE: 35 24 N
LONGITUDE: 97 36 W
TEMPERATURE IN F: :PCPN: SNOW: WIND :SUNSHINE: SKY :PK WND
================================================================================
1 2 3 4 5 6A 6B 7 8 9 10 11 12 13 14 15 16 17 18
12Z AVG MX 2MIN
DY MAX MIN AVG DEP HDD CDD WTR SNW DPTH SPD SPD DIR MIN PSBL S-S WX SPD DR
================================================================================
1 86 66 76 -8 0 11 0.00 0.0 0 6.5 16 310 M M 3 21 350
2 89 66 78 -6 0 13 0.00 0.0 0 8.4 15 20 M M 2 20 10
3 83 63 73 -11 0 8 0.00 0.0 0 6.9 14 40 M M 4 18 40
4 81 64 73 -11 0 8 0.01 0.0 0 10.0 16 90 M M 5 21 80
5 86 61 74 -10 0 9 0.41 0.0 0 9.9 25 330 M M 6 13 34 320
6 88 68 78 -6 0 13 0.04 0.0 0 12.4 18 160 M M 7 1 23 150
7 91 76 84 0 0 19 T 0.0 0 16.7 24 160 M M 5 3 32 160
8 95 74 85 2 0 20 0.00 0.0 0 14.6 25 210 M M 4 30 190
9 96 72 84 1 0 19 0.00 0.0 0 12.9 22 190 M M 2 29 200
10 95 68 82 -1 0 17 0.50 0.0 0 14.0 44 330 M M 4 13 53 330
11 92 67 80 -3 0 15 0.04 0.0 0 7.2 24 70 M M 4 13 29 60
12 92 70 81 -2 0 16 0.00 0.0 0 10.0 18 140 M M 5 24 140
13 95 74 85 2 0 20 T 0.0 0 14.4 23 140 M M 3 3 29 130
14 93 72 83 0 0 18 0.00 0.0 0 8.9 15 100 M M 5 20 130
15 93 71 82 -1 0 17 0.00 0.0 0 7.8 16 90 M M 6 22 80
16 89 74 82 -1 0 17 T 0.0 0 7.6 28 350 M M 8 3 33 350
17 90 69 80 -3 0 15 0.00 0.0 0 6.0 15 70 M M 5 1 20 70
18 89 68 79 -3 0 14 0.00 0.0 0 7.6 14 50 M M 3 25 10
19 87 63 75 -7 0 10 0.00 0.0 0 5.2 13 70 M M 3 16 80
20 89 62 76 -6 0 11 0.00 0.0 0 5.3 13 190 M M 2 17 200
21 91 63 77 -5 0 12 T 0.0 0 6.9 14 170 M M 6 18 180
22 91 63 77 -5 0 12 0.00 0.0 0 6.4 14 190 M M 2 19 190
23 92 63 78 -4 0 13 0.00 0.0 0 7.5 13 170 M M 1 18 200
24 93 66 80 -1 0 15 0.00 0.0 0 7.1 15 200 M M 1 20 200
25 93 64 79 -2 0 14 0.00 0.0 0 7.6 15 160 M M 1 21 140
26 94 67 81 0 0 16 T 0.0 0 8.5 31 110 M M 2 3 40 120
27 92 64 78 -3 0 13 T 0.0 0 6.6 20 90 M M 3 3 25 120
28 102 66 84 4 0 19 0.00 0.0 M 8.0 17 210 M M 1 24 210
29 90 73 82 2 0 17 0.00 0.0 0 11.5 21 350 M M 6 25 350
30 93 69 81 1 0 16 0.07 0.0 0 7.8 17 320 M M 6 3 20 200
31 93 67 80 0 0 15 2.35 0.0 0 11.0 28 30 M M 7 138 36 20
================================================================================
SM 2823 2093 0 452 3.42 0.0 281.2 M 122
================================================================================
AV 91.1 67.5 9.1 FASTST M M 4 MAX(MPH)
MISC ----> # 44 330 # 53 330
================================================================================
NOTES:
# LAST OF SEVERAL OCCURRENCES
COLUMN 17 PEAK WIND IN M.P.H.
PRELIMINARY LOCAL CLIMATOLOGICAL DATA (WS FORM: F-6) , PAGE 2
STATION: OKLAHOMA CITY
MONTH: AUGUST
YEAR: 2020
LATITUDE: 35 24 N
LONGITUDE: 97 36 W
[TEMPERATURE DATA] [PRECIPITATION DATA] SYMBOLS USED IN COLUMN 16
AVERAGE MONTHLY: 79.3 TOTAL FOR MONTH: 3.42 1 = FOG OR MIST
DPTR FM NORMAL: -3.1 DPTR FM NORMAL: 0.14 2 = FOG REDUCING VISIBILITY
HIGHEST: 102 ON 28 GRTST 24HR 2.35 ON 31-31 TO 1/4 MILE OR LESS
LOWEST: 61 ON 5 3 = THUNDER
SNOW, ICE PELLETS, HAIL 4 = ICE PELLETS
TOTAL MONTH: 0.0 INCH 5 = HAIL
GRTST 24HR 0.0 6 = FREEZING RAIN OR DRIZZLE
GRTST DEPTH: 0 7 = DUSTSTORM OR SANDSTORM:
VSBY 1/2 MILE OR LESS
8 = SMOKE OR HAZE
[NO. OF DAYS WITH] [WEATHER - DAYS WITH] 9 = BLOWING SNOW
X = TORNADO
MAX 32 OR BELOW: 0 0.01 INCH OR MORE: 7
MAX 90 OR ABOVE: 21 0.10 INCH OR MORE: 3
MIN 32 OR BELOW: 0 0.50 INCH OR MORE: 2
MIN 0 OR BELOW: 0 1.00 INCH OR MORE: 1
[HDD (BASE 65) ]
TOTAL THIS MO. 0 CLEAR (SCALE 0-3) 13
DPTR FM NORMAL 0 PTCLDY (SCALE 4-7) 17
TOTAL FM JUL 1 0 CLOUDY (SCALE 8-10) 1
DPTR FM NORMAL 0
[CDD (BASE 65) ]
TOTAL THIS MO. 452
DPTR FM NORMAL -86 [PRESSURE DATA]
TOTAL FM JAN 1 1539 HIGHEST SLP M ON M
DPTR FM NORMAL -198 LOWEST SLP 28.40 ON 31
[REMARKS]
#FINAL-08-20#