000
CXUS54 KOUN 011401
CLMOKC
CLIMATE REPORT
NATIONAL WEATHER SERVICE NORMAN OK
901 AM CDT THU JUN 01 2023
...................................
...THE OKLAHOMA CITY CLIMATE SUMMARY FOR THE MONTH OF MAY 2023...
CLIMATE NORMAL PERIOD 1991 TO 2020
CLIMATE RECORD PERIOD 1890 TO 2023
WEATHER OBSERVED NORMAL DEPART LAST YEAR`S
VALUE DATE(S) VALUE FROM VALUE
NORMAL
..............................................................
TEMPERATURE (F)
RECORD
HIGH 104 05/30/1985
LOW 32 05/03/1954
HIGHEST 89 92 -3 93
LOWEST 43 44 -1 45
AVG. MAXIMUM 78.3 78.9 -0.6 80.3
AVG. MINIMUM 59.5 57.6 1.9 60.7
MEAN 68.9 68.2 0.7 70.5
DAYS MAX >= 90 0 3.0 -3.0 5
DAYS MAX <= 32 0 0.0 0.0 0
DAYS MIN <= 32 0 0.0 0.0 0
DAYS MIN <= 0 0 0.0 0.0 0
PRECIPITATION (INCHES)
RECORD
MAXIMUM 19.48 2015
MINIMUM 0.43 1942
TOTALS 6.37 5.31 1.06 7.35
DAILY AVG. 0.21 0.17 0.04 0.24
DAYS >= .01 11 10.0 1.0 7
DAYS >= .10 8 6.7 1.3 6
DAYS >= .50 6 3.2 2.8 6
DAYS >= 1.00 4 1.4 2.6 4
GREATEST
24 HR. TOTAL 1.76 05/13 TO 05/14
SNOWFALL (INCHES)
TOTALS 0.0 0.0 0.0
SINCE 7/1 3.4 6.7 -3.3
DEGREE DAYS
HEATING TOTAL 26 50 -24 62
SINCE 7/1 3421 3614 -193
COOLING TOTAL 155 151 4 238
SINCE 1/1 193 196 -3
..............................................................
WIND (MPH)
AVERAGE WIND SPEED 8.5
HIGHEST WIND SPEED/DIRECTION 33/310 DATE 05/19
HIGHEST GUST SPEED/DIRECTION 42/310 DATE 05/19
WEATHER CONDITIONS. NUMBER OF DAYS WITH
THUNDERSTORM 9 MIXED PRECIP 0
HEAVY RAIN 6 RAIN 5
LIGHT RAIN 14 FREEZING RAIN 0
LT FREEZING RAIN 0 HAIL 0
HEAVY SNOW 0 SNOW 0
LIGHT SNOW 0 SLEET 0
FOG 16 FOG W/VIS <= 1/4 MILE 2
HAZE 1
- INDICATES NEGATIVE NUMBERS.
R INDICATES RECORD WAS SET OR TIED.
MM INDICATES DATA IS MISSING.
T INDICATES TRACE AMOUNT.
..............................................................
RECORDS/REMARKS
JANUARY - MAY 2023 PRECIPITATION TOTAL IS 15.20 INCHES
$$