000
CXUS55 KGGW 010810
CF6OLF
PRELIMINARY LOCAL CLIMATOLOGICAL DATA (WS FORM: F-6)
STATION: WOLF POINT MT
MONTH: OCTOBER
YEAR: 2022
LATITUDE: 48 5 N
LONGITUDE: 105 35 W
TEMPERATURE IN F: :PCPN: SNOW: WIND :SUNSHINE: SKY :PK WND
================================================================================
1 2 3 4 5 6A 6B 7 8 9 10 11 12 13 14 15 16 17 18
12Z AVG MX 2MIN
DY MAX MIN AVG DEP HDD CDD WTR SNW DPTH SPD SPD DIR MIN PSBL S-S WX SPD DR
================================================================================
1 57 51 54 2 11 0 0.71 M M 14.2 23 60 M M 8 1 30 80
2 56 53 55 3 10 0 0.02 M M 6.4 12 70 M M 10 1 15 70
3 62 53 58 7 7 0 0.25 M M 5.4 10 260 M M 10 1 14 230
4 74 47 61 11 4 0 0.00 M M 6.5 16 270 M M 0 1 21 290
5 71 43 57 7 8 0 0.00 M M 10.1 21 60 M M 0 1 28 60
6 49 30 40 -10 25 0 T M M 9.2 21 70 M M 5 27 60
7 61 25 43 -6 22 0 0.00 M M 3.7 10 260 M M 0 16 250
8 71 36 54 6 11 0 0.00 M M 7.3 16 260 M M 0 22 250
9 70 38 54 6 11 0 0.00 M M 4.0 10 220 M M 0 13 240
10 74 33 54 6 11 0 0.00 M M 2.8 12 230 M M 0 1 M M
11 62 41 52 5 13 0 0.01 M M 18.0 32 300 M M 4 50 300
12 58 42 50 4 15 0 0.00 M M 23.2 45 300 M M 0 8 67 310
13 60 36 48 2 17 0 0.00 M M 16.7 36 310 M M 1 46 320
14 61 44 53 7 12 0 T M M 6.7 14 300 M M 5 20 310
15 57 28 43 -2 22 0 0.01 M M 8.7 20 320 M M 7 18 26 340
16 46 23 35 -9 30 0 0.00 M M 2.7 9 60 M M 7 11 60
17 65 28 47 3 18 0 0.00 M M 7.9 14 70 M M 0 8 19 60
18 74 28 51 8 14 0 0.00 M M 5.2 12 70 M M 0 15 80
19 71 35 53 10 12 0 0.00 M M 6.9 14 240 M M 0 20 230
20 76 27 52 10 13 0 0.00 M M 9.4 30 300 M M 1 8 40 280
21 49 41 45 3 20 0 0.03 M M 5.6 15 30 M M 9 1 21 20
22 48 41 45 4 20 0 0.03 M M 11.3 18 60 M M 9 25 70
23 45 33 39 -2 26 0 0.19 M M 17.8 29 350 M M 10 47 350
24 39 28 34 -6 31 0 0.03 M M 12.4 29 310 M M 6 37 310
25 48 27 38 -2 27 0 0.00 M M 5.6 15 280 M M 3 21 260
26 53 21 37 -2 28 0 0.00 M M 2.2 8 240 M M 0 11 210
27 53 23 38 -1 27 0 0.00 M M 7.4 21 240 M M 0 28 230
28 59 26 43 5 22 0 0.00 M M 4.6 17 230 M M 0 23 230
29 62 26 44 6 21 0 0.00 M M 5.6 17 260 M M 0 25 300
30 57 23 40 3 25 0 0.00 M M 4.6 16 230 M M 0 23 230
31 65 30 48 12 17 0 0.00 M M 2.1 9 220 M M 0 11 230
================================================================================
SM 1853 1060 550 0 1.28 M 254.2 M 95
================================================================================
AV 59.8 34.2 8.2 FASTST M M 3 MAX(MPH)
MISC ----> 45 300 67 310
================================================================================
NOTES:
# LAST OF SEVERAL OCCURRENCES
COLUMN 17 PEAK WIND IN M.P.H.
PRELIMINARY LOCAL CLIMATOLOGICAL DATA (WS FORM: F-6) , PAGE 2
STATION: WOLF POINT MT
MONTH: OCTOBER
YEAR: 2022
LATITUDE: 48 5 N
LONGITUDE: 105 35 W
[TEMPERATURE DATA] [PRECIPITATION DATA] SYMBOLS USED IN COLUMN 16
AVERAGE MONTHLY: 47.0 TOTAL FOR MONTH: 1.28 1 = FOG OR MIST
DPTR FM NORMAL: 2.6 DPTR FM NORMAL: 0.49 2 = FOG REDUCING VISIBILITY
HIGHEST: 76 ON 20 GRTST 24HR 0.73 ON 1- 2 TO 1/4 MILE OR LESS
LOWEST: 21 ON 26 3 = THUNDER
SNOW, ICE PELLETS, HAIL 4 = ICE PELLETS
TOTAL MONTH: M 5 = HAIL
GRTST 24HR M ON M 6 = FREEZING RAIN OR DRIZZLE
GRTST DEPTH: M ON M 7 = DUSTSTORM OR SANDSTORM:
VSBY 1/2 MILE OR LESS
8 = SMOKE OR HAZE
[NO. OF DAYS WITH] [WEATHER - DAYS WITH] 9 = BLOWING SNOW
X = TORNADO
MAX 32 OR BELOW: 0 0.01 INCH OR MORE: 9
MAX 90 OR ABOVE: 0 0.10 INCH OR MORE: 3
MIN 32 OR BELOW: 15 0.50 INCH OR MORE: 1
MIN 0 OR BELOW: 0 1.00 INCH OR MORE: 0
[HDD (BASE 65) ]
TOTAL THIS MO. 550 CLEAR (SCALE 0-3) 18
DPTR FM NORMAL -92 PTCLDY (SCALE 4-7) 8
TOTAL FM JUL 1 688 CLOUDY (SCALE 8-10) 5
DPTR FM NORMAL -226
[CDD (BASE 65) ]
TOTAL THIS MO. 0
DPTR FM NORMAL -2 [PRESSURE DATA]
TOTAL FM JAN 1 681 HIGHEST SLP M ON M
DPTR FM NORMAL 173 LOWEST SLP 29.45 ON 11
[REMARKS]
#FINAL-10-22#