000
CXUS55 KTWC 010855
CF6OLS
PRELIMINARY LOCAL CLIMATOLOGICAL DATA (WS FORM: F-6)
STATION: NOGALES AZ AIRPORT
MONTH: APRIL
YEAR: 2021
LATITUDE: 31 25 N
LONGITUDE: 110 51 W
TEMPERATURE IN F: :PCPN: SNOW: WIND :SUNSHINE: SKY :PK WND
================================================================================
1 2 3 4 5 6A 6B 7 8 9 10 11 12 13 14 15 16 17 18
12Z AVG MX 2MIN
DY MAX MIN AVG DEP HDD CDD WTR SNW DPTH SPD SPD DIR MIN PSBL S-S WX SPD DR
================================================================================
1 89 55 72 14 0 7 0.00 M M 7.1 18 210 M M 0 23 200
2 86 52 69 11 0 4 0.00 M M 5.0 18 220 M M 1 26 220
3 87 46 67 8 0 2 0.00 M M 5.1 15 290 M M 0 22 300
4 91 50 71 12 0 6 0.00 M M 4.7 18 320 M M 0 26 340
5 88 48 68 9 0 3 0.00 M M 5.0 18 300 M M 0 29 280
6 84 56 70 11 0 5 0.00 M M 8.4 23 230 M M 0 31 220
7 85 45 65 5 0 0 0.00 M M 5.4 16 280 M M 0 22 280
8 87 48 68 8 0 3 0.00 M M 8.0 23 250 M M M 30 250
9 86 49 68 8 0 3 0.00 M M 5.3 16 320 M M 0 24 10
10 88 46 67 7 0 2 0.00 M M 5.5 22 250 M M 0 31 250
11 86 50 68 8 0 3 0.00 M M 7.5 21 220 M M 0 26 160
12 85 55 70 9 0 5 0.00 M M 10.7 24 210 M M M 31 210
13 83 50 67 6 0 2 0.00 M M 11.4 25 200 M M M 39 240
14 83 54 69 8 0 4 0.00 M M 10.3 25 210 M M M 34 200
15 79 52 66 4 0 1 0.00 M M 7.3 20 210 M M 0 31 250
16 77 50 64 2 1 0 0.00 M M 4.5 17 260 M M 2 22 260
17 80 42 61 -1 4 0 0.00 M M 4.8 20 270 M M 0 27 230
18 78 42 60 -2 5 0 0.00 M M 6.7 20 30 M M 0 26 30
19 79 51 65 3 0 0 T M M 6.2 20 20 M M 1 34 80
20 84 44 64 1 1 0 0.00 M M 6.1 17 240 M M 0 26 210
21 81 51 66 3 0 1 0.00 M M 13.6 31 200 M M 0 42 180
22 78 51 65 2 0 0 0.00 M M 14.9 30 200 M M 0 38 210
23 76 41 59 -5 6 0 0.00 M M 3.7 15 340 M M 0 22 320
24 85 44 65 1 0 0 0.00 M M 5.1 16 260 M M 0 22 190
25 89 48 69 5 0 4 0.00 M M 10.8 24 210 M M 0 31 220
26 80 56 68 4 0 3 0.00 M M 13.9 28 200 M M 0 38 190
27 69 48 59 -6 6 0 0.02 M M 10.2 26 200 M M 7 8 32 200
28 66 40 53 -12 12 0 T M M 6.8 24 310 M M 6 36 320
29 77 41 59 -6 6 0 0.00 M M 9.7 30 30 M M 0 40 40
30 84 55 70 4 0 5 0.00 M M 10.7 28 60 M M 0 35 50
================================================================================
SM 2470 1460 41 63 0.02 M 234.4 M 17
================================================================================
AV 82.3 48.7 7.8 FASTST M M 1 MAX(MPH)
MISC ----> 31 200 42 180
================================================================================
NOTES:
# LAST OF SEVERAL OCCURRENCES
COLUMN 17 PEAK WIND IN M.P.H.
PRELIMINARY LOCAL CLIMATOLOGICAL DATA (WS FORM: F-6) , PAGE 2
STATION: NOGALES AZ AIRPORT
MONTH: APRIL
YEAR: 2021
LATITUDE: 31 25 N
LONGITUDE: 110 51 W
[TEMPERATURE DATA] [PRECIPITATION DATA] SYMBOLS USED IN COLUMN 16
AVERAGE MONTHLY: 65.5 TOTAL FOR MONTH: 0.02 1 = FOG OR MIST
DPTR FM NORMAL: 3.8 DPTR FM NORMAL: -0.46 2 = FOG REDUCING VISIBILITY
HIGHEST: 91 ON 4 GRTST 24HR 0.02 ON 27-27 TO 1/4 MILE OR LESS
LOWEST: 40 ON 28 3 = THUNDER
SNOW, ICE PELLETS, HAIL 4 = ICE PELLETS
TOTAL MONTH: M 5 = HAIL
GRTST 24HR M ON M 6 = FREEZING RAIN OR DRIZZLE
GRTST DEPTH: M ON M 7 = DUSTSTORM OR SANDSTORM:
VSBY 1/2 MILE OR LESS
8 = SMOKE OR HAZE
[NO. OF DAYS WITH] [WEATHER - DAYS WITH] 9 = BLOWING SNOW
X = TORNADO
MAX 32 OR BELOW: 0 0.01 INCH OR MORE: 1
MAX 90 OR ABOVE: 1 0.10 INCH OR MORE: 0
MIN 32 OR BELOW: 0 0.50 INCH OR MORE: 0
MIN 0 OR BELOW: 0 1.00 INCH OR MORE: 0
[HDD (BASE 65) ]
TOTAL THIS MO. 41 CLEAR (SCALE 0-3) 24
DPTR FM NORMAL -87 PTCLDY (SCALE 4-7) 2
TOTAL FM JUL 1 1910 CLOUDY (SCALE 8-10) 4
DPTR FM NORMAL -218
[CDD (BASE 65) ]
TOTAL THIS MO. 63
DPTR FM NORMAL 34 [PRESSURE DATA]
TOTAL FM JAN 1 65 HIGHEST SLP M ON M
DPTR FM NORMAL 31 LOWEST SLP 29.61 ON 11
[REMARKS]
#FINAL-04-21#