000
CXAK56 PAFG 181200
CF6OME
PRELIMINARY LOCAL CLIMATOLOGICAL DATA (WS FORM: F-6)
STATION: NOME AK
MONTH: APRIL
YEAR: 2024
LATITUDE: 64 30 N
LONGITUDE: 165 26 W
TEMPERATURE IN F: :PCPN: SNOW: WIND :SUNSHINE: SKY :PK WND
================================================================================
1 2 3 4 5 6A 6B 7 8 9 10 11 12 13 14 15 16 17 18
12Z AVG MX 2MIN
DY MAX MIN AVG DEP HDD CDD WTR SNW DPTH SPD SPD DIR MIN PSBL S-S WX SPD DR
================================================================================
1 2 -11 -4 -18 69 0 0.00 M M 15.6 25 290 M M 3 32 320
2 15 -12 2 -12 63 0 0.19 M M 16.3 37 90 M M 8 128 48 90
3 33 15 24 9 41 0 0.36 M M 16.7 35 110 M M 10 12 44 120
4 32 27 30 15 35 0 0.11 M M 11.2 18 70 M M 10 1 29 60
5 33 18 26 10 39 0 0.01 M M 3.1 10 40 M M 10 1 13 40
6 33 20 27 11 38 0 0.00 M M 11.1 23 20 M M 9 29 10
7 23 4 14 -3 51 0 T M M 11.8 28 360 M M 1 34 360
8 8 -5 2 -16 63 0 0.00 M M 16.7 30 360 M M 2 8 37 360
9 9 -16 -3 -21 68 0 0.00 M M 5.7 16 80 M M 0 8 22 70
10 27 5 16 -3 49 0 0.45 M M 20.6 33 110 M M 9 129 44 100
11 33 17 25 5 40 0 0.16 M M 17.3 28 210 M M 9 1 35 210
12 21 8 15 -5 50 0 0.00 M M 20.5 36 300 M M 1 89 45 290
13 28 7 18 -3 47 0 0.00 M M 4.6 13 280 M M 4 15 280
14 30 10 20 -2 45 0 0.02 M M 9.2 21 180 M M 9 1 27 180
15 32 28 30 8 35 0 0.05 M M 21.4 32 130 M M 10 128 47 140
16 33 23 28 5 37 0 0.08 M M 10.0 29 160 M M 10 16 38 160
17 35 23 29 5 36 0 0.27 M M 8.2 15 80 M M 10 1 21 70
================================================================================
SM 427 161 806 0 1.70 M 220.0 M 115
================================================================================
AV 25.1 9.5 12.9 FASTST M M 7 MAX(MPH)
MISC ----> 37 90 48 90
================================================================================
NOTES:
# LAST OF SEVERAL OCCURRENCES
COLUMN 17 PEAK WIND IN M.P.H.
PRELIMINARY LOCAL CLIMATOLOGICAL DATA (WS FORM: F-6) , PAGE 2
STATION: NOME AK
MONTH: APRIL
YEAR: 2024
LATITUDE: 64 30 N
LONGITUDE: 165 26 W
[TEMPERATURE DATA] [PRECIPITATION DATA] SYMBOLS USED IN COLUMN 16
AVERAGE MONTHLY: 17.3 TOTAL FOR MONTH: 1.70 1 = FOG OR MIST
DPTR FM NORMAL: -1.2 DPTR FM NORMAL: 1.28 2 = FOG REDUCING VISIBILITY
HIGHEST: 35 ON 17 GRTST 24HR 0.55 ON 10-11 TO 1/4 MILE OR LESS
LOWEST: -16 ON 9 3 = THUNDER
SNOW, ICE PELLETS, HAIL 4 = ICE PELLETS
TOTAL MONTH: M 5 = HAIL
GRTST 24HR M ON M 6 = FREEZING RAIN OR DRIZZLE
GRTST DEPTH: M ON M 7 = DUSTSTORM OR SANDSTORM:
VSBY 1/2 MILE OR LESS
8 = SMOKE OR HAZE
[NO. OF DAYS WITH] [WEATHER - DAYS WITH] 9 = BLOWING SNOW
X = TORNADO
MAX 32 OR BELOW: 11 0.01 INCH OR MORE: 10
MAX 90 OR ABOVE: 0 0.10 INCH OR MORE: 6
MIN 32 OR BELOW: 17 0.50 INCH OR MORE: 0
MIN 0 OR BELOW: 4 1.00 INCH OR MORE: 0
[HDD (BASE 65) ]
TOTAL THIS MO. 806 CLEAR (SCALE 0-3) 5
DPTR FM NORMAL 16 PTCLDY (SCALE 4-7) 2
TOTAL FM JUL 1 11343 CLOUDY (SCALE 8-10) 10
DPTR FM NORMAL -299
[CDD (BASE 65) ]
TOTAL THIS MO. 0
DPTR FM NORMAL 0 [PRESSURE DATA]
TOTAL FM JAN 1 0 HIGHEST SLP M ON M
DPTR FM NORMAL 0 LOWEST SLP 28.80 ON 11
[REMARKS]