000
CXAK56 PAFG 010959
CF6OME
PRELIMINARY LOCAL CLIMATOLOGICAL DATA (WS FORM: F-6)
STATION: NOME AK
MONTH: JULY
YEAR: 2021
LATITUDE: 64 30 N
LONGITUDE: 165 26 W
TEMPERATURE IN F: :PCPN: SNOW: WIND :SUNSHINE: SKY :PK WND
================================================================================
1 2 3 4 5 6A 6B 7 8 9 10 11 12 13 14 15 16 17 18
12Z AVG MX 2MIN
DY MAX MIN AVG DEP HDD CDD WTR SNW DPTH SPD SPD DIR MIN PSBL S-S WX SPD DR
================================================================================
1 64 52 58 6 7 0 0.04 M M 12.9 21 110 M M 10 31 100
2 62 54 58 6 7 0 T M M 11.3 20 130 M M 8 M M
3 55 50 53 0 12 0 0.38 M M 12.1 22 150 M M 9 1 25 150
4 52 50 51 -2 14 0 0.32 M M 10.8 21 150 M M 10 18 25 130
5 53 49 51 -2 14 0 0.07 M M 7.6 14 120 M M 10 1 M M
6 51 48 50 -3 15 0 0.10 M M 10.9 18 240 M M 10 1 22 220
7 49 44 47 -6 18 0 0.06 M M 11.5 17 230 M M 10 1 M M
8 53 45 49 -4 16 0 0.31 M M 6.6 15 240 M M 10 1 18 250
9 60 44 52 -1 13 0 T M M 10.1 14 40 M M 9 21 50
10 56 44 50 -3 15 0 0.01 M M 8.5 13 270 M M 2 M M
11 55 49 52 -1 13 0 0.09 M M 7.3 12 140 M M 6 M M
12 59 44 52 0 13 0 0.00 M M 6.1 14 150 M M 0 19 170
13 56 47 52 0 13 0 0.00 M M 5.2 8 200 M M 9 1 M M
14 53 48 51 -1 14 0 0.00 M M 9.7 18 270 M M 10 1 23 270
15 52 47 50 -2 15 0 0.00 M M 12.5 20 260 M M 10 23 260
16 51 47 49 -3 16 0 0.03 M M 10.7 16 210 M M 10 1 19 180
17 51 49 50 -2 15 0 0.05 M M 12.7 20 230 M M 10 18 23 230
18 59 49 54 2 11 0 T M M 8.2 13 160 M M 7 1 17 170
19 61 54 58 6 7 0 0.07 M M 6.5 16 90 M M 7 18 20 100
20 58 45 52 0 13 0 0.55 M M 13.9 21 130 M M 10 1 27 130
21 50 42 46 -6 19 0 0.07 M M 12.7 20 230 M M 9 18 23 230
22 49 37 43 -9 22 0 0.00 M M 12.6 21 260 M M 4 25 260
23 52 42 47 -5 18 0 0.00 M M 13.0 23 260 M M 9 27 260
24 51 44 48 -3 17 0 0.08 M M 9.2 15 210 M M 10 17 210
25 51 48 50 -1 15 0 0.17 M M 9.9 14 180 M M 10 1 17 190
26 50 49 50 -1 15 0 0.67 M M 10.0 15 180 M M 10 1 19 190
27 52 50 51 0 14 0 1.15 M M 15.1 26 170 M M 10 1 35 180
28 52 50 51 0 14 0 1.47 M M 20.7 28 180 M M 10 1 36 190
29 50 47 49 -2 16 0 0.10 M M 10.6 22 200 M M 10 1 29 200
30 53 47 50 -1 15 0 0.32 M M 8.3 14 110 M M 10 1 18 120
31 53 47 50 -1 15 0 0.30 M M 15.9 28 180 M M 10 1 34 180
================================================================================
SM 1673 1462 441 0 6.41 M 333.1 M 269
================================================================================
AV 54.0 47.2 10.7 FASTST M M 9 MAX(MPH)
MISC ----> # 28 180 36 190
================================================================================
NOTES:
# LAST OF SEVERAL OCCURRENCES
COLUMN 17 PEAK WIND IN M.P.H.
PRELIMINARY LOCAL CLIMATOLOGICAL DATA (WS FORM: F-6) , PAGE 2
STATION: NOME AK
MONTH: JULY
YEAR: 2021
LATITUDE: 64 30 N
LONGITUDE: 165 26 W
[TEMPERATURE DATA] [PRECIPITATION DATA] SYMBOLS USED IN COLUMN 16
AVERAGE MONTHLY: 50.6 TOTAL FOR MONTH: 6.41 1 = FOG OR MIST
DPTR FM NORMAL: -1.4 DPTR FM NORMAL: 4.06 2 = FOG REDUCING VISIBILITY
HIGHEST: 64 ON 1 GRTST 24HR 1.69 ON 27-28 TO 1/4 MILE OR LESS
LOWEST: 37 ON 22 3 = THUNDER
SNOW, ICE PELLETS, HAIL 4 = ICE PELLETS
TOTAL MONTH: M 5 = HAIL
GRTST 24HR M ON M 6 = FREEZING RAIN OR DRIZZLE
GRTST DEPTH: M ON M 7 = DUSTSTORM OR SANDSTORM:
VSBY 1/2 MILE OR LESS
8 = SMOKE OR HAZE
[NO. OF DAYS WITH] [WEATHER - DAYS WITH] 9 = BLOWING SNOW
X = TORNADO
MAX 32 OR BELOW: 0 0.01 INCH OR MORE: 22
MAX 90 OR ABOVE: 0 0.10 INCH OR MORE: 12
MIN 32 OR BELOW: 0 0.50 INCH OR MORE: 4
MIN 0 OR BELOW: 0 1.00 INCH OR MORE: 2
[HDD (BASE 65) ]
TOTAL THIS MO. 441 CLEAR (SCALE 0-3) 2
DPTR FM NORMAL 36 PTCLDY (SCALE 4-7) 4
TOTAL FM JUL 1 441 CLOUDY (SCALE 8-10) 25
DPTR FM NORMAL 37
[CDD (BASE 65) ]
TOTAL THIS MO. 0
DPTR FM NORMAL -2 [PRESSURE DATA]
TOTAL FM JAN 1 0 HIGHEST SLP M ON M
DPTR FM NORMAL -3 LOWEST SLP 29.36 ON 31
[REMARKS]
#FINAL-07-21#