000
CXAK56 PAFG 011630
CF6OME
PRELIMINARY LOCAL CLIMATOLOGICAL DATA (WS FORM: F-6)
STATION: NOME AK
MONTH: OCTOBER
YEAR: 2023
LATITUDE: 64 30 N
LONGITUDE: 165 26 W
TEMPERATURE IN F: :PCPN: SNOW: WIND :SUNSHINE: SKY :PK WND
================================================================================
1 2 3 4 5 6A 6B 7 8 9 10 11 12 13 14 15 16 17 18
12Z AVG MX 2MIN
DY MAX MIN AVG DEP HDD CDD WTR SNW DPTH SPD SPD DIR MIN PSBL S-S WX SPD DR
================================================================================
1 36 25 31 -6 34 0 0.00 M M 12.0 25 350 M M 3 36 350
2 37 24 31 -5 34 0 0.00 M M 4.8 14 300 M M 8 23 280
3 35 20 28 -8 37 0 0.02 M M 5.7 14 70 M M 2 18 19 70
4 38 29 34 -1 31 0 0.02 M M 13.3 21 70 M M 7 1 28 40
5 35 26 31 -4 34 0 0.00 M M 23.3 36 20 M M 0 8 47 20
6 39 29 34 0 31 0 0.00 M M 13.1 24 10 M M 0 34 10
7 38 24 31 -3 34 0 0.00 M M 9.9 16 40 M M 0 M M
8 34 19 27 -7 38 0 0.00 M M 8.6 21 50 M M 0 28 40
9 31 17 24 -9 41 0 0.00 M M 4.0 10 360 M M 1 13 220
10 32 20 26 -7 39 0 0.00 M M 3.5 18 310 M M 9 26 300
11 35 17 26 -6 39 0 0.02 M M 9.0 22 280 M M 5 1 30 310
12 33 17 25 -7 40 0 0.00 M M 4.2 14 40 M M 1 16 40
13 34 15 25 -7 40 0 0.00 M M 6.7 14 350 M M 4 18 360
14 31 18 25 -6 40 0 0.00 M M 5.8 12 50 M M 7 16 40
15 31 24 28 -3 37 0 0.07 M M 5.3 13 350 M M 10 1 17 350
16 34 14 24 -6 41 0 T M M 3.4 17 360 M M 3 1 21 350
17 31 12 22 -8 43 0 0.10 M M 3.5 12 80 M M 5 18 15 70
18 35 19 27 -3 38 0 0.27 M M 11.1 21 330 M M 6 1 30 310
19 27 10 19 -10 46 0 T M M 5.8 18 310 M M 3 1 26 320
20 29 2 16 -13 49 0 0.00 M M 1.2 8 280 M M 3 10 270
21 34 12 23 -5 42 0 0.11 M M 15.3 24 260 M M 9 1 32 250
22 33 30 32 4 33 0 0.03 M M 16.4 24 200 M M 10 1 31 210
23 37 30 34 6 31 0 0.29 M M 17.2 23 170 M M 10 12 34 170
24 36 31 34 7 31 0 0.02 M M 5.3 13 70 M M 10 18 17 60
25 35 31 33 6 32 0 0.00 M M 9.9 15 90 M M 9 1 21 110
26 39 33 36 10 29 0 0.82 M M 10.9 16 160 M M 10 1 21 160
27 40 35 38 12 27 0 0.12 M M 12.0 17 110 M M 10 1 24 70
28 41 36 39 13 26 0 0.28 M M 16.0 22 90 M M 10 1 31 100
29 41 38 40 15 25 0 0.33 M M 14.3 20 100 M M 10 1 27 70
30 39 34 37 12 28 0 0.21 M M 9.7 15 150 M M 10 1 20 70
31 40 32 36 12 29 0 0.04 M M 7.4 17 200 M M 10 1 27 180
================================================================================
SM 1090 723 1099 0 2.75 M 288.6 M 185
================================================================================
AV 35.2 23.3 9.3 FASTST M M 6 MAX(MPH)
MISC ----> 36 20 47 20
================================================================================
NOTES:
# LAST OF SEVERAL OCCURRENCES
COLUMN 17 PEAK WIND IN M.P.H.
PRELIMINARY LOCAL CLIMATOLOGICAL DATA (WS FORM: F-6) , PAGE 2
STATION: NOME AK
MONTH: OCTOBER
YEAR: 2023
LATITUDE: 64 30 N
LONGITUDE: 165 26 W
[TEMPERATURE DATA] [PRECIPITATION DATA] SYMBOLS USED IN COLUMN 16
AVERAGE MONTHLY: 29.2 TOTAL FOR MONTH: 2.75 1 = FOG OR MIST
DPTR FM NORMAL: -1.2 DPTR FM NORMAL: 0.91 2 = FOG REDUCING VISIBILITY
HIGHEST: 41 ON 29,28 GRTST 24HR 0.85 ON 26-27 TO 1/4 MILE OR LESS
LOWEST: 2 ON 20 3 = THUNDER
SNOW, ICE PELLETS, HAIL 4 = ICE PELLETS
TOTAL MONTH: M 5 = HAIL
GRTST 24HR M ON M 6 = FREEZING RAIN OR DRIZZLE
GRTST DEPTH: M ON M 7 = DUSTSTORM OR SANDSTORM:
VSBY 1/2 MILE OR LESS
8 = SMOKE OR HAZE
[NO. OF DAYS WITH] [WEATHER - DAYS WITH] 9 = BLOWING SNOW
X = TORNADO
MAX 32 OR BELOW: 7 0.01 INCH OR MORE: 16
MAX 90 OR ABOVE: 0 0.10 INCH OR MORE: 9
MIN 32 OR BELOW: 26 0.50 INCH OR MORE: 1
MIN 0 OR BELOW: 0 1.00 INCH OR MORE: 0
[HDD (BASE 65) ]
TOTAL THIS MO. 1099 CLEAR (SCALE 0-3) 9
DPTR FM NORMAL 28 PTCLDY (SCALE 4-7) 9
TOTAL FM JUL 1 2637 CLOUDY (SCALE 8-10) 13
DPTR FM NORMAL 46
[CDD (BASE 65) ]
TOTAL THIS MO. 0
DPTR FM NORMAL 0 [PRESSURE DATA]
TOTAL FM JAN 1 0 HIGHEST SLP 30.56 ON 21
DPTR FM NORMAL -3 LOWEST SLP 29.39 ON 18
[REMARKS]
#FINAL-10-23#