000
CXUS56 KOTX 010910
CF6OMK
PRELIMINARY LOCAL CLIMATOLOGICAL DATA (WS FORM: F-6)
STATION: OMAK WA AIRPORT
MONTH: JULY
YEAR: 2023
LATITUDE: 48 27 N
LONGITUDE: 119 31 W
TEMPERATURE IN F: :PCPN: SNOW: WIND :SUNSHINE: SKY :PK WND
================================================================================
1 2 3 4 5 6A 6B 7 8 9 10 11 12 13 14 15 16 17 18
12Z AVG MX 2MIN
DY MAX MIN AVG DEP HDD CDD WTR SNW DPTH SPD SPD DIR MIN PSBL S-S WX SPD DR
================================================================================
1 94 60 77 7 0 12 0.00 M M 9.0 22 10 M M 0 31 230
2 86 59 73 3 0 8 0.00 M M 13.9 28 20 M M 0 34 30
3 88 57 73 3 0 8 0.00 M M 13.8 26 20 M M 1 34 20
4 92 53 73 3 0 8 0.00 M M 7.0 17 360 M M 0 21 360
5 93 63 78 7 0 13 0.00 M M 7.4 17 10 M M 1 20 10
6 95 61 78 7 0 13 0.00 M M 7.6 30 300 M M 1 36 290
7 98 71 85 13 0 20 T M M 10.2 22 300 M M 2 3 31 310
8 100 67 84 12 0 19 0.00 M M 9.3 17 10 M M 0 22 10
9 99 67 83 11 0 18 0.00 M M 11.5 26 200 M M 0 33 190
10 75 59 67 -6 0 2 T M M 6.9 23 190 M M 4 29 180
11 90 58 74 1 0 9 T M M 4.5 13 360 M M 1 16 10
12 93 57 75 2 0 10 0.00 M M 9.6 33 20 M M 1 42 10
13 93 60 77 3 0 12 0.00 M M 9.0 20 10 M M 2 26 20
14 97 62 80 6 0 15 0.00 M M 8.1 15 220 M M 0 20 210
15 100 62 81 7 0 16 0.00 M M 6.4 13 300 M M 0 18 360
16 100 64 82 8 0 17 0.00 M M 7.5 16 200 M M 0 21 200
17 89 59 74 -1 0 9 0.00 M M 10.5 28 300 M M 0 36 290
18 89 55 72 -3 0 7 0.00 M M 9.2 15 310 M M 0 23 350
19 96 64 80 5 0 15 0.00 M M 8.6 18 10 M M 0 23 10
20 101 64 83 8 0 18 0.00 M M 7.4 16 360 M M 0 21 360
21 102 61 82 7 0 17 0.00 M M 6.0 15 160 M M 0 22 220
22 98 64 81 5 0 16 0.00 M M 8.4 17 190 M M 0 23 200
23 98 63 81 5 0 16 0.00 M M 8.1 20 210 M M 0 25 210
24 92 58 75 -1 0 10 0.00 M M 9.5 21 200 M M 1 26 200
25 79 57 68 -8 0 3 0.00 M M 7.6 22 290 M M 0 30 280
26 86 53 70 -6 0 5 0.00 M M 7.7 16 10 M M 0 21 360
27 90 62 76 0 0 11 0.00 M M 11.3 30 300 M M 0 37 290
28 92 60 76 0 0 11 0.00 M M 7.4 18 360 M M 0 23 360
29 96 54 75 -1 0 10 0.00 M M 7.6 22 210 M M 0 28 230
30 90 61 76 0 0 11 0.00 M M 7.5 14 210 M M 2 8 19 210
31 91 55 73 -3 0 8 0.00 M M 7.2 14 220 M M 0 20 360
================================================================================
SM 2882 1870 0 367 T M 265.7 M 16
================================================================================
AV 93.0 60.3 8.6 FASTST M M 1 MAX(MPH)
MISC ----> 33 20 42 10
================================================================================
NOTES:
# LAST OF SEVERAL OCCURRENCES
COLUMN 17 PEAK WIND IN M.P.H.
PRELIMINARY LOCAL CLIMATOLOGICAL DATA (WS FORM: F-6) , PAGE 2
STATION: OMAK WA AIRPORT
MONTH: JULY
YEAR: 2023
LATITUDE: 48 27 N
LONGITUDE: 119 31 W
[TEMPERATURE DATA] [PRECIPITATION DATA] SYMBOLS USED IN COLUMN 16
AVERAGE MONTHLY: 76.6 TOTAL FOR MONTH: T 1 = FOG OR MIST
DPTR FM NORMAL: 2.9 DPTR FM NORMAL: -0.52 2 = FOG REDUCING VISIBILITY
HIGHEST: 102 ON 21 GRTST 24HR T ON 7- 7 TO 1/4 MILE OR LESS
LOWEST: 53 ON 26, 4 3 = THUNDER
SNOW, ICE PELLETS, HAIL 4 = ICE PELLETS
TOTAL MONTH: M 5 = HAIL
GRTST 24HR M ON M 6 = FREEZING RAIN OR DRIZZLE
GRTST DEPTH: M ON M 7 = DUSTSTORM OR SANDSTORM:
VSBY 1/2 MILE OR LESS
8 = SMOKE OR HAZE
[NO. OF DAYS WITH] [WEATHER - DAYS WITH] 9 = BLOWING SNOW
X = TORNADO
MAX 32 OR BELOW: 0 0.01 INCH OR MORE: 0
MAX 90 OR ABOVE: 24 0.10 INCH OR MORE: 0
MIN 32 OR BELOW: 0 0.50 INCH OR MORE: 0
MIN 0 OR BELOW: 0 1.00 INCH OR MORE: 0
[HDD (BASE 65) ]
TOTAL THIS MO. 0 CLEAR (SCALE 0-3) 30
DPTR FM NORMAL -10 PTCLDY (SCALE 4-7) 1
TOTAL FM JUL 1 0 CLOUDY (SCALE 8-10) 0
DPTR FM NORMAL -8
[CDD (BASE 65) ]
TOTAL THIS MO. 367
DPTR FM NORMAL 86 [PRESSURE DATA]
TOTAL FM JAN 1 642 HIGHEST SLP M ON M
DPTR FM NORMAL 259 LOWEST SLP 29.69 ON 8
[REMARKS]
#FINAL-07-23#