000
CXUS54 KMRX 011030
CF6OQT
PRELIMINARY LOCAL CLIMATOLOGICAL DATA (WS FORM: F-6)
STATION: OAK RIDGE
MONTH: APRIL
YEAR: 2021
LATITUDE: 36 1 N
LONGITUDE: 84 14 W
TEMPERATURE IN F: :PCPN: SNOW: WIND :SUNSHINE: SKY :PK WND
================================================================================
1 2 3 4 5 6A 6B 7 8 9 10 11 12 13 14 15 16 17 18
12Z AVG MX 2MIN
DY MAX MIN AVG DEP HDD CDD WTR SNW DPTH SPD SPD DIR MIN PSBL S-S WX SPD DR
================================================================================
1 48 33 41 -14 24 0 0.00 M M 5.6 15 330 M M 3 12 28 340
2 51 30 41 -14 24 0 0.00 M M 4.1 13 80 M M 0 20 60
3 64 28 46 -10 19 0 0.00 M M 1.1 9 160 M M 0 13 150
4 74 34 54 -2 11 0 0.00 M M 0.8 9 170 M M 0 13 100
5 78 39 59 3 6 0 0.00 M M 1.8 9 200 M M 0 15 190
6 80 44 62 6 3 0 0.00 M M 1.4 12 200 M M 1 20 200
7 81 49 65 8 0 0 0.00 M M 2.0 10 160 M M 1 17 190
8 77 58 68 11 0 3 0.27 M M 3.5 16 160 M M 6 1 29 160
9 83 51 67 10 0 2 0.00 M M 2.0 10 160 M M 1 22 230
10 69 60 65 8 0 0 0.40 M M 2.5 8 180 M M 6 1 16 190
11 75 54 65 7 0 0 0.00 M M 5.6 16 200 M M 0 29 190
12 80 47 64 6 1 0 0.00 M M 3.6 17 300 M M 0 27 300
13 73 48 61 3 4 0 T 0.0 0 1.3 9 80 M M 2 13 50
14 76 49 63 5 2 0 0.05 0.0 0 1.7 14 280 M M 6 18 24 290
15 66 45 56 -3 9 0 0.00 M M 3.9 14 280 M M 4 22 270
16 65 38 52 -7 13 0 0.00 M M 1.3 9 150 M M 0 12 160
17 65 48 57 -2 8 0 0.01 M M 1.9 8 280 M M 8 15 280
18 68 40 54 -5 11 0 T M M 0.7 8 120 M M 4 13 120
19 69 47 58 -2 7 0 0.12 M M 1.3 8 150 M M 7 1 13 220
20 74 43 59 -1 6 0 0.00 M M 2.1 12 260 M M 1 24 180
21 58 34 46 -14 19 0 T M M 3.9 14 310 M M 7 23 300
22 61 31 46 -14 19 0 0.00 M M 2.5 15 270 M M 1 26 260
23 56 36 46 -15 19 0 T M M 0.7 7 260 M M 6 11 250
24 56 46 51 -10 14 0 0.68 M M 1.6 7 70 M M 9 1 17 50
25 68 47 58 -3 7 0 T M M 2.0 10 340 M M 5 1 19 350
26 79 43 61 0 4 0 0.00 M M 1.4 10 290 M M 0 1 16 270
27 83 57 70 8 0 5 0.00 M M 3.3 12 240 M M 1 23 260
28 82 63 73 11 0 8 T M M 1.4 9 230 M M 4 24 190
29 75 60 68 6 0 3 0.12 M M 3.0 12 260 M M 6 1 26 230
30 79 53 66 4 0 1 0.00 M M 2.9 8 340 M M 1 M M
================================================================================
SM 2113 1355 230 22 1.65 0.0 70.9 M 90
================================================================================
AV 70.4 45.2 2.4 FASTST M M 3 MAX(MPH)
MISC ----> 17 300 # 29 160
================================================================================
NOTES:
# LAST OF SEVERAL OCCURRENCES
COLUMN 17 PEAK WIND IN M.P.H.
PRELIMINARY LOCAL CLIMATOLOGICAL DATA (WS FORM: F-6) , PAGE 2
STATION: OAK RIDGE
MONTH: APRIL
YEAR: 2021
LATITUDE: 36 1 N
LONGITUDE: 84 14 W
[TEMPERATURE DATA] [PRECIPITATION DATA] SYMBOLS USED IN COLUMN 16
AVERAGE MONTHLY: 57.8 TOTAL FOR MONTH: 1.65 1 = FOG OR MIST
DPTR FM NORMAL: -1.0 DPTR FM NORMAL: -2.53 2 = FOG REDUCING VISIBILITY
HIGHEST: 83 ON 27, 9 GRTST 24HR 0.68 ON 24-24 TO 1/4 MILE OR LESS
LOWEST: 28 ON 3 3 = THUNDER
SNOW, ICE PELLETS, HAIL 4 = ICE PELLETS
TOTAL MONTH: 0.0 INCH 5 = HAIL
GRTST 24HR 0.0 6 = FREEZING RAIN OR DRIZZLE
GRTST DEPTH: 0 7 = DUSTSTORM OR SANDSTORM:
VSBY 1/2 MILE OR LESS
8 = SMOKE OR HAZE
[NO. OF DAYS WITH] [WEATHER - DAYS WITH] 9 = BLOWING SNOW
X = TORNADO
MAX 32 OR BELOW: 0 0.01 INCH OR MORE: 7
MAX 90 OR ABOVE: 0 0.10 INCH OR MORE: 5
MIN 32 OR BELOW: 3 0.50 INCH OR MORE: 1
MIN 0 OR BELOW: 0 1.00 INCH OR MORE: 0
[HDD (BASE 65) ]
TOTAL THIS MO. 230 CLEAR (SCALE 0-3) 17
DPTR FM NORMAL 15 PTCLDY (SCALE 4-7) 12
TOTAL FM JUL 1 3230 CLOUDY (SCALE 8-10) 1
DPTR FM NORMAL -403
[CDD (BASE 65) ]
TOTAL THIS MO. 22
DPTR FM NORMAL -5 [PRESSURE DATA]
TOTAL FM JAN 1 23 HIGHEST SLP 30.57 ON 2
DPTR FM NORMAL -8 LOWEST SLP 29.53 ON 11
[REMARKS]
#FINAL-04-21#