000
CXUS51 KAKQ 010833
CF6ORF
PRELIMINARY LOCAL CLIMATOLOGICAL DATA (WS FORM: F-6)
STATION: NORFOLK VA
MONTH: APRIL
YEAR: 2020
LATITUDE: 36 54 N
LONGITUDE: 76 12 W
TEMPERATURE IN F: :PCPN: SNOW: WIND :SUNSHINE: SKY :PK WND
================================================================================
1 2 3 4 5 6A 6B 7 8 9 10 11 12 13 14 15 16 17 18
12Z AVG MX 2MIN
DY MAX MIN AVG DEP HDD CDD WTR SNW DPTH SPD SPD DIR MIN PSBL S-S WX SPD DR
================================================================================
1 53 44 49 -5 16 0 0.38 0.0 0 16.4 33 30 M M 7 1 42 30
2 64 49 57 3 8 0 0.00 0.0 0 9.0 20 350 M M 2 29 350
3 69 52 61 6 4 0 0.00 0.0 0 11.2 21 330 M M 2 31 330
4 57 47 52 -3 13 0 0.00 0.0 0 10.0 18 360 M M 7 26 10
5 68 41 55 0 10 0 0.00 0.0 0 5.6 14 110 M M 0 18 160
6 69 52 61 5 4 0 0.10 0.0 0 7.6 15 210 M M 4 1 25 340
7 81 50 66 10 0 1 0.17 0.0 0 7.2 18 10 M M 2 25 20
8 82 61 72 16 0 7 T 0.0 0 7.9 22 240 M M 1 26 230
9 81 56 69 13 0 4 T 0.0 0 12.4 25 40 M M 0 36 260
10 58 50 54 -3 11 0 0.00 0.0 0 10.9 21 320 M M 2 35 300
11 64 43 54 -3 11 0 0.00 0.0 0 5.5 16 240 M M 0 22 220
12 78 51 65 8 0 0 T 0.0 0 14.2 28 190 M M 5 36 200
13 82 64 73 15 0 8 0.19 0.0 0 18.8 46 180 M M 4 1 68 200
14 68 52 60 2 5 0 T 0.0 0 13.0 23 20 M M 4 29 20
15 54 40 47 -11 18 0 0.23 0.0 0 11.3 26 350 M M 6 1 37 360
16 58 36 47 -11 18 0 0.00 0.0 0 7.1 17 360 M M 0 21 360
17 72 42 57 -2 8 0 0.00 0.0 0 12.6 29 210 M M 0 40 210
18 65 47 56 -3 9 0 0.60 0.0 0 14.3 31 210 M M 4 1 37 200
19 70 40 55 -4 10 0 0.02 0.0 0 6.8 17 190 M M 2 1 25 210
20 64 47 56 -4 9 0 0.60 0.0 0 8.1 25 30 M M 7 1 31 30
21 75 46 61 1 4 0 T 0.0 0 11.8 29 230 M M 3 37 240
22 68 49 59 -1 6 0 0.00 0.0 0 8.6 25 30 M M 0 31 30
23 68 51 60 0 5 0 0.01 0.0 0 10.6 18 220 M M 5 24 220
24 80 54 67 6 0 2 0.26 0.0 0 14.2 23 10 M M 8 1 31 10
25 60 52 56 -5 9 0 0.00 0.0 0 10.2 17 60 M M 10 18 22 60
26 76 54 65 4 0 0 0.34 0.0 0 6.0 21 230 M M 7 1 25 230
27 61 46 54 -8 11 0 0.06 0.0 0 8.7 23 350 M M 7 1 32 10
28 67 42 55 -7 10 0 0.00 0.0 0 6.1 16 160 M M 3 21 160
29 82 54 68 6 0 3 0.00 0.0 0 13.0 22 170 M M 1 32 170
30 75 59 67 5 0 2 1.63 0.0 0 14.5 37 160 M M 6 1 50 150
================================================================================
SM 2069 1471 199 27 4.59 0.0 313.6 M 109
================================================================================
AV 69.0 49.0 10.5 FASTST M M 4 MAX(MPH)
MISC ----> # 46 180 # 68 200
================================================================================
NOTES:
# LAST OF SEVERAL OCCURRENCES
COLUMN 17 PEAK WIND IN M.P.H.
PRELIMINARY LOCAL CLIMATOLOGICAL DATA (WS FORM: F-6) , PAGE 2
STATION: NORFOLK VA
MONTH: APRIL
YEAR: 2020
LATITUDE: 36 54 N
LONGITUDE: 76 12 W
[TEMPERATURE DATA] [PRECIPITATION DATA] SYMBOLS USED IN COLUMN 16
AVERAGE MONTHLY: 59.0 TOTAL FOR MONTH: 4.59 1 = FOG OR MIST
DPTR FM NORMAL: 0.8 DPTR FM NORMAL: 1.18 2 = FOG REDUCING VISIBILITY
HIGHEST: 82 ON 29,13 GRTST 24HR 1.63 ON 30-30 TO 1/4 MILE OR LESS
LOWEST: 36 ON 16 3 = THUNDER
SNOW, ICE PELLETS, HAIL 4 = ICE PELLETS
TOTAL MONTH: 0.0 INCH 5 = HAIL
GRTST 24HR 0.0 6 = FREEZING RAIN OR DRIZZLE
GRTST DEPTH: 0 7 = DUSTSTORM OR SANDSTORM:
VSBY 1/2 MILE OR LESS
8 = SMOKE OR HAZE
[NO. OF DAYS WITH] [WEATHER - DAYS WITH] 9 = BLOWING SNOW
X = TORNADO
MAX 32 OR BELOW: 0 0.01 INCH OR MORE: 13
MAX 90 OR ABOVE: 0 0.10 INCH OR MORE: 10
MIN 32 OR BELOW: 0 0.50 INCH OR MORE: 3
MIN 0 OR BELOW: 0 1.00 INCH OR MORE: 1
[HDD (BASE 65) ]
TOTAL THIS MO. 199 CLEAR (SCALE 0-3) 15
DPTR FM NORMAL -40 PTCLDY (SCALE 4-7) 13
TOTAL FM JUL 1 2423 CLOUDY (SCALE 8-10) 2
DPTR FM NORMAL -877
[CDD (BASE 65) ]
TOTAL THIS MO. 27
DPTR FM NORMAL -10 [PRESSURE DATA]
TOTAL FM JAN 1 66 HIGHEST SLP 30.35 ON 17
DPTR FM NORMAL 22 LOWEST SLP 29.31 ON 9
[REMARKS]
#FINAL-04-20#