000
CXUS52 KMLB 010732
CF6ORL
PRELIMINARY LOCAL CLIMATOLOGICAL DATA (WS FORM: F-6)
STATION: ORLANDO EXEC
MONTH: FEBRUARY
YEAR: 2023
LATITUDE: 28 32 N
LONGITUDE: 81 20 W
TEMPERATURE IN F: :PCPN: SNOW: WIND :SUNSHINE: SKY :PK WND
================================================================================
1 2 3 4 5 6A 6B 7 8 9 10 11 12 13 14 15 16 17 18
12Z AVG MX 2MIN
DY MAX MIN AVG DEP HDD CDD WTR SNW DPTH SPD SPD DIR MIN PSBL S-S WX SPD DR
================================================================================
1 84 65 75 13 0 10 0.00 0.0 0 3.4 13 250 M M 5 15 260
2 85 63 74 11 0 9 0.00 0.0 0 4.8 16 260 M M 2 20 250
3 79 54 67 4 0 2 0.42 0.0 0 11.2 24 360 M M 7 13 29 350
4 74 51 63 0 2 0 0.00 0.0 0 10.5 24 70 M M 1 29 60
5 76 56 66 3 0 1 0.00 0.0 0 5.5 13 10 M M 3 16 50
6 76 53 65 2 0 0 0.00 0.0 0 5.6 16 80 M M 0 19 70
7 78 52 65 2 0 0 0.00 0.0 0 8.1 16 110 M M 0 21 80
8 81 56 69 6 0 4 0.00 0.0 0 6.0 18 120 M M 1 23 90
9 84 57 71 7 0 6 0.16 0.0 0 7.3 17 130 M M 5 13 23 150
10 84 66 75 11 0 10 0.21 0.0 0 6.9 29 210 M M 4 38 35 200
11 84 67 76 12 0 11 0.01 0.0 0 9.5 23 210 M M 4 30 210
12 72 54 63 -1 2 0 0.02 0.0 0 17.4 31 260 M M 9 1 43 250
13 71 49 60 -4 5 0 0.00 0.0 0 9.1 23 300 M M 0 28 290
14 77 48 63 -1 2 0 0.00 0.0 0 5.8 14 160 M M 0 8 18 150
15 82 56 69 5 0 4 0.00 0.0 0 7.1 16 160 M M 3 20 180
16 85 61 73 9 0 8 0.00 0.0 0 7.7 18 160 M M 3 24 160
17 87 67 77 12 0 12 0.00 0.0 0 12.0 23 250 M M 4 30 250
18 71 53 62 -3 3 0 0.00 0.0 0 11.1 21 70 M M 3 25 50
19 84 57 71 6 0 6 0.00 0.0 0 4.7 14 300 M M 4 16 290
20 84 61 73 8 0 8 0.00 0.0 0 7.8 21 250 M M 0 27 240
21 85 65 75 10 0 10 0.00 0.0 0 9.6 21 250 M M 1 24 250
22 87 60 74 9 0 9 0.00 0.0 0 5.4 18 210 M M 1 18 26 190
23 88 66 77 11 0 12 0.00 0.0 0 5.5 14 180 M M 2 1 18 200
24 88 64 76 10 0 11 0.00 0.0 0 3.3 14 90 M M 1 128 16 80
25 87 68 78 12 0 13 0.00 0.0 0 6.0 14 300 M M 3 19 290
26 87 64 76 10 0 11 0.00 0.0 0 5.0 13 280 M M 0 17 270
27 84 63 74 8 0 9 0.00 0.0 0 9.3 21 250 M M 2 1 26 250
28 87 69 78 12 0 13 0.00 0.0 0 11.6 22 250 M M 4 29 250
================================================================================
SM 2291 1665 14 179 0.82 0.0 217.2 M 72
================================================================================
AV 81.8 59.5 7.8 FASTST M M 3 MAX(MPH)
MISC ----> 31 260 43 250
================================================================================
NOTES:
# LAST OF SEVERAL OCCURRENCES
COLUMN 17 PEAK WIND IN M.P.H.
PRELIMINARY LOCAL CLIMATOLOGICAL DATA (WS FORM: F-6) , PAGE 2
STATION: ORLANDO EXEC
MONTH: FEBRUARY
YEAR: 2023
LATITUDE: 28 32 N
LONGITUDE: 81 20 W
[TEMPERATURE DATA] [PRECIPITATION DATA] SYMBOLS USED IN COLUMN 16
AVERAGE MONTHLY: 70.6 TOTAL FOR MONTH: 0.82 1 = FOG OR MIST
DPTR FM NORMAL: 6.3 DPTR FM NORMAL: -1.24 2 = FOG REDUCING VISIBILITY
HIGHEST: 88 ON 24,23 GRTST 24HR 0.42 ON 3- 3 TO 1/4 MILE OR LESS
LOWEST: 48 ON 14 3 = THUNDER
SNOW, ICE PELLETS, HAIL 4 = ICE PELLETS
TOTAL MONTH: 0.0 INCH 5 = HAIL
GRTST 24HR 0.0 6 = FREEZING RAIN OR DRIZZLE
GRTST DEPTH: 0 7 = DUSTSTORM OR SANDSTORM:
VSBY 1/2 MILE OR LESS
8 = SMOKE OR HAZE
[NO. OF DAYS WITH] [WEATHER - DAYS WITH] 9 = BLOWING SNOW
X = TORNADO
MAX 32 OR BELOW: 0 0.01 INCH OR MORE: 5
MAX 90 OR ABOVE: 0 0.10 INCH OR MORE: 3
MIN 32 OR BELOW: 0 0.50 INCH OR MORE: 0
MIN 0 OR BELOW: 0 1.00 INCH OR MORE: 0
[HDD (BASE 65) ]
TOTAL THIS MO. 14 CLEAR (SCALE 0-3) 17
DPTR FM NORMAL -81 PTCLDY (SCALE 4-7) 10
TOTAL FM JUL 1 257 CLOUDY (SCALE 8-10) 1
DPTR FM NORMAL -163
[CDD (BASE 65) ]
TOTAL THIS MO. 179
DPTR FM NORMAL 104 [PRESSURE DATA]
TOTAL FM JAN 1 270 HIGHEST SLP 30.40 ON 4
DPTR FM NORMAL 138 LOWEST SLP 29.85 ON 12
[REMARKS]
#FINAL-02-23#