771
CXUS52 KMLB 011250
CF6ORL
PRELIMINARY LOCAL CLIMATOLOGICAL DATA (WS FORM: F-6)
STATION: ORLANDO EXEC
MONTH: APRIL
YEAR: 2020
LATITUDE: 28 32 N
LONGITUDE: 81 20 W
TEMPERATURE IN F: :PCPN: SNOW: WIND :SUNSHINE: SKY :PK WND
================================================================================
1 2 3 4 5 6A 6B 7 8 9 10 11 12 13 14 15 16 17 18
12Z AVG MX 2MIN
DY MAX MIN AVG DEP HDD CDD WTR SNW DPTH SPD SPD DIR MIN PSBL S-S WX SPD DR
================================================================================
1 78 60 69 -1 0 4 0.00 0.0 0 8.7 18 320 M M 2 26 330
2 80 57 69 -1 0 4 0.00 0.0 0 4.5 14 70 M M 0 16 80
3 85 58 72 2 0 7 0.00 0.0 0 4.4 14 90 M M 0 15 80
4 88 62 75 5 0 10 0.00 0.0 0 4.2 17 70 M M 1 18 22 60
5 73 64 69 -1 0 4 0.56 0.0 0 7.1 16 80 M M 7 1 20 70
6 83 65 74 4 0 9 0.00 0.0 0 9.0 20 110 M M 8 26 70
7 87 63 75 5 0 10 0.00 0.0 0 4.1 16 100 M M 2 19 100
8 91 70 81 10 0 16 0.00 0.0 0 9.8 17 260 M M 1 22 300
9 91 74 83 12 0 18 0.00 0.0 0 14.3 23 280 M M 4 31 270
10 85 65 75 4 0 10 T 0.0 0 10.3 21 300 M M 5 27 280
11 84 63 74 3 0 9 0.00 0.0 0 8.1 17 110 M M 3 20 120
12 93 71 82 11 0 17 0.00 0.0 0 12.9 22 130 M M 4 27 160
13 97 78 88 17 0 23 0.00 0.0 0 15.0 25 260 M M 5 33 220
14 94 75 85 13 0 20 0.00 0.0 0 7.9 15 210 M M 2 1 19 200
15 92 67 80 8 0 15 0.24 0.0 0 11.0 28 280 M M 6 18 37 270
16 70 62 66 -6 0 1 0.23 0.0 0 10.3 20 30 M M 10 1 26 20
17 84 65 75 3 0 10 T 0.0 0 9.3 18 110 M M 8 23 100
18 82 72 77 5 0 12 0.72 0.0 0 7.5 23 260 M M 5 13 30 250
19 94 73 84 12 0 19 0.00 0.0 0 7.4 20 250 M M 1 29 190
20 88 71 80 7 0 15 0.02 0.0 0 15.0 28 230 M M 2 38 35 240
21 87 68 78 5 0 13 0.00 0.0 0 8.6 17 280 M M 0 22 290
22 85 67 76 3 0 11 0.00 0.0 0 8.1 18 60 M M 0 21 60
23 92 68 80 7 0 15 0.00 0.0 0 12.8 25 170 M M 3 31 170
24 81 70 76 3 0 11 0.66 0.0 0 12.7 30 290 M M 6 13 37 200
25 88 69 79 5 0 14 0.00 0.0 0 6.0 15 170 M M 3 1 25 160
26 88 71 80 6 0 15 0.00 0.0 0 11.2 22 280 M M 2 1 27 280
27 81 63 72 -2 0 7 0.00 0.0 0 8.6 17 80 M M 0 20 80
28 84 60 72 -2 0 7 0.00 0.0 0 7.9 17 120 M M 0 22 110
29 88 63 76 2 0 11 0.00 0.0 0 11.2 20 150 M M 2 26 190
30 83 65 74 0 0 9 0.35 0.0 0 12.3 31 270 M M 5 13 41 280
================================================================================
SM 2576 1999 0 346 2.78 0.0 280.2 M 97
================================================================================
AV 85.9 66.6 9.3 FASTST M M 3 MAX(MPH)
MISC ----> 31 270 41 280
================================================================================
NOTES:
# LAST OF SEVERAL OCCURRENCES
COLUMN 17 PEAK WIND IN M.P.H.
PRELIMINARY LOCAL CLIMATOLOGICAL DATA (WS FORM: F-6) , PAGE 2
STATION: ORLANDO EXEC
MONTH: APRIL
YEAR: 2020
LATITUDE: 28 32 N
LONGITUDE: 81 20 W
[TEMPERATURE DATA] [PRECIPITATION DATA] SYMBOLS USED IN COLUMN 16
AVERAGE MONTHLY: 76.3 TOTAL FOR MONTH: 2.78 1 = FOG OR MIST
DPTR FM NORMAL: 4.3 DPTR FM NORMAL: 0.29 2 = FOG REDUCING VISIBILITY
HIGHEST: 97 ON 13 GRTST 24HR 0.72 ON 18-18 TO 1/4 MILE OR LESS
LOWEST: 57 ON 2 3 = THUNDER
SNOW, ICE PELLETS, HAIL 4 = ICE PELLETS
TOTAL MONTH: 0.0 INCH 5 = HAIL
GRTST 24HR 0.0 6 = FREEZING RAIN OR DRIZZLE
GRTST DEPTH: 0 7 = DUSTSTORM OR SANDSTORM:
VSBY 1/2 MILE OR LESS
8 = SMOKE OR HAZE
[NO. OF DAYS WITH] [WEATHER - DAYS WITH] 9 = BLOWING SNOW
X = TORNADO
MAX 32 OR BELOW: 0 0.01 INCH OR MORE: 7
MAX 90 OR ABOVE: 8 0.10 INCH OR MORE: 6
MIN 32 OR BELOW: 0 0.50 INCH OR MORE: 3
MIN 0 OR BELOW: 0 1.00 INCH OR MORE: 0
[HDD (BASE 65) ]
TOTAL THIS MO. 0 CLEAR (SCALE 0-3) 17
DPTR FM NORMAL -11 PTCLDY (SCALE 4-7) 12
TOTAL FM JUL 1 261 CLOUDY (SCALE 8-10) 1
DPTR FM NORMAL -269
[CDD (BASE 65) ]
TOTAL THIS MO. 346
DPTR FM NORMAL 128 [PRESSURE DATA]
TOTAL FM JAN 1 907 HIGHEST SLP 30.23 ON 28
DPTR FM NORMAL 468 LOWEST SLP 29.71 ON 1
[REMARKS]
#FINAL-04-20#