000
CXUS53 KGRB 301401
CF6OSH
PRELIMINARY LOCAL CLIMATOLOGICAL DATA (WS FORM: F-6)
STATION: OSHKOSH WI
MONTH: MAY
YEAR: 2023
LATITUDE: 44 0 N
LONGITUDE: 88 34 W
TEMPERATURE IN F: :PCPN: SNOW: WIND :SUNSHINE: SKY :PK WND
================================================================================
1 2 3 4 5 6A 6B 7 8 9 10 11 12 13 14 15 16 17 18
12Z AVG MX 2MIN
DY MAX MIN AVG DEP HDD CDD WTR SNW DPTH SPD SPD DIR MIN PSBL S-S WX SPD DR
================================================================================
1 46 34 40 -11 25 0 0.62 0.0 0 18.0 30 320 M M 10 1 43 310
2 49 38 44 -8 21 0 0.00 0.0 0 16.7 26 330 M M 10 42 340
3 59 33 46 -6 19 0 0.00 0.0 0 6.4 14 320 M M 3 25 300
4 72 41 57 5 8 0 T 0.0 0 11.1 23 140 M M 6 31 140
5 64 51 58 5 7 0 0.12 0.0 0 10.3 21 180 M M 7 27 180
6 60 53 57 4 8 0 0.08 0.0 0 10.1 21 140 M M 9 1 29 140
7 71 50 61 7 4 0 0.00 0.0 0 7.1 15 100 M M 5 22 90
8 53 46 50 -4 15 0 0.70 0.0 0 6.2 14 40 M M 8 12 21 50
9 68 46 57 3 8 0 0.00 0.0 0 4.7 9 90 M M 4 12 14 110
10 77 50 64 9 1 0 0.00 0.0 0 5.4 12 190 M M 0 16 220
11 81 47 64 9 1 0 0.00 0.0 0 5.6 15 140 M M 0 20 120
12 67 56 62 6 3 0 0.07 0.0 0 5.6 14 40 M M 8 19 40
13 67 56 62 6 3 0 0.02 0.0 0 10.1 20 40 M M 10 31 40
14 59 41 50 -6 15 0 T 0.0 0 8.6 20 40 M M 7 26 50
15 73 37 55 -2 10 0 0.00 0.0 0 2.8 9 230 M M 0 14 200
16 77 47 62 5 3 0 0.00 0.0 0 9.9 18 40 M M 0 8 26 60
17 60 39 50 -8 15 0 0.00 0.0 0 7.9 15 40 M M 0 22 60
18 71 37 54 -4 11 0 0.02 0.0 0 10.7 21 180 M M 1 3 29 180
19 63 48 56 -2 9 0 0.08 0.0 0 11.3 21 330 M M 6 18 30 330
20 74 46 60 1 5 0 0.00 0.0 0 8.5 17 340 M M 1 26 320
21 77 51 64 5 1 0 0.00 0.0 0 5.3 12 100 M M 0 18 320
22 79 50 65 5 0 0 0.00 0.0 0 5.6 15 130 M M 1 20 140
23 82 50 66 6 0 1 0.00 0.0 0 5.8 14 80 M M 0 18 80
24 66 53 60 0 5 0 0.00 0.0 0 14.2 23 40 M M 3 32 40
25 65 44 55 -6 10 0 0.00 0.0 0 7.8 20 110 M M 0 27 100
26 73 35 54 -7 11 0 0.00 0.0 0 4.4 13 90 M M 0 17 110
27 78 40 59 -2 6 0 0.00 0.0 0 5.1 16 140 M M 0 19 140
28 80 49 65 3 0 0 0.00 0.0 0 3.7 10 50 M M 0 15 50
29 83 49 66 4 0 1 0.00 0.0 0 4.2 13 130 M M 0 18 100
30 88 55 72 10 0 7 0.00 0.0 0 6.8 18 140 M M 0 24 130
31 90 61 76 13 0 11 0.04 0.0 0 4.7 25 120 M M 4 13 37 150
================================================================================
SM 2172 1433 224 20 1.75 0.0 244.6 M 103
================================================================================
AV 70.1 46.2 7.9 FASTST M M 3 MAX(MPH)
MISC ----> 30 320 43 310
================================================================================
NOTES:
# LAST OF SEVERAL OCCURRENCES
COLUMN 17 PEAK WIND IN M.P.H.
PRELIMINARY LOCAL CLIMATOLOGICAL DATA (WS FORM: F-6) , PAGE 2
STATION: OSHKOSH WI
MONTH: MAY
YEAR: 2023
LATITUDE: 44 0 N
LONGITUDE: 88 34 W
[TEMPERATURE DATA] [PRECIPITATION DATA] SYMBOLS USED IN COLUMN 16
AVERAGE MONTHLY: 58.1 TOTAL FOR MONTH: 1.75 1 = FOG OR MIST
DPTR FM NORMAL: 1.0 DPTR FM NORMAL: -1.85 2 = FOG REDUCING VISIBILITY
HIGHEST: 90 ON 31 GRTST 24HR 0.77 ON 30- 1 TO 1/4 MILE OR LESS
LOWEST: 33 ON 3 3 = THUNDER
SNOW, ICE PELLETS, HAIL 4 = ICE PELLETS
TOTAL MONTH: 0.0 INCH 5 = HAIL
GRTST 24HR 0.0 6 = FREEZING RAIN OR DRIZZLE
GRTST DEPTH: 0 7 = DUSTSTORM OR SANDSTORM:
VSBY 1/2 MILE OR LESS
8 = SMOKE OR HAZE
[NO. OF DAYS WITH] [WEATHER - DAYS WITH] 9 = BLOWING SNOW
X = TORNADO
MAX 32 OR BELOW: 0 0.01 INCH OR MORE: 9
MAX 90 OR ABOVE: 1 0.10 INCH OR MORE: 3
MIN 32 OR BELOW: 0 0.50 INCH OR MORE: 2
MIN 0 OR BELOW: 0 1.00 INCH OR MORE: 0
[HDD (BASE 65) ]
TOTAL THIS MO. 224 CLEAR (SCALE 0-3) 18
DPTR FM NORMAL -47 PTCLDY (SCALE 4-7) 8
TOTAL FM JUL 1 6794 CLOUDY (SCALE 8-10) 5
DPTR FM NORMAL -506
[CDD (BASE 65) ]
TOTAL THIS MO. 20
DPTR FM NORMAL -8 [PRESSURE DATA]
TOTAL FM JAN 1 33 HIGHEST SLP 30.46 ON 14
DPTR FM NORMAL 3 LOWEST SLP 29.36 ON 1
[REMARKS]
#FINAL-05-23#