000
CXAK56 PAFG 011058
CF6OTZ
PRELIMINARY LOCAL CLIMATOLOGICAL DATA (WS FORM: F-6)
STATION: KOTZEBUE AK
MONTH: SEPTEMBER
YEAR: 2021
LATITUDE: 66 52 N
LONGITUDE: 162 38 W
TEMPERATURE IN F: :PCPN: SNOW: WIND :SUNSHINE: SKY :PK WND
================================================================================
1 2 3 4 5 6A 6B 7 8 9 10 11 12 13 14 15 16 17 18
12Z AVG MX 2MIN
DY MAX MIN AVG DEP HDD CDD WTR SNW DPTH SPD SPD DIR MIN PSBL S-S WX SPD DR
================================================================================
1 56 48 52 2 13 0 0.09 M M 4.7 9 330 M M 8 1 11 330
2 66 48 57 7 8 0 0.00 M M 6.9 13 50 M M 5 18 17 50
3 56 46 51 1 14 0 0.44 M M 10.2 25 300 M M 10 1 31 300
4 46 39 43 -6 22 0 T M M 18.9 28 310 M M 10 8 34 300
5 44 38 41 -8 24 0 0.10 M M 9.7 20 290 M M 7 1 25 280
6 47 40 44 -5 21 0 0.20 M M 11.5 22 120 M M 10 1 26 120
7 52 43 48 0 17 0 0.04 M M 15.0 24 160 M M 9 1 29 150
8 52 43 48 0 17 0 0.04 M M 9.3 24 160 M M 7 1 28 170
9 58 43 51 3 14 0 T M M 7.6 16 100 M M 5 8 18 100
10 53 46 50 3 15 0 0.16 M M 14.1 22 120 M M 8 1 24 120
11 47 38 43 -4 22 0 0.18 M M 17.0 24 120 M M 8 1 30 120
12 52 45 49 3 16 0 T M M 15.0 24 120 M M 8 1 28 120
13 56 45 51 5 14 0 0.00 M M 11.2 16 100 M M 4 19 90
14 51 42 47 2 18 0 0.00 M M 6.4 16 120 M M 3 8 17 120
15 47 41 44 -1 21 0 0.04 M M 8.9 17 120 M M 7 12 19 150
16 47 38 43 -1 22 0 T M M 11.1 22 310 M M 8 1 24 310
17 40 35 38 -6 27 0 T M M 14.6 23 320 M M 4 18 26 320
18 42 33 38 -6 27 0 0.23 M M 10.4 21 330 M M 10 1 26 330
19 37 31 34 -9 31 0 0.03 M M 12.0 29 310 M M 7 148 34 300
20 36 31 34 -8 31 0 0.08 M M 14.0 25 300 M M 8 1 29 290
21 37 31 34 -8 31 0 T M M 11.8 22 350 M M 6 1 26 350
22 35 26 31 -11 34 0 0.00 M M 8.5 18 360 M M 1 22 360
23 35 26 31 -10 34 0 0.00 M M 7.1 13 350 M M 1 14 310
24 33 23 28 -12 37 0 0.00 M M 4.1 9 20 M M 4 8 10 30
25 40 29 35 -5 30 0 0.44 M M 13.6 23 110 M M 10 1 28 110
26 40 32 36 -3 29 0 0.19 M M 10.1 21 220 M M 10 1 24 210
27 37 29 33 -6 32 0 0.02 M M 4.5 8 40 M M 7 18 10 40
28 35 24 30 -8 35 0 0.00 M M 5.9 10 40 M M 1 1 12 40
29 34 24 29 -9 36 0 0.00 M M 9.5 16 120 M M 1 18 100
30 34 22 28 -9 37 0 0.00 M M 14.0 23 10 M M 1 28 10
================================================================================
SM 1345 1079 729 0 2.28 M 317.6 M 188
================================================================================
AV 44.8 36.0 10.6 FASTST M M 6 MAX(MPH)
MISC ----> 29 310 # 34 300
================================================================================
NOTES:
# LAST OF SEVERAL OCCURRENCES
COLUMN 17 PEAK WIND IN M.P.H.
PRELIMINARY LOCAL CLIMATOLOGICAL DATA (WS FORM: F-6) , PAGE 2
STATION: KOTZEBUE AK
MONTH: SEPTEMBER
YEAR: 2021
LATITUDE: 66 52 N
LONGITUDE: 162 38 W
[TEMPERATURE DATA] [PRECIPITATION DATA] SYMBOLS USED IN COLUMN 16
AVERAGE MONTHLY: 40.4 TOTAL FOR MONTH: 2.28 1 = FOG OR MIST
DPTR FM NORMAL: -3.9 DPTR FM NORMAL: 0.86 2 = FOG REDUCING VISIBILITY
HIGHEST: 66 ON 2 GRTST 24HR 0.52 ON 25-26 TO 1/4 MILE OR LESS
LOWEST: 22 ON 30 3 = THUNDER
SNOW, ICE PELLETS, HAIL 4 = ICE PELLETS
TOTAL MONTH: M 5 = HAIL
GRTST 24HR M ON M 6 = FREEZING RAIN OR DRIZZLE
GRTST DEPTH: M ON M 7 = DUSTSTORM OR SANDSTORM:
VSBY 1/2 MILE OR LESS
8 = SMOKE OR HAZE
[NO. OF DAYS WITH] [WEATHER - DAYS WITH] 9 = BLOWING SNOW
X = TORNADO
MAX 32 OR BELOW: 0 0.01 INCH OR MORE: 15
MAX 90 OR ABOVE: 0 0.10 INCH OR MORE: 8
MIN 32 OR BELOW: 12 0.50 INCH OR MORE: 0
MIN 0 OR BELOW: 0 1.00 INCH OR MORE: 0
[HDD (BASE 65) ]
TOTAL THIS MO. 729 CLEAR (SCALE 0-3) 6
DPTR FM NORMAL 109 PTCLDY (SCALE 4-7) 14
TOTAL FM JUL 1 1559 CLOUDY (SCALE 8-10) 10
DPTR FM NORMAL 308
[CDD (BASE 65) ]
TOTAL THIS MO. 0
DPTR FM NORMAL 0 [PRESSURE DATA]
TOTAL FM JAN 1 6 HIGHEST SLP M ON M
DPTR FM NORMAL -3 LOWEST SLP 29.34 ON 13
[REMARKS]
#FINAL-09-21#