000
CXUS53 KARX 041209
CF6OVS
PRELIMINARY LOCAL CLIMATOLOGICAL DATA (WS FORM: F-6)
STATION: BOSCOBEL_(ASOS) WI
MONTH: APRIL
YEAR: 2022
LATITUDE: 43 9 N
LONGITUDE: 90 41 W
TEMPERATURE IN F: :PCPN: SNOW: WIND :SUNSHINE: SKY :PK WND
================================================================================
1 2 3 4 5 6A 6B 7 8 9 10 11 12 13 14 15 16 17 18
12Z AVG MX 2MIN
DY MAX MIN AVG DEP HDD CDD WTR SNW DPTH SPD SPD DIR MIN PSBL S-S WX SPD DR
================================================================================
1 49 22 36 -7 29 0 0.00 M M 3.0 12 250 M M 1 17 270
2 47 31 39 -4 26 0 0.16 M M 2.5 13 270 M M 7 18 19 300
3 52 24 38 -5 27 0 0.09 0.0 0 2.1 10 200 M M 4 18 18 130
4 47 37 42 -2 23 0 0.00 0.0 0 5.7 16 310 M M 10 8 24 230
5 56 40 48 4 17 0 0.28 0.0 0 6.5 18 240 M M 10 18 27 250
6 50 41 46 1 19 0 0.05 0.0 0 11.8 25 220 M M 7 39 210
7 48 34 41 -4 24 0 0.07 M M 9.5 21 320 M M 10 33 320
8 42 30 36 -9 29 0 T T M 8.0 18 340 M M 10 8 26 340
9 57 25 41 -5 24 0 0.00 0.0 0 3.9 16 310 M M 0 18 23 10
10 65 25 45 -1 20 0 0.00 0.0 0 6.3 26 120 M M 2 43 130
11 65 34 50 4 15 0 0.00 0.0 0 8.1 21 260 M M 0 32 250
12 69 30 50 3 15 0 T 0.0 0 7.2 22 110 M M 5 138 40 100
13 69 35 52 5 13 0 0.18 0.0 0 6.9 29 250 M M 8 13 45 250
14 44 32 38 -10 27 0 0.00 0.0 0 15.9 31 240 M M 4 51 230
15 44 31 38 -10 27 0 0.00 0.0 0 10.9 20 270 M M 1 31 250
16 44 23 34 -14 31 0 0.00 0.0 0 7.4 18 280 M M 3 8 30 320
17 51 20 36 -13 29 0 0.01 0.0 0 2.9 13 100 M M 3 8 19 90
18 40 35 38 -11 27 0 0.02 0.0 0 10.9 23 280 M M 9 18 34 280
19 51 29 40 -10 25 0 0.00 0.0 0 4.2 13 10 M M 3 8 20 10
20 53 45 49 -1 16 0 0.26 0.0 0 5.6 15 200 M M 10 18 29 190
21 68 39 54 4 11 0 0.00 0.0 0 6.7 22 280 M M 2 8 33 260
22 56 43 50 -1 15 0 1.05 0.0 0 6.0 15 100 M M 8 22 110
23 82 52 67 16 0 2 0.15 0.0 0 8.5 21 190 M M 5 35 170
24 64 48 56 4 9 0 0.01 0.0 0 14.6 29 240 M M 5 44 220
25 48 37 43 -9 22 0 T 0.0 0 11.3 17 280 M M 10 28 280
26 47 30 39 -13 26 0 0.00 0.0 0 7.8 17 280 M M 6 26 290
27 49 33 41 -12 24 0 0.00 0.0 0 7.6 14 90 M M 6 26 80
28 55 38 47 -6 18 0 T 0.0 0 6.7 15 110 M M 6 26 100
29 67 46 57 4 8 0 0.09 0.0 0 6.8 16 120 M M 10 28 90
30 67 52 60 6 5 0 0.41 0.0 0 10.0 22 100 M M 10 13 37 110
================================================================================
SM 1646 1041 601 2 2.83 T 225.3 M 175
================================================================================
AV 54.9 34.7 7.5 FASTST M M 6 MAX(MPH)
MISC ----> 31 240 51 230
================================================================================
NOTES:
# LAST OF SEVERAL OCCURRENCES
COLUMN 17 PEAK WIND IN M.P.H.
PRELIMINARY LOCAL CLIMATOLOGICAL DATA (WS FORM: F-6) , PAGE 2
STATION: BOSCOBEL_(ASOS) WI
MONTH: APRIL
YEAR: 2022
LATITUDE: 43 9 N
LONGITUDE: 90 41 W
[TEMPERATURE DATA] [PRECIPITATION DATA] SYMBOLS USED IN COLUMN 16
AVERAGE MONTHLY: 44.8 TOTAL FOR MONTH: 2.83 1 = FOG OR MIST
DPTR FM NORMAL: -3.4 DPTR FM NORMAL: -0.81 2 = FOG REDUCING VISIBILITY
HIGHEST: 82 ON 23 GRTST 24HR 1.05 ON 22-22 TO 1/4 MILE OR LESS
LOWEST: 20 ON 17 3 = THUNDER
SNOW, ICE PELLETS, HAIL 4 = ICE PELLETS
TOTAL MONTH: T 5 = HAIL
GRTST 24HR T ON 8- 8 6 = FREEZING RAIN OR DRIZZLE
GRTST DEPTH: 0 7 = DUSTSTORM OR SANDSTORM:
VSBY 1/2 MILE OR LESS
8 = SMOKE OR HAZE
[NO. OF DAYS WITH] [WEATHER - DAYS WITH] 9 = BLOWING SNOW
X = TORNADO
MAX 32 OR BELOW: 0 0.01 INCH OR MORE: 14
MAX 90 OR ABOVE: 0 0.10 INCH OR MORE: 7
MIN 32 OR BELOW: 13 0.50 INCH OR MORE: 1
MIN 0 OR BELOW: 0 1.00 INCH OR MORE: 1
[HDD (BASE 65) ]
TOTAL THIS MO. 601 CLEAR (SCALE 0-3) 9
DPTR FM NORMAL 93 PTCLDY (SCALE 4-7) 11
TOTAL FM JUL 1 6477 CLOUDY (SCALE 8-10) 10
DPTR FM NORMAL -156
[CDD (BASE 65) ]
TOTAL THIS MO. 2
DPTR FM NORMAL -2 [PRESSURE DATA]
TOTAL FM JAN 1 2 HIGHEST SLP 30.40 ON 27
DPTR FM NORMAL -4 LOWEST SLP 29.35 ON 6
[REMARKS]
#FINAL-04-22#