000
CXUS54 KLZK 011612
CF6PBF
PRELIMINARY LOCAL CLIMATOLOGICAL DATA (WS FORM: F-6)
STATION: PINE BLUFF
MONTH: AUGUST
YEAR: 2022
LATITUDE: 34 10 N
LONGITUDE: 91 56 W
TEMPERATURE IN F: :PCPN: SNOW: WIND :SUNSHINE: SKY :PK WND
================================================================================
1 2 3 4 5 6A 6B 7 8 9 10 11 12 13 14 15 16 17 18
12Z AVG MX 2MIN
DY MAX MIN AVG DEP HDD CDD WTR SNW DPTH SPD SPD DIR MIN PSBL S-S WX SPD DR
================================================================================
1 93 76 85 3 0 20 0.00 0.0 0 6.7 14 200 M M 2 17 210
2 96 75 86 4 0 21 0.00 0.0 0 5.9 13 200 M M 0 17 220
3 97 75 86 4 0 21 0.00 0.0 0 6.2 12 180 M M 3 18 90
4 87 74 81 -1 0 16 0.00 0.0 0 4.2 15 20 M M 4 19 10
5 93 77 85 3 0 20 0.02 0.0 0 5.8 14 120 M M 4 13 19 130
6 95 74 85 3 0 20 T 0.0 0 7.4 15 180 M M 1 19 170
7 95 74 85 3 0 20 0.00 0.0 0 5.4 12 160 M M 1 15 200
8 97 76 87 5 0 22 T 0.0 0 5.8 25 330 M M 1 3 39 320
9 90 71 81 -1 0 16 0.23 0.0 0 4.7 13 270 M M 2 13 16 270
10 92 72 82 0 0 17 0.23 0.0 0 3.4 14 200 M M 3 13 16 200
11 89 73 81 -1 0 16 0.07 0.0 0 6.5 16 10 M M 5 1 20 50
12 92 73 83 1 0 18 0.00 0.0 0 7.4 14 20 M M 1 20 60
13 91 65 78 -4 0 13 0.00 0.0 0 4.0 12 30 M M 0 16 60
14 97 67 82 1 0 17 0.00 0.0 0 3.3 12 200 M M 0 1 17 200
15 101 73 87 6 0 22 0.00 0.0 0 4.7 14 300 M M 1 21 310
16 95 74 85 4 0 20 0.00 0.0 0 5.9 13 30 M M 0 17 60
17 83 72 78 -3 0 13 0.24 0.0 0 7.6 21 10 M M 8 13 27 330
18 87 69 78 -3 0 13 0.00 0.0 0 4.2 10 10 M M 6 1 M M
19 92 68 80 -1 0 15 0.00 0.0 0 2.7 10 100 M M 1 1 13 100
20 95 70 83 2 0 18 0.00 0.0 0 5.6 14 180 M M 2 1 17 170
21 85 74 80 -1 0 15 0.19 0.0 0 5.8 12 300 M M 4 1 14 280
22 78 73 76 -4 0 11 0.20 0.0 0 2.6 9 130 M M 6 1 11 130
23 84 73 79 -1 0 14 0.26 0.0 0 6.9 16 60 M M 6 1 21 90
24 84 72 78 -2 0 13 0.17 0.0 0 7.4 16 70 M M 8 18 22 60
25 91 72 82 2 0 17 0.00 0.0 0 4.0 5 50 M M 10 M M
26 93 70 82 2 0 17 0.00 0.0 0 M M M M M M M M
27 95 70 83 3 0 18 0.00 0.0 0 M M M M M M M M
28 94 72 83 3 0 18 0.01 0.0 0 M M M M M M M M
29 96 74 85 6 0 20 0.00 0.0 0 6.0 17 200 M M 1 3 23 200
30 95 75 85 6 0 20 0.00 0.0 0 3.2 13 190 M M 2 16 200
31 95 73 84 5 0 19 0.00 0.0 0 3.4 10 70 M M 4 8 16 90
================================================================================
SM 2847 2246 0 540 1.62 0.0 146.7 M 86
================================================================================
AV 91.8 72.5 5.2 FASTST M M 3 MAX(MPH)
MISC ----> 25 330 39 320
================================================================================
NOTES:
# LAST OF SEVERAL OCCURRENCES
COLUMN 17 PEAK WIND IN M.P.H.
PRELIMINARY LOCAL CLIMATOLOGICAL DATA (WS FORM: F-6) , PAGE 2
STATION: PINE BLUFF
MONTH: AUGUST
YEAR: 2022
LATITUDE: 34 10 N
LONGITUDE: 91 56 W
[TEMPERATURE DATA] [PRECIPITATION DATA] SYMBOLS USED IN COLUMN 16
AVERAGE MONTHLY: 82.1 TOTAL FOR MONTH: 1.62 1 = FOG OR MIST
DPTR FM NORMAL: 1.2 DPTR FM NORMAL: -1.76 2 = FOG REDUCING VISIBILITY
HIGHEST: 101 ON 15 GRTST 24HR 0.34 ON 21-22 TO 1/4 MILE OR LESS
LOWEST: 65 ON 13 3 = THUNDER
SNOW, ICE PELLETS, HAIL 4 = ICE PELLETS
TOTAL MONTH: 0.0 INCH 5 = HAIL
GRTST 24HR 0.0 6 = FREEZING RAIN OR DRIZZLE
GRTST DEPTH: 0 7 = DUSTSTORM OR SANDSTORM:
VSBY 1/2 MILE OR LESS
8 = SMOKE OR HAZE
[NO. OF DAYS WITH] [WEATHER - DAYS WITH] 9 = BLOWING SNOW
X = TORNADO
MAX 32 OR BELOW: 0 0.01 INCH OR MORE: 10
MAX 90 OR ABOVE: 23 0.10 INCH OR MORE: 7
MIN 32 OR BELOW: 0 0.50 INCH OR MORE: 0
MIN 0 OR BELOW: 0 1.00 INCH OR MORE: 0
[HDD (BASE 65) ]
TOTAL THIS MO. 0 CLEAR (SCALE 0-3) 16
DPTR FM NORMAL 0 PTCLDY (SCALE 4-7) 11
TOTAL FM JUL 1 0 CLOUDY (SCALE 8-10) 4
DPTR FM NORMAL 0
[CDD (BASE 65) ]
TOTAL THIS MO. 540
DPTR FM NORMAL 46 [PRESSURE DATA]
TOTAL FM JAN 1 2096 HIGHEST SLP 30.17 ON 7
DPTR FM NORMAL 339 LOWEST SLP 29.84 ON 28
[REMARKS]
#FINAL-08-22#