000
CXUS54 KLZK 011230
CF6PBF
PRELIMINARY LOCAL CLIMATOLOGICAL DATA (WS FORM: F-6)
STATION: PINE BLUFF
MONTH: OCTOBER
YEAR: 2023
LATITUDE: 34 10 N
LONGITUDE: 91 56 W
TEMPERATURE IN F: :PCPN: SNOW: WIND :SUNSHINE: SKY :PK WND
================================================================================
1 2 3 4 5 6A 6B 7 8 9 10 11 12 13 14 15 16 17 18
12Z AVG MX 2MIN
DY MAX MIN AVG DEP HDD CDD WTR SNW DPTH SPD SPD DIR MIN PSBL S-S WX SPD DR
================================================================================
1 97 67 82 12 0 17 0.00 0.0 0 3.4 16 70 M M 1 22 100
2 93 66 80 11 0 15 0.00 0.0 0 2.6 16 90 M M 6 22 80
3 93 59 76 7 0 11 0.00 0.0 0 5.3 16 130 M M 0 27 140
4 75 67 71 3 0 6 2.12 0.0 0 8.5 23 130 M M 8 13 30 120
5 72 65 69 1 0 4 0.66 0.0 0 5.4 20 120 M M 8 1 26 110
6 83 61 72 4 0 7 0.00 0.0 0 7.8 21 360 M M 1 1 29 10
7 70 50 60 -7 5 0 0.00 0.0 0 7.3 23 10 M M 1 32 360
8 76 47 62 -5 3 0 0.00 0.0 0 3.5 10 220 M M 0 15 220
9 86 55 71 5 0 6 0.00 0.0 0 6.8 17 220 M M 0 24 200
10 87 57 72 6 0 7 0.00 0.0 0 3.8 14 200 M M 0 20 180
11 75 58 67 1 0 2 0.00 0.0 0 4.5 14 190 M M 0 17 180
12 69 56 63 -2 2 0 0.00 0.0 0 4.9 12 170 M M 8 1 15 120
13 76 60 68 3 0 3 0.00 0.0 0 7.4 21 190 M M 8 27 190
14 70 54 62 -2 3 0 0.00 0.0 0 9.8 18 320 M M 3 27 290
15 68 54 61 -3 4 0 0.02 0.0 0 10.4 21 320 M M 8 32 340
16 70 48 59 -5 6 0 0.00 0.0 0 7.4 16 290 M M 1 23 330
17 73 45 59 -4 6 0 0.00 0.0 0 1.7 10 230 M M 0 14 240
18 80 46 63 0 2 0 0.00 0.0 0 5.0 18 170 M M 0 24 190
19 83 56 70 8 0 5 T 0.0 0 7.4 16 230 M M 1 8 25 240
20 87 55 71 9 0 6 0.00 0.0 0 5.4 16 330 M M 0 22 330
21 89 49 69 7 0 4 0.00 0.0 0 5.1 17 210 M M 0 25 200
22 82 59 71 10 0 6 0.00 0.0 0 5.6 15 90 M M 0 20 60
23 89 62 76 15 0 11 0.00 0.0 0 2.3 15 170 M M 0 20 180
24 89 66 78 18 0 13 0.00 0.0 0 8.0 21 150 M M 0 27 140
25 88 62 75 15 0 10 0.00 0.0 0 7.8 18 170 M M 2 23 170
26 86 66 76 16 0 11 0.07 0.0 0 8.1 18 180 M M 6 23 170
27 82 69 76 17 0 11 0.02 0.0 0 5.7 12 180 M M 9 M M
28 79 64 72 13 0 7 0.03 0.0 0 3.8 12 340 M M 10 17 220
29 66 49 58 -1 7 0 0.99 0.0 0 8.8 21 360 M M 10 1 31 340
30 52 42 47 -11 18 0 0.37 0.0 0 11.8 21 10 M M 4 1 30 360
31 57 35 46 -12 19 0 0.00 0.0 0 9.0 20 10 M M 0 28 360
================================================================================
SM 2442 1749 75 162 4.28 0.0 194.3 M 95
================================================================================
AV 78.8 56.4 6.3 FASTST M M 3 MAX(MPH)
MISC ----> # 23 130 # 32 340
================================================================================
NOTES:
# LAST OF SEVERAL OCCURRENCES
COLUMN 17 PEAK WIND IN M.P.H.
PRELIMINARY LOCAL CLIMATOLOGICAL DATA (WS FORM: F-6) , PAGE 2
STATION: PINE BLUFF
MONTH: OCTOBER
YEAR: 2023
LATITUDE: 34 10 N
LONGITUDE: 91 56 W
[TEMPERATURE DATA] [PRECIPITATION DATA] SYMBOLS USED IN COLUMN 16
AVERAGE MONTHLY: 67.6 TOTAL FOR MONTH: 4.28 1 = FOG OR MIST
DPTR FM NORMAL: 3.9 DPTR FM NORMAL: -0.30 2 = FOG REDUCING VISIBILITY
HIGHEST: 97 ON 1 GRTST 24HR 2.63 ON 4- 5 TO 1/4 MILE OR LESS
LOWEST: 35 ON 31 3 = THUNDER
SNOW, ICE PELLETS, HAIL 4 = ICE PELLETS
TOTAL MONTH: 0.0 INCH 5 = HAIL
GRTST 24HR 0.0 6 = FREEZING RAIN OR DRIZZLE
GRTST DEPTH: 0 7 = DUSTSTORM OR SANDSTORM:
VSBY 1/2 MILE OR LESS
8 = SMOKE OR HAZE
[NO. OF DAYS WITH] [WEATHER - DAYS WITH] 9 = BLOWING SNOW
X = TORNADO
MAX 32 OR BELOW: 0 0.01 INCH OR MORE: 8
MAX 90 OR ABOVE: 3 0.10 INCH OR MORE: 4
MIN 32 OR BELOW: 0 0.50 INCH OR MORE: 3
MIN 0 OR BELOW: 0 1.00 INCH OR MORE: 1
[HDD (BASE 65) ]
TOTAL THIS MO. 75 CLEAR (SCALE 0-3) 20
DPTR FM NORMAL -50 PTCLDY (SCALE 4-7) 8
TOTAL FM JUL 1 75 CLOUDY (SCALE 8-10) 3
DPTR FM NORMAL -59
[CDD (BASE 65) ]
TOTAL THIS MO. 162
DPTR FM NORMAL 79 [PRESSURE DATA]
TOTAL FM JAN 1 2702 HIGHEST SLP 30.44 ON 31
DPTR FM NORMAL 563 LOWEST SLP 29.73 ON 12
[REMARKS]
#FINAL-10-23#