000
CXUS54 KLZK 031853
CLSPBF
CLIMATE REPORT
NATIONAL WEATHER SERVICE LITTLE ROCK AR
1253 PM CST SUN DEC 03 2023
...................................
...THE PINE BLUFF CLIMATE SUMMARY FOR THE SEASON, FROM
9/1/2023 TO 11/30/2023...
CLIMATE NORMAL PERIOD 1991 TO 2020
CLIMATE RECORD PERIOD 1883 TO 2023
WEATHER OBSERVED NORMAL DEPART LAST YEAR`S
VALUE DATE(S) VALUE FROM VALUE DATE(S)
NORMAL
................................................................
TEMPERATURE (F)
RECORD
HIGH 110 09/06/1925
09/05/1925
LOW 14 11/29/1976
11/19/1903
HIGHEST 104 09/06 75 29 100 09/21
LOWEST 29 11/27 53 -24 26 11/17
AVG. MAXIMUM 78.9 74.7 4.2 77.1
AVG. MINIMUM 55.4 52.5 2.9 52.2
MEAN 67.2 63.6 3.6 64.6
DAYS MAX >= 90 25 11.9 13.1 21
DAYS MAX <= 32 0 0.0 0.0 0
DAYS MIN <= 32 4 4.7 -0.7 11
DAYS MIN <= 0 0 0.0 0.0 0
PRECIPITATION (INCHES)
RECORD
MAXIMUM 26.25 1984
MINIMUM 2.01 2017
TOTALS 8.66 11.64 -2.98 8.79
DAILY AVG. 0.10 0.13 -0.03 0.10
DAYS >= .01 20 24.8 -4.8 22
DAYS >= .10 8 12
DAYS >= .50 6 8
DAYS >= 1.00 4 3.6 0.4 4
GREATEST
24 HR. TOTAL 2.63
STORM TOTAL 2.12
(MM/DD(HH))
SNOWFALL (INCHES)
RECORDS
TOTAL 5.0 1929
24 HR TOTAL 5.0 11/22/1929 TO 11/22/1929
SNOW DEPTH 5 11/22/1929
TOTALS 0.0 MM MM 0.0
LIQUID EQUIV 0.00 T 0.00 0.00
SINCE 7/1 0.0 MM MM MM
LIQUID 7/1 0.00 MM MM MM
SNOWDEPTH AVG. 0 0
DAYS >= TRACE 0 MM MM 0
DAYS >= 1.0 0 MM MM 0
GREATEST
SNOW DEPTH 0 0 MM
24 HR TOTAL MM MM 0.0
STORM TOTAL 0.0 0.0
(MM/DD(HH)) MM
DEGREE DAYS
HEATING TOTAL 400 517 -117 488
SINCE 7/1 400 517 -117 MM
COOLING TOTAL 611 393 218 477
SINCE 1/1 2722 2149 573 MM
FREEZE DATES
RECORD
EARLIEST 10/10/2000
LATEST 04/25/1910
EARLIEST 11/01
LATEST 03/20
................................................................
WIND (MPH)
AVERAGE WIND SPEED 5.6
HIGHEST WIND SPEED/DIRECTION 31/270 DATE 09/06
HIGHEST GUST SPEED/DIRECTION 43/270 DATE 09/06
SKY COVER
POSSIBLE SUNSHINE (PERCENT) MM
AVERAGE SKY COVER 0.26
NUMBER OF DAYS FAIR 65
NUMBER OF DAYS PC 12
NUMBER OF DAYS CLOUDY 14
WEATHER CONDITIONS. NUMBER OF DAYS WITH
THUNDERSTORM 8 MIXED PRECIP 0
HEAVY RAIN 4 RAIN 7
LIGHT RAIN 25 FREEZING RAIN 0
LT FREEZING RAIN 0 HAIL 0
HEAVY SNOW 0 SLEET 0
FOG 19 FOG W/VIS <= 1/4 MILE 1
HAZE 9
- INDICATES NEGATIVE NUMBERS.
R INDICATES RECORD WAS SET OR TIED.
MM INDICATES DATA IS MISSING.
T INDICATES TRACE AMOUNT.
$$