000
CXUS52 KMFL 011130
CF6PBI
PRELIMINARY LOCAL CLIMATOLOGICAL DATA (WS FORM: F-6)
STATION: WEST PALM BEACH
MONTH: JANUARY
YEAR: 2023
LATITUDE: 26 40 N
LONGITUDE: 80 7 W
TEMPERATURE IN F: :PCPN: SNOW: WIND :SUNSHINE: SKY :PK WND
================================================================================
1 2 3 4 5 6A 6B 7 8 9 10 11 12 13 14 15 16 17 18
12Z AVG MX 2MIN
DY MAX MIN AVG DEP HDD CDD WTR SNW DPTH SPD SPD DIR MIN PSBL S-S WX SPD DR
================================================================================
1 84 68 76 9 0 11 0.00 0.0 0 4.6 10 100 M M 5 128 14 270
2 82 68 75 8 0 10 0.00 0.0 M 7.1 15 110 M M 4 30 90
3 83 74 79 12 0 14 0.00 0.0 M 12.2 20 130 M M 5 23 130
4 84 74 79 12 0 14 0.00 0.0 M 11.6 21 150 M M 4 31 140
5 86 67 77 11 0 12 0.00 0.0 0 6.3 15 190 M M 4 19 210
6 75 57 66 0 0 1 0.00 0.0 0 9.9 18 340 M M 3 25 340
7 77 54 66 0 0 1 0.00 0.0 0 7.4 15 50 M M 3 18 30
8 77 62 70 4 0 5 0.00 0.0 0 7.9 17 100 M M 6 20 90
9 80 59 70 4 0 5 0.00 0.0 0 5.0 17 330 M M 2 21 330
10 78 56 67 1 0 2 0.00 0.0 0 5.5 14 240 M M 2 18 260
11 77 49 63 -3 2 0 0.00 0.0 0 4.9 13 50 M M 1 22 330
12 78 55 67 1 0 2 T 0.0 0 5.4 16 120 M M 3 21 150
13 79 55 67 1 0 2 0.01 0.0 0 12.2 26 280 M M 4 33 280
14 58 43 51 -15 14 0 0.00 M M 16.2 26 310 M M 1 32 300
15 64 40 52 -14 13 0 0.00 0.0 0 7.8 15 330 M M 0 22 320
16 73 43 58 -8 7 0 0.00 0.0 0 3.7 12 310 M M 1 16 90
17 76 49 63 -3 2 0 0.00 0.0 0 4.5 18 140 M M 2 22 140
18 79 54 67 1 0 2 0.00 0.0 0 5.3 17 140 M M 3 22 140
19 85 60 73 7 0 8 0.00 0.0 0 6.0 17 140 M M 5 20 160
20 83 62 73 7 0 8 0.00 0.0 0 5.1 12 250 M M 6 17 230
21 81 66 74 8 0 9 0.00 0.0 0 4.6 12 130 M M 8 16 90
22 85 70 78 12 0 13 0.00 0.0 0 11.7 23 180 M M 5 31 170
23 83 67 75 9 0 10 0.12 0.0 0 9.2 18 300 M M 6 1 22 310
24 77 70 74 8 0 9 0.01 M M 12.7 18 110 M M 7 28 80
25 84 71 78 12 0 13 0.02 0.0 0 11.5 22 150 M M 4 1 29 150
26 76 66 71 5 0 6 T 0.0 0 7.8 16 320 M M 6 18 310
27 67 60 64 -2 1 0 T 0.0 0 11.7 21 340 M M 9 25 340
28 77 65 71 5 0 6 T 0.0 0 13.2 22 100 M M 9 28 80
29 80 71 76 9 0 11 0.00 0.0 0 13.3 20 90 M M 5 25 90
30 84 67 76 9 0 11 0.05 0.0 0 7.6 16 100 M M 4 21 110
31 83 68 76 9 0 11 0.00 0.0 0 6.8 15 130 M M 3 19 120
================================================================================
SM 2435 1890 39 196 0.21 0.0 258.7 M 130
================================================================================
AV 78.5 61.0 8.3 FASTST M M 4 MAX(MPH)
MISC ----> # 26 280 33 280
================================================================================
NOTES:
# LAST OF SEVERAL OCCURRENCES
COLUMN 17 PEAK WIND IN M.P.H.
PRELIMINARY LOCAL CLIMATOLOGICAL DATA (WS FORM: F-6) , PAGE 2
STATION: WEST PALM BEACH
MONTH: JANUARY
YEAR: 2023
LATITUDE: 26 40 N
LONGITUDE: 80 7 W
[TEMPERATURE DATA] [PRECIPITATION DATA] SYMBOLS USED IN COLUMN 16
AVERAGE MONTHLY: 69.8 TOTAL FOR MONTH: 0.21 1 = FOG OR MIST
DPTR FM NORMAL: 3.5 DPTR FM NORMAL: -3.26 2 = FOG REDUCING VISIBILITY
HIGHEST: 86 ON 5 GRTST 24HR 0.12 ON 23-23 TO 1/4 MILE OR LESS
LOWEST: 40 ON 15 3 = THUNDER
SNOW, ICE PELLETS, HAIL 4 = ICE PELLETS
TOTAL MONTH: 0.0 INCH 5 = HAIL
GRTST 24HR 0.0 6 = FREEZING RAIN OR DRIZZLE
GRTST DEPTH: 0 7 = DUSTSTORM OR SANDSTORM:
VSBY 1/2 MILE OR LESS
8 = SMOKE OR HAZE
[NO. OF DAYS WITH] [WEATHER - DAYS WITH] 9 = BLOWING SNOW
X = TORNADO
MAX 32 OR BELOW: 0 0.01 INCH OR MORE: 5
MAX 90 OR ABOVE: 0 0.10 INCH OR MORE: 1
MIN 32 OR BELOW: 0 0.50 INCH OR MORE: 0
MIN 0 OR BELOW: 0 1.00 INCH OR MORE: 0
[HDD (BASE 65) ]
TOTAL THIS MO. 39 CLEAR (SCALE 0-3) 10
DPTR FM NORMAL -37 PTCLDY (SCALE 4-7) 19
TOTAL FM JUL 1 91 CLOUDY (SCALE 8-10) 2
DPTR FM NORMAL -42
[CDD (BASE 65) ]
TOTAL THIS MO. 196
DPTR FM NORMAL 80 [PRESSURE DATA]
TOTAL FM JAN 1 196 HIGHEST SLP 30.32 ON 28
DPTR FM NORMAL 80 LOWEST SLP 29.82 ON 13
[REMARKS]
#FINAL-01-23#