000
CXUS52 KMFL 011135
CLMPBI
CLIMATE REPORT
NATIONAL WEATHER SERVICE MIAMI, FL
735 AM EDT SAT APR 01 2023
...................................
...THE WEST PALM BEACH CLIMATE SUMMARY FOR THE MONTH OF MARCH 2023...
CLIMATE NORMAL PERIOD: 1991 TO 2020
CLIMATE RECORD PERIOD: 1888 TO 2023
WEATHER OBSERVED NORMAL DEPART LAST YEAR`S
VALUE DATE(S) VALUE FROM VALUE
NORMAL
..............................................................
TEMPERATURE (F)
RECORD
HIGH 95 03/31/2011
03/26/1928
LOW 26 03/02/1920
HIGHEST 94 03/13 90
LOWEST 57 03/16 48
03/20
03/21
AVG. MAXIMUM 84.4 79.2 5.2 82.8
AVG. MINIMUM 67.2 63.0 4.2 67.6
MEAN 75.8 71.1 4.7 75.2
DAYS MAX >= 90 3 1
DAYS MAX <= 32 0 0
DAYS MIN <= 32 0 0
DAYS MIN <= 0 0 0
PRECIPITATION (INCHES)
RECORD
MAXIMUM 16.78 1982
MINIMUM 0.00 1922
TOTALS 0.12 3.31 -3.19 2.69
DAILY AVG. 0.00 0.11 -0.11 0.09
DAYS >= .01 5 7
DAYS >= .10 0 3
DAYS >= .50 0 1
DAYS >= 1.00 0 1
GREATEST
24 HR. TOTAL 0.05 03/19 TO 03/20 1.75
DEGREE DAYS
HEATING TOTAL 0 21 -21 4
SINCE 7/1 94 197 -103 MM
COOLING TOTAL 344 210 134 329
SINCE 1/1 800 464 336 MM
..............................................................
WIND (MPH)
AVERAGE WIND SPEED 10.1
HIGHEST WIND SPEED/DIRECTION 28/160 DATE 03/03
28/230 03/13
HIGHEST GUST SPEED/DIRECTION 34/150 DATE 03/03
34/240 03/13
SKY COVER
POSSIBLE SUNSHINE (PERCENT) MM
AVERAGE SKY COVER 0.45
NUMBER OF DAYS FAIR 7
NUMBER OF DAYS PC 23
NUMBER OF DAYS CLOUDY 1
AVERAGE RH (PERCENT) 65
WEATHER CONDITIONS. NUMBER OF DAYS WITH
THUNDERSTORM 0 MIXED PRECIP 0
HEAVY RAIN 0 RAIN 0
LIGHT RAIN 5 FREEZING RAIN 0
LT FREEZING RAIN 0 HAIL 0
HEAVY SNOW 0 SNOW 0
LIGHT SNOW 0 SLEET 0
FOG 4 FOG W/VIS <= 1/4 MILE 0
HAZE 0
- INDICATES NEGATIVE NUMBERS.
R INDICATES RECORD WAS SET OR TIED.
MM INDICATES DATA IS MISSING.
T INDICATES TRACE AMOUNT.
$$