000
CXUS53 KARX 041209
CF6PDC
PRELIMINARY LOCAL CLIMATOLOGICAL DATA (WS FORM: F-6)
STATION: PRAIRIE_DU_CHIEN_MUN
MONTH: APRIL
YEAR: 2022
LATITUDE: 43 1 N
LONGITUDE: 91 7 W
TEMPERATURE IN F: :PCPN: SNOW: WIND :SUNSHINE: SKY :PK WND
================================================================================
1 2 3 4 5 6A 6B 7 8 9 10 11 12 13 14 15 16 17 18
12Z AVG MX 2MIN
DY MAX MIN AVG DEP HDD CDD WTR SNW DPTH SPD SPD DIR MIN PSBL S-S WX SPD DR
================================================================================
1 47 26 37 M 28 0 0.00 0.0 0 0.5 6 260 M M 1 M M
2 46 32 39 M 26 0 0.27 M M 2.5 10 300 M M 6 M M
3 49 27 38 M 27 0 0.04 0.0 0 2.8 10 120 M M 5 1 M M
4 45 35 40 M 25 0 0.00 0.0 0 7.4 14 290 M M 8 20 270
5 50 38 44 M 21 0 0.27 0.0 0 8.3 15 110 M M 9 1 25 200
6 46 38 42 M 23 0 0.01 0.0 0 13.1 21 250 M M 7 31 270
7 46 32 39 M 26 0 M M M 13.0 18 300 M M 10 27 300
8 40 31 36 M 29 0 M M M 8.6 14 330 M M 9 22 340
9 54 26 40 M 25 0 0.00 0.0 0 1.6 8 290 M M 0 16 360
10 64 31 48 M 17 0 0.00 0.0 0 8.7 23 130 M M 2 37 120
11 63 38 51 M 14 0 0.00 0.0 0 8.6 16 290 M M 1 28 280
12 68 33 51 M 14 0 0.03 0.0 0 8.9 24 110 M M 6 33 110
13 61 34 48 M 17 0 0.12 0.0 0 9.3 21 260 M M 8 43 260
14 43 30 37 M 28 0 0.00 0.0 0 16.6 30 250 M M 4 8 37 260
15 41 30 36 M 29 0 0.00 0.0 0 12.3 17 260 M M 1 8 25 270
16 42 27 35 M 30 0 0.00 0.0 0 9.8 16 290 M M 3 23 320
17 47 24 36 M 29 0 0.03 0.0 0 2.7 12 110 M M 3 17 130
18 37 33 35 M 30 0 0.00 0.0 0 12.5 23 290 M M 9 8 33 280
19 49 28 39 M 26 0 0.00 0.0 0 3.3 12 310 M M 1 M M
20 51 44 48 M 17 0 0.28 0.0 0 7.4 16 140 M M 8 1 30 150
21 65 40 53 M 12 0 0.00 0.0 0 6.8 17 280 M M 2 28 280
22 55 43 49 M 16 0 1.02 0.0 0 8.4 17 80 M M 8 1 25 80
23 80 55 68 M 0 3 0.11 0.0 0 7.8 15 190 M M 5 38 150
24 62 46 54 M 11 0 0.01 0.0 0 12.9 24 210 M M 6 32 210
25 46 34 40 M 25 0 0.00 0.0 0 14.8 20 280 M M 10 25 280
26 46 33 40 M 25 0 0.00 0.0 0 9.2 17 280 M M 5 23 280
27 47 33 40 M 25 0 0.00 0.0 0 8.1 15 90 M M 3 21 70
28 52 36 44 M 21 0 0.24 0.0 0 10.1 16 110 M M 7 21 100
29 61 47 54 M 11 0 T 0.0 0 9.9 18 100 M M 10 28 100
30 66 49 58 M 7 0 0.50 0.0 0 12.1 20 100 M M 9 29 100
================================================================================
SM 1569 1053 634 3 2.93 0.0 258.0 M 166
================================================================================
AV 52.3 35.1 8.6 FASTST M M 6 MAX(MPH)
MISC ----> 30 250 43 260
================================================================================
NOTES:
# LAST OF SEVERAL OCCURRENCES
COLUMN 17 PEAK WIND IN M.P.H.
PRELIMINARY LOCAL CLIMATOLOGICAL DATA (WS FORM: F-6) , PAGE 2
STATION: PRAIRIE_DU_CHIEN_MUN
MONTH: APRIL
YEAR: 2022
LATITUDE: 43 1 N
LONGITUDE: 91 7 W
[TEMPERATURE DATA] [PRECIPITATION DATA] SYMBOLS USED IN COLUMN 16
AVERAGE MONTHLY: 43.7 TOTAL FOR MONTH: 2.93 1 = FOG OR MIST
DPTR FM NORMAL: 0.0 DPTR FM NORMAL: M 2 = FOG REDUCING VISIBILITY
HIGHEST: 80 ON 23 GRTST 24HR 1.02 ON 22-22 TO 1/4 MILE OR LESS
LOWEST: 24 ON 17 3 = THUNDER
SNOW, ICE PELLETS, HAIL 4 = ICE PELLETS
TOTAL MONTH: 0.0 INCH 5 = HAIL
GRTST 24HR 0.0 6 = FREEZING RAIN OR DRIZZLE
GRTST DEPTH: 0 7 = DUSTSTORM OR SANDSTORM:
VSBY 1/2 MILE OR LESS
8 = SMOKE OR HAZE
[NO. OF DAYS WITH] [WEATHER - DAYS WITH] 9 = BLOWING SNOW
X = TORNADO
MAX 32 OR BELOW: 0 0.01 INCH OR MORE: 13
MAX 90 OR ABOVE: 0 0.10 INCH OR MORE: 8
MIN 32 OR BELOW: 12 0.50 INCH OR MORE: 2
MIN 0 OR BELOW: 0 1.00 INCH OR MORE: 1
[HDD (BASE 65) ]
TOTAL THIS MO. 634 CLEAR (SCALE 0-3) 9
DPTR FM NORMAL M PTCLDY (SCALE 4-7) 12
TOTAL FM JUL 1 5968 CLOUDY (SCALE 8-10) 9
DPTR FM NORMAL M
[CDD (BASE 65) ]
TOTAL THIS MO. 3
DPTR FM NORMAL M [PRESSURE DATA]
TOTAL FM JAN 1 3 HIGHEST SLP M ON M
DPTR FM NORMAL M LOWEST SLP M ON M
[REMARKS]
#FINAL-04-22#