000
CXUS52 KFFC 011010
CF6PDK
PRELIMINARY LOCAL CLIMATOLOGICAL DATA (WS FORM: F-6)
STATION: DEKALB PEACHTREE AIRPORT
MONTH: SEPTEMBER
YEAR: 2023
LATITUDE: 33 52 N
LONGITUDE: 84 18 W
TEMPERATURE IN F: :PCPN: SNOW: WIND :SUNSHINE: SKY :PK WND
================================================================================
1 2 3 4 5 6A 6B 7 8 9 10 11 12 13 14 15 16 17 18
12Z AVG MX 2MIN
DY MAX MIN AVG DEP HDD CDD WTR SNW DPTH SPD SPD DIR MIN PSBL S-S WX SPD DR
================================================================================
1 83 71 77 1 0 12 0.00 M M 3.1 10 130 M M M 22 140
2 81 66 74 -2 0 9 0.00 M M 2.4 8 120 M M M 14 150
3 86 62 74 -2 0 9 0.00 M M M 7 190 M M M 12 160
4 90 64 77 1 0 12 0.00 M M 1.5 9 200 M M M 14 180
5 88 66 77 1 0 12 0.00 M M 2.3 10 310 M M M 15 280
6 90 67 79 3 0 14 0.00 M M 3.6 14 320 M M M 20 310
7 89 69 79 4 0 14 0.00 M M 6.3 16 290 M M 1 25 310
8 84 62 73 -2 0 8 0.00 M M 3.0 12 220 M M 0 1 17 260
9 84 66 75 0 0 10 0.07 M M 2.4 12 220 M M 4 13 16 70
10 87 65 76 1 0 11 0.00 M M 1.4 8 40 M M 4 15 130
11 91 67 79 5 0 14 0.00 M M 1.5 8 10 M M 2 12 310
12 89 68 79 5 0 14 T M M 2.7 21 310 M M 2 38 29 320
13 84 70 77 3 0 12 0.34 M M 4.2 12 300 M M 6 1 16 290
14 80 69 75 1 0 10 0.12 M M 1.9 12 20 M M 7 13 16 10
15 74 65 70 -3 0 5 0.07 M M 2.6 9 70 M M 8 1 17 50
16 68 64 66 -7 0 1 0.21 M M 1.3 10 160 M M 10 1 16 170
17 80 61 71 -2 0 6 0.56 M M 5.5 16 350 M M 6 1 22 340
18 78 56 67 -5 0 2 0.00 M M 4.2 14 300 M M 0 1 21 310
19 80 53 67 -5 0 2 0.00 M M 0.6 8 190 M M 2 1 12 230
20 80 57 69 -3 0 4 0.00 M M 1.2 9 180 M M 3 13 160
21 82 62 72 0 0 7 0.00 M 0 3.1 10 30 M M 4 16 30
22 81 60 71 0 0 6 0.00 M M 1.9 12 360 M M 3 20 360
23 83 56 70 -1 0 5 0.00 M M 6.4 21 340 M M 0 29 330
24 84 53 69 -1 0 4 0.00 M M 2.8 12 260 M M 0 17 280
25 86 56 71 1 0 6 0.00 M M 2.4 13 280 M M 0 18 330
26 83 65 74 4 0 9 0.00 M M 2.3 8 80 M M 4 16 70
27 72 62 67 -2 0 2 0.00 M M 3.4 10 70 M M 9 8 19 90
28 76 60 68 -1 0 3 0.00 M M 1.7 10 30 M M 4 17 30
29 84 54 69 0 0 4 0.00 M 0 1.6 12 360 M M 1 1 16 360
30 86 60 73 5 0 8 0.00 M M 0.7 7 30 M M 1 1 11 30
================================================================================
SM 2483 1876 0 235 1.37 M 78.0 M 81
================================================================================
AV 82.8 62.5 2.7 FASTST M M 3 MAX(MPH)
MISC ----> # 21 310 # 29 320
================================================================================
NOTES:
# LAST OF SEVERAL OCCURRENCES
COLUMN 17 PEAK WIND IN M.P.H.
PRELIMINARY LOCAL CLIMATOLOGICAL DATA (WS FORM: F-6) , PAGE 2
STATION: DEKALB PEACHTREE AIRPORT
MONTH: SEPTEMBER
YEAR: 2023
LATITUDE: 33 52 N
LONGITUDE: 84 18 W
[TEMPERATURE DATA] [PRECIPITATION DATA] SYMBOLS USED IN COLUMN 16
AVERAGE MONTHLY: 72.7 TOTAL FOR MONTH: 1.37 1 = FOG OR MIST
DPTR FM NORMAL: -0.2 DPTR FM NORMAL: -2.75 2 = FOG REDUCING VISIBILITY
HIGHEST: 91 ON 11 GRTST 24HR 0.77 ON 16-17 TO 1/4 MILE OR LESS
LOWEST: 53 ON 24,19 3 = THUNDER
SNOW, ICE PELLETS, HAIL 4 = ICE PELLETS
TOTAL MONTH: M 5 = HAIL
GRTST 24HR M ON M 6 = FREEZING RAIN OR DRIZZLE
GRTST DEPTH: 0 7 = DUSTSTORM OR SANDSTORM:
VSBY 1/2 MILE OR LESS
8 = SMOKE OR HAZE
[NO. OF DAYS WITH] [WEATHER - DAYS WITH] 9 = BLOWING SNOW
X = TORNADO
MAX 32 OR BELOW: 0 0.01 INCH OR MORE: 6
MAX 90 OR ABOVE: 3 0.10 INCH OR MORE: 4
MIN 32 OR BELOW: 0 0.50 INCH OR MORE: 1
MIN 0 OR BELOW: 0 1.00 INCH OR MORE: 0
[HDD (BASE 65) ]
TOTAL THIS MO. 0 CLEAR (SCALE 0-3) 11
DPTR FM NORMAL -10 PTCLDY (SCALE 4-7) 10
TOTAL FM JUL 1 0 CLOUDY (SCALE 8-10) 9
DPTR FM NORMAL -7
[CDD (BASE 65) ]
TOTAL THIS MO. 235
DPTR FM NORMAL -10 [PRESSURE DATA]
TOTAL FM JAN 1 1674 HIGHEST SLP 30.23 ON 2
DPTR FM NORMAL -1 LOWEST SLP 29.78 ON 7
[REMARKS]
#FINAL-09-23#