000
CXUS56 KPDT 020027
CF6PDT
PRELIMINARY LOCAL CLIMATOLOGICAL DATA (WS FORM: F-6)
STATION: PENDLETON OR
MONTH: JULY
YEAR: 2022
LATITUDE: 45 40 N
LONGITUDE: 118 51 W
TEMPERATURE IN F: :PCPN: SNOW: WIND :SUNSHINE: SKY :PK WND
================================================================================
1 2 3 4 5 6A 6B 7 8 9 10 11 12 13 14 15 16 17 18
12Z AVG MX 2MIN
DY MAX MIN AVG DEP HDD CDD WTR SNW DPTH SPD SPD DIR MIN PSBL S-S WX SPD DR
================================================================================
1 91 54 73 4 0 8 0.00 0.0 0 6.1 14 330 M M 0 19 50
2 90 56 73 4 0 8 0.22 0.0 0 6.8 39 210 M M 2 38 51 210
3 82 57 70 0 0 5 T 0.0 0 8.4 20 260 M M 2 3 26 260
4 82 57 70 0 0 5 0.09 0.0 0 5.3 14 250 M M 3 18 290
5 87 52 70 0 0 5 T 0.0 0 6.0 16 320 M M 3 20 320
6 87 60 74 3 0 9 T 0.0 0 7.0 24 270 M M 4 3 31 270
7 85 66 76 5 0 11 0.00 0.0 0 7.2 16 320 M M 5 22 310
8 87 57 72 1 0 7 0.00 0.0 0 6.6 17 300 M M 1 22 310
9 88 56 72 0 0 7 0.00 0.0 0 11.6 26 260 M M 1 33 260
10 86 63 75 3 0 10 0.00 0.0 0 10.3 22 260 M M 0 31 270
11 94 55 75 3 0 10 0.00 0.0 0 6.2 13 50 M M 0 19 80
12 100 63 82 9 0 17 T 0.0 0 7.3 20 260 M M 0 3 27 250
13 94 65 80 7 0 15 0.00 0.0 0 8.4 20 270 M M 0 26 290
14 95 55 75 2 0 10 0.00 0.0 0 5.2 14 320 M M 0 8 23 310
15 94 60 77 4 0 12 0.00 0.0 0 8.2 18 270 M M 0 28 180
16 92 58 75 1 0 10 0.00 0.0 0 8.2 20 270 M M 0 26 260
17 86 62 74 0 0 9 0.00 0.0 0 14.6 32 260 M M 0 43 260
18 84 57 71 -3 0 6 0.00 0.0 0 10.7 23 260 M M 0 29 250
19 96 54 75 1 0 10 0.00 0.0 0 6.5 16 330 M M 0 22 340
20 100 60 80 6 0 15 0.00 0.0 0 7.9 15 290 M M 0 22 260
21 98 57 78 4 0 13 0.00 0.0 0 8.8 17 260 M M 0 24 310
22 91 60 76 1 0 11 0.00 0.0 0 11.6 22 260 M M 0 30 250
23 91 55 73 -2 0 8 0.00 0.0 0 7.6 18 290 M M 0 24 280
24 97 56 77 2 0 12 0.00 0.0 0 6.5 18 310 M M 0 22 320
25 102 62 82 7 0 17 0.00 0.0 0 7.5 16 320 M M 0 22 330
26 105 65 85 10 0 20 0.00 0.0 0 8.2 17 320 M M 0 8 23 300
27 106 68 87 12 0 22 0.00 0.0 0 8.0 14 330 M M 0 8 19 270
28 108 70 89 14 0 24 0.00 0.0 0 7.3 14 140 M M 0 8 20 130
29 111 71 91 16 0 26 0.00 0.0 0 7.8 21 280 M M 0 29 280
30 110 72 91 16 0 26 0.00 0.0 0 6.5 14 340 M M 0 19 330
31 101 73 87 12 0 22 0.00 0.0 0 5.4 14 150 M M 0 16 250
================================================================================
SM 2920 1876 0 390 0.31 0.0 243.7 M 21
================================================================================
AV 94.2 60.5 7.9 FASTST M M 1 MAX(MPH)
MISC ----> 39 210 51 210
================================================================================
NOTES:
# LAST OF SEVERAL OCCURRENCES
COLUMN 17 PEAK WIND IN M.P.H.
PRELIMINARY LOCAL CLIMATOLOGICAL DATA (WS FORM: F-6) , PAGE 2
STATION: PENDLETON OR
MONTH: JULY
YEAR: 2022
LATITUDE: 45 40 N
LONGITUDE: 118 51 W
[TEMPERATURE DATA] [PRECIPITATION DATA] SYMBOLS USED IN COLUMN 16
AVERAGE MONTHLY: 77.4 TOTAL FOR MONTH: 0.31 1 = FOG OR MIST
DPTR FM NORMAL: 4.4 DPTR FM NORMAL: 0.05 2 = FOG REDUCING VISIBILITY
HIGHEST: 111 ON 29 GRTST 24HR 0.22 ON 2- 2 TO 1/4 MILE OR LESS
LOWEST: 52 ON 5 3 = THUNDER
SNOW, ICE PELLETS, HAIL 4 = ICE PELLETS
TOTAL MONTH: 0.0 INCH 5 = HAIL
GRTST 24HR 0.0 6 = FREEZING RAIN OR DRIZZLE
GRTST DEPTH: 0 7 = DUSTSTORM OR SANDSTORM:
VSBY 1/2 MILE OR LESS
8 = SMOKE OR HAZE
[NO. OF DAYS WITH] [WEATHER - DAYS WITH] 9 = BLOWING SNOW
X = TORNADO
MAX 32 OR BELOW: 0 0.01 INCH OR MORE: 2
MAX 90 OR ABOVE: 21 0.10 INCH OR MORE: 1
MIN 32 OR BELOW: 0 0.50 INCH OR MORE: 0
MIN 0 OR BELOW: 0 1.00 INCH OR MORE: 0
[HDD (BASE 65) ]
TOTAL THIS MO. 0 CLEAR (SCALE 0-3) 28
DPTR FM NORMAL -9 PTCLDY (SCALE 4-7) 3
TOTAL FM JUL 1 0 CLOUDY (SCALE 8-10) 0
DPTR FM NORMAL -5
[CDD (BASE 65) ]
TOTAL THIS MO. 390
DPTR FM NORMAL 135 [PRESSURE DATA]
TOTAL FM JAN 1 465 HIGHEST SLP 30.24 ON 10
DPTR FM NORMAL 116 LOWEST SLP 29.65 ON 2
[REMARKS]
#FINAL-07-22#