000
CXUS54 KMAF 011210
CF6PEQ
PRELIMINARY LOCAL CLIMATOLOGICAL DATA (WS FORM: F-6)
STATION: PECOS MUNICIPAL AIRPORT
MONTH: JANUARY
YEAR: 2022
LATITUDE: 31 22 N
LONGITUDE: 103 31 W
TEMPERATURE IN F: :PCPN: SNOW: WIND :SUNSHINE: SKY :PK WND
================================================================================
1 2 3 4 5 6A 6B 7 8 9 10 11 12 13 14 15 16 17 18
12Z AVG MX 2MIN
DY MAX MIN AVG DEP HDD CDD WTR SNW DPTH SPD SPD DIR MIN PSBL S-S WX SPD DR
================================================================================
1 69 29 49 M 16 0 M M M 16.3 33 260 M M 1 44 260
2 47 15 31 M 34 0 M M M 4.9 15 310 M M 0 20 310
3 55 14 35 M 30 0 M M M 1.7 7 280 M M 0 M M
4 72 20 46 M 19 0 M M M 10.0 26 280 M M 0 37 260
5 65 34 50 M 15 0 M M M 6.1 12 250 M M 0 M M
6 46 27 37 M 28 0 M M M 7.4 16 30 M M 0 21 30
7 59 18 39 M 26 0 M M M 3.7 8 100 M M 0 M M
8 78 27 53 M 12 0 M M M 6.9 18 250 M M 0 28 250
9 55 41 48 M 17 0 M M M 9.6 17 340 M M 0 8 23 350
10 49 37 43 M 22 0 M M M 3.2 7 70 M M 5 M M
11 57 35 46 M 19 0 M M M 2.1 8 70 M M 2 M M
12 70 27 49 M 16 0 M M M 5.6 13 230 M M 0 18 240
13 71 29 50 M 15 0 M M M 3.4 9 220 M M 0 M M
14 78 26 52 M 13 0 M M M 11.2 29 270 M M 0 8 35 260
15 53 26 40 M 25 0 M M M 11.0 21 360 M M 1 31 360
16 69 19 44 M 21 0 M M M 9.8 22 250 M M 0 8 29 260
17 71 27 49 M 16 0 M M M 3.4 7 220 M M 0 M M
18 74 41 58 M 7 0 M M M 12.4 31 260 M M 0 8 39 270
19 69 39 54 M 11 0 M M M 12.9 22 260 M M 2 29 260
20 39 26 33 M 32 0 M M M 7.0 10 40 M M 6 M M
21 56 16 36 M 29 0 M M M 6.5 14 80 M M 0 17 80
22 49 28 39 M 26 0 M M M 8.9 15 70 M M 2 18 80
23 51 21 36 M 29 0 M M M 2.9 7 270 M M 1 M M
24 65 27 46 M 19 0 M M M 9.7 20 250 M M 0 28 250
25 66 31 49 M 16 0 M M M 6.5 21 70 M M 0 26 70
26 47 28 38 M 27 0 M M M 9.2 22 70 M M 8 1 29 80
27 53 31 42 M 23 0 M M M 2.6 8 50 M M 5 18 M M
28 49 24 37 M 28 0 M M M 3.6 10 40 M M 1 17 10
29 61 18 40 M 25 0 M M M 3.5 9 200 M M 0 M M
30 69 26 48 M 17 0 M M M 4.2 14 290 M M 1 22 320
31 69 32 51 M 14 0 M M M 4.7 10 270 M M 0 M M
================================================================================
SM 1881 839 647 0 M M 210.7 M 35
================================================================================
AV 60.7 27.1 6.8 FASTST M M 1 MAX(MPH)
MISC ----> 33 260 44 260
================================================================================
NOTES:
# LAST OF SEVERAL OCCURRENCES
COLUMN 17 PEAK WIND IN M.P.H.
PRELIMINARY LOCAL CLIMATOLOGICAL DATA (WS FORM: F-6) , PAGE 2
STATION: PECOS MUNICIPAL AIRPORT
MONTH: JANUARY
YEAR: 2022
LATITUDE: 31 22 N
LONGITUDE: 103 31 W
[TEMPERATURE DATA] [PRECIPITATION DATA] SYMBOLS USED IN COLUMN 16
AVERAGE MONTHLY: 43.9 TOTAL FOR MONTH: M 1 = FOG OR MIST
DPTR FM NORMAL: 0.0 DPTR FM NORMAL: M 2 = FOG REDUCING VISIBILITY
HIGHEST: 78 ON 14, 8 GRTST 24HR 0.01 ON 20-20 TO 1/4 MILE OR LESS
LOWEST: 14 ON 3 3 = THUNDER
SNOW, ICE PELLETS, HAIL 4 = ICE PELLETS
TOTAL MONTH: M 5 = HAIL
GRTST 24HR M ON M 6 = FREEZING RAIN OR DRIZZLE
GRTST DEPTH: M ON M 7 = DUSTSTORM OR SANDSTORM:
VSBY 1/2 MILE OR LESS
8 = SMOKE OR HAZE
[NO. OF DAYS WITH] [WEATHER - DAYS WITH] 9 = BLOWING SNOW
X = TORNADO
MAX 32 OR BELOW: 0 0.01 INCH OR MORE: 0
MAX 90 OR ABOVE: 0 0.10 INCH OR MORE: 0
MIN 32 OR BELOW: 25 0.50 INCH OR MORE: 0
MIN 0 OR BELOW: 0 1.00 INCH OR MORE: 0
[HDD (BASE 65) ]
TOTAL THIS MO. 647 CLEAR (SCALE 0-3) 27
DPTR FM NORMAL M PTCLDY (SCALE 4-7) 4
TOTAL FM JUL 1 1219 CLOUDY (SCALE 8-10) 0
DPTR FM NORMAL M
[CDD (BASE 65) ]
TOTAL THIS MO. 0
DPTR FM NORMAL M [PRESSURE DATA]
TOTAL FM JAN 1 0 HIGHEST SLP M ON M
DPTR FM NORMAL M LOWEST SLP M ON M
[REMARKS]
#FINAL-01-22#