000
CXUS54 KEWX 011010
CF6PEZ
PRELIMINARY LOCAL CLIMATOLOGICAL DATA (WS FORM: F-6)
STATION: PLEASANTON MUNICIPAL AIRPORT
MONTH: OCTOBER
YEAR: 2023
LATITUDE: 28 57 N
LONGITUDE: 98 31 W
TEMPERATURE IN F: :PCPN: SNOW: WIND :SUNSHINE: SKY :PK WND
================================================================================
1 2 3 4 5 6A 6B 7 8 9 10 11 12 13 14 15 16 17 18
12Z AVG MX 2MIN
DY MAX MIN AVG DEP HDD CDD WTR SNW DPTH SPD SPD DIR MIN PSBL S-S WX SPD DR
================================================================================
1 95 74 85 M 0 20 0.00 M M 6.6 14 90 M M 3 23 110
2 85 73 79 M 0 14 0.39 M M 2.5 7 80 M M 5 3 16 50
3 97 71 84 M 0 19 0.00 M M 2.7 7 140 M M 2 M M
4 99 79 89 M 0 24 0.00 M M 6.5 14 160 M M 4 22 160
5 77 71 74 M 0 9 0.28 M M 4.9 10 40 M M 5 17 50
6 87 69 78 M 0 13 0.00 M M 4.7 9 60 M M 1 1 16 30
7 78 66 72 M 0 7 0.00 M M 5.8 13 20 M M 0 22 10
8 79 54 67 M 0 2 0.00 M M 2.3 8 100 M M 0 M M
9 81 58 70 M 0 5 0.00 M M 3.7 9 190 M M 6 18 190
10 76 66 71 M 0 6 0.32 M M 2.6 8 160 M M 7 M M
11 80 66 73 M 0 8 0.26 M M 2.7 7 120 M M 8 1 M M
12 85 66 76 M 0 11 0.00 M M 4.8 12 140 M M 8 1 16 140
13 83 75 79 M 0 14 0.00 M M 4.1 9 50 M M 9 21 40
14 82 59 71 M 0 6 0.00 M M 6.7 16 50 M M 4 23 50
15 82 56 69 M 0 4 0.00 M M 5.4 13 20 M M 3 20 20
16 79 50 65 M 0 0 0.00 M M 4.2 12 330 M M 0 20 340
17 80 43 62 M 3 0 0.00 M M 1.9 8 130 M M 0 M M
18 84 45 65 M 0 0 0.00 M M 3.5 13 160 M M 0 17 160
19 91 56 74 M 0 9 0.00 M M 1.9 8 350 M M 0 M M
20 95 53 74 M 0 9 0.00 M M 1.2 7 270 M M 0 M M
21 94 55 75 M 0 10 0.00 M M 4.3 18 180 M M 0 22 130
22 88 67 78 M 0 13 0.00 M M 3.7 9 130 M M 3 16 150
23 86 74 80 M 0 15 0.00 M M 9.2 17 140 M M 4 26 140
24 87 75 81 M 0 16 0.02 M M 10.7 15 140 M M 9 27 140
25 92 75 84 M 0 19 0.00 M M 9.6 16 150 M M 9 24 150
26 87 76 82 M 0 17 1.00 M M 6.6 10 170 M M 7 3 21 350
27 91 77 84 M 0 19 0.02 M M 5.8 14 100 M M 6 1 16 180
28 92 75 84 M 0 19 0.00 M M 6.7 12 170 M M 6 18 140
29 91 46 69 M 0 4 0.03 M M 8.6 18 30 M M 8 30 20
30 50 44 47 M 18 0 0.05 M M 8.2 15 350 M M 10 22 360
31 64 39 52 M 13 0 0.05 M M 3.9 12 360 M M 6 17 360
================================================================================
SM 2617 1953 34 312 2.42 M 155.8 M 133
================================================================================
AV 84.4 63.0 5.0 FASTST M M 4 MAX(MPH)
MISC ----> 18 30 30 20
================================================================================
NOTES:
# LAST OF SEVERAL OCCURRENCES
COLUMN 17 PEAK WIND IN M.P.H.
PRELIMINARY LOCAL CLIMATOLOGICAL DATA (WS FORM: F-6) , PAGE 2
STATION: PLEASANTON MUNICIPAL AIRPORT
MONTH: OCTOBER
YEAR: 2023
LATITUDE: 28 57 N
LONGITUDE: 98 31 W
[TEMPERATURE DATA] [PRECIPITATION DATA] SYMBOLS USED IN COLUMN 16
AVERAGE MONTHLY: 73.7 TOTAL FOR MONTH: 2.42 1 = FOG OR MIST
DPTR FM NORMAL: 0.0 DPTR FM NORMAL: M 2 = FOG REDUCING VISIBILITY
HIGHEST: 99 ON 4 GRTST 24HR 1.00 ON 26-26 TO 1/4 MILE OR LESS
LOWEST: 39 ON 31 3 = THUNDER
SNOW, ICE PELLETS, HAIL 4 = ICE PELLETS
TOTAL MONTH: M 5 = HAIL
GRTST 24HR M ON M 6 = FREEZING RAIN OR DRIZZLE
GRTST DEPTH: M ON M 7 = DUSTSTORM OR SANDSTORM:
VSBY 1/2 MILE OR LESS
8 = SMOKE OR HAZE
[NO. OF DAYS WITH] [WEATHER - DAYS WITH] 9 = BLOWING SNOW
X = TORNADO
MAX 32 OR BELOW: 0 0.01 INCH OR MORE: 10
MAX 90 OR ABOVE: 10 0.10 INCH OR MORE: 5
MIN 32 OR BELOW: 0 0.50 INCH OR MORE: 1
MIN 0 OR BELOW: 0 1.00 INCH OR MORE: 1
[HDD (BASE 65) ]
TOTAL THIS MO. 34 CLEAR (SCALE 0-3) 11
DPTR FM NORMAL M PTCLDY (SCALE 4-7) 15
TOTAL FM JUL 1 34 CLOUDY (SCALE 8-10) 5
DPTR FM NORMAL M
[CDD (BASE 65) ]
TOTAL THIS MO. 312
DPTR FM NORMAL M [PRESSURE DATA]
TOTAL FM JAN 1 3971 HIGHEST SLP M ON M
DPTR FM NORMAL M LOWEST SLP M ON M
[REMARKS]
#FINAL-10-23#