000
CXUS56 KFGZ 010910
CF6PGA
PRELIMINARY LOCAL CLIMATOLOGICAL DATA (WS FORM: F-6)
STATION: PAGE AZ AIRPORT
MONTH: JUNE
YEAR: 2023
LATITUDE: 36 55 N
LONGITUDE: 111 27 W
TEMPERATURE IN F: :PCPN: SNOW: WIND :SUNSHINE: SKY :PK WND
================================================================================
1 2 3 4 5 6A 6B 7 8 9 10 11 12 13 14 15 16 17 18
12Z AVG MX 2MIN
DY MAX MIN AVG DEP HDD CDD WTR SNW DPTH SPD SPD DIR MIN PSBL S-S WX SPD DR
================================================================================
1 83 60 72 -3 0 7 0.00 M M 5.9 16 210 M M 1 24 130
2 83 64 74 -1 0 9 0.01 M M 7.2 20 10 M M 2 3 25 350
3 88 59 74 -2 0 9 0.00 M M 5.1 26 10 M M 0 33 20
4 88 61 75 -1 0 10 0.00 M M 4.6 14 280 M M 0 24 290
5 94 62 78 2 0 13 0.00 M M 4.7 20 160 M M 0 25 170
6 90 68 79 2 0 14 T M M 7.8 21 50 M M 0 3 26 170
7 87 62 75 -2 0 10 0.00 M M 6.4 18 160 M M 0 27 130
8 86 59 73 -5 0 8 0.00 M M 5.4 16 200 M M 0 22 190
9 87 63 75 -3 0 10 0.00 M M 3.6 18 260 M M 1 26 280
10 90 63 77 -1 0 12 0.00 M M 4.2 13 340 M M 0 18 330
11 87 63 75 -4 0 10 0.00 M M 7.7 26 170 M M 0 48 170
12 78 60 69 -10 0 4 0.07 M M 6.4 22 330 M M 2 3 35 340
13 84 56 70 -9 0 5 0.00 M M 3.8 24 360 M M 1 33 10
14 90 61 76 -4 0 11 T M M 5.4 24 180 M M 1 3 36 170
15 86 60 73 -7 0 8 0.10 M M 4.5 22 340 M M 4 3 31 340
16 80 58 69 -11 0 4 0.10 M M 5.9 24 360 M M 3 3 37 270
17 89 57 73 -8 0 8 0.00 M M 5.1 13 240 M M 0 21 230
18 94 65 80 -1 0 15 0.00 M M 7.3 20 230 M M 0 30 190
19 93 70 82 1 0 17 0.00 M M 9.4 20 220 M M 0 31 180
20 93 67 80 -2 0 15 0.00 M M 9.3 18 200 M M 0 28 210
21 93 66 80 -2 0 15 0.00 M M 5.3 15 20 M M 0 20 360
22 95 67 81 -1 0 16 0.00 M M 6.9 21 190 M M 0 32 180
23 89 69 79 -3 0 14 0.00 M M 8.7 18 210 M M 0 27 190
24 93 59 76 -7 0 11 0.00 M M 5.0 13 20 M M 0 17 30
25 97 63 80 -3 0 15 0.00 M M 7.1 16 180 M M 0 26 240
26 99 65 82 -1 0 17 0.00 M M 7.4 20 210 M M 0 34 230
27 96 65 81 -2 0 16 0.00 M M 6.5 17 200 M M 0 25 180
28 95 67 81 -3 0 16 0.00 M M 5.9 15 260 M M 0 27 280
29 94 65 80 -4 0 15 0.00 M M 7.2 20 340 M M 0 26 350
30 94 67 81 -3 0 16 0.00 M M 4.2 13 80 M M 0 15 90
================================================================================
SM 2695 1891 0 350 0.28 M 183.9 M 15
================================================================================
AV 89.8 63.0 6.1 FASTST M M 1 MAX(MPH)
MISC ----> # 26 10 48 170
================================================================================
NOTES:
# LAST OF SEVERAL OCCURRENCES
COLUMN 17 PEAK WIND IN M.P.H.
PRELIMINARY LOCAL CLIMATOLOGICAL DATA (WS FORM: F-6) , PAGE 2
STATION: PAGE AZ AIRPORT
MONTH: JUNE
YEAR: 2023
LATITUDE: 36 55 N
LONGITUDE: 111 27 W
[TEMPERATURE DATA] [PRECIPITATION DATA] SYMBOLS USED IN COLUMN 16
AVERAGE MONTHLY: 76.4 TOTAL FOR MONTH: 0.28 1 = FOG OR MIST
DPTR FM NORMAL: -3.6 DPTR FM NORMAL: 0.16 2 = FOG REDUCING VISIBILITY
HIGHEST: 99 ON 26 GRTST 24HR 0.18 ON 15-16 TO 1/4 MILE OR LESS
LOWEST: 56 ON 13 3 = THUNDER
SNOW, ICE PELLETS, HAIL 4 = ICE PELLETS
TOTAL MONTH: M 5 = HAIL
GRTST 24HR M ON M 6 = FREEZING RAIN OR DRIZZLE
GRTST DEPTH: M ON M 7 = DUSTSTORM OR SANDSTORM:
VSBY 1/2 MILE OR LESS
8 = SMOKE OR HAZE
[NO. OF DAYS WITH] [WEATHER - DAYS WITH] 9 = BLOWING SNOW
X = TORNADO
MAX 32 OR BELOW: 0 0.01 INCH OR MORE: 4
MAX 90 OR ABOVE: 16 0.10 INCH OR MORE: 2
MIN 32 OR BELOW: 0 0.50 INCH OR MORE: 0
MIN 0 OR BELOW: 0 1.00 INCH OR MORE: 0
[HDD (BASE 65) ]
TOTAL THIS MO. 0 CLEAR (SCALE 0-3) 28
DPTR FM NORMAL -2 PTCLDY (SCALE 4-7) 2
TOTAL FM JUL 1 4007 CLOUDY (SCALE 8-10) 0
DPTR FM NORMAL 354
[CDD (BASE 65) ]
TOTAL THIS MO. 350
DPTR FM NORMAL -100 [PRESSURE DATA]
TOTAL FM JAN 1 593 HIGHEST SLP M ON M
DPTR FM NORMAL -65 LOWEST SLP 29.54 ON 18
[REMARKS]
#FINAL-06-23#