000
CXUS56 KFGZ 010910
CF6PGA
PRELIMINARY LOCAL CLIMATOLOGICAL DATA (WS FORM: F-6)
STATION: PAGE AZ AIRPORT
MONTH: AUGUST
YEAR: 2023
LATITUDE: 36 55 N
LONGITUDE: 111 27 W
TEMPERATURE IN F: :PCPN: SNOW: WIND :SUNSHINE: SKY :PK WND
================================================================================
1 2 3 4 5 6A 6B 7 8 9 10 11 12 13 14 15 16 17 18
12Z AVG MX 2MIN
DY MAX MIN AVG DEP HDD CDD WTR SNW DPTH SPD SPD DIR MIN PSBL S-S WX SPD DR
================================================================================
1 91 69 80 -5 0 15 0.03 M M 4.9 20 220 M M 1 3 34 220
2 94 69 82 -2 0 17 T M M 4.8 28 280 M M 1 3 39 280
3 95 66 81 -3 0 16 T M M 4.2 16 360 M M 0 3 21 20
4 98 70 84 0 0 19 0.00 M M 4.3 12 40 M M 0 17 20
5 105 71 88 4 0 23 0.00 M M 4.6 16 110 M M 0 23 80
6 103 71 87 3 0 22 0.00 M M 5.6 16 310 M M 0 25 320
7 102 74 88 4 0 23 0.00 M M 5.9 17 290 M M 0 27 290
8 99 78 89 5 0 24 0.00 M M 7.7 20 290 M M 0 37 310
9 96 70 83 -1 0 18 T M M 6.7 17 170 M M 2 31 200
10 85 69 77 -7 0 12 0.19 M M 4.5 16 190 M M 2 3 24 230
11 92 64 78 -5 0 13 T M M 5.8 36 160 M M 2 3 57 160
12 95 70 83 0 0 18 0.09 M M 5.5 20 280 M M 1 3 32 280
13 94 69 82 -1 0 17 T M M 3.4 10 320 M M 3 21 340
14 97 72 85 2 0 20 0.00 M M 5.1 22 100 M M 1 31 100
15 95 76 86 3 0 21 0.00 M M 6.1 14 330 M M 2 3 22 320
16 98 75 87 4 0 22 T M M 3.9 12 350 M M 1 3 19 340
17 100 77 89 7 0 24 T M M 5.1 16 250 M M 0 3 27 250
18 88 73 81 -1 0 16 0.02 M M 5.7 17 200 M M 3 26 210
19 92 66 79 -3 0 14 T M M 6.4 15 330 M M 2 23 330
20 100 72 86 4 0 21 0.01 M M 8.3 28 150 M M 1 3 39 190
21 85 67 76 -6 0 11 0.10 M M 7.3 20 360 M M 6 3 26 340
22 90 65 78 -4 0 13 0.02 M M 4.6 20 90 M M 1 3 29 80
23 90 69 80 -1 0 15 T M M 6.1 24 140 M M 3 3 32 140
24 82 66 74 -7 0 9 0.25 M M 4.0 12 310 M M 6 1 16 360
25 91 67 79 -2 0 14 0.00 M M 3.0 10 40 M M 0 14 50
26 96 71 84 3 0 19 0.00 M M 3.7 10 190 M M 0 3 18 350
27 98 71 85 4 0 20 0.00 M M 3.5 10 20 M M 0 14 360
28 101 73 87 7 0 22 0.00 M M 4.2 10 120 M M 0 18 90
29 102 73 88 8 0 23 0.00 M M 6.1 16 30 M M 0 27 80
30 102 73 88 8 0 23 0.00 M M 5.2 14 290 M M 0 25 270
31 101 75 88 8 0 23 T M M 7.0 38 160 M M 1 38 50 170
================================================================================
SM 2957 2191 0 567 0.71 M 163.2 M 39
================================================================================
AV 95.4 70.7 5.3 FASTST M M 1 MAX(MPH)
MISC ----> 38 160 57 160
================================================================================
NOTES:
# LAST OF SEVERAL OCCURRENCES
COLUMN 17 PEAK WIND IN M.P.H.
PRELIMINARY LOCAL CLIMATOLOGICAL DATA (WS FORM: F-6) , PAGE 2
STATION: PAGE AZ AIRPORT
MONTH: AUGUST
YEAR: 2023
LATITUDE: 36 55 N
LONGITUDE: 111 27 W
[TEMPERATURE DATA] [PRECIPITATION DATA] SYMBOLS USED IN COLUMN 16
AVERAGE MONTHLY: 83.0 TOTAL FOR MONTH: 0.71 1 = FOG OR MIST
DPTR FM NORMAL: 0.5 DPTR FM NORMAL: -0.04 2 = FOG REDUCING VISIBILITY
HIGHEST: 105 ON 5 GRTST 24HR 0.25 ON 24-24 TO 1/4 MILE OR LESS
LOWEST: 64 ON 11 3 = THUNDER
SNOW, ICE PELLETS, HAIL 4 = ICE PELLETS
TOTAL MONTH: M 5 = HAIL
GRTST 24HR M ON M 6 = FREEZING RAIN OR DRIZZLE
GRTST DEPTH: M ON M 7 = DUSTSTORM OR SANDSTORM:
VSBY 1/2 MILE OR LESS
8 = SMOKE OR HAZE
[NO. OF DAYS WITH] [WEATHER - DAYS WITH] 9 = BLOWING SNOW
X = TORNADO
MAX 32 OR BELOW: 0 0.01 INCH OR MORE: 8
MAX 90 OR ABOVE: 27 0.10 INCH OR MORE: 3
MIN 32 OR BELOW: 0 0.50 INCH OR MORE: 0
MIN 0 OR BELOW: 0 1.00 INCH OR MORE: 0
[HDD (BASE 65) ]
TOTAL THIS MO. 0 CLEAR (SCALE 0-3) 28
DPTR FM NORMAL 0 PTCLDY (SCALE 4-7) 3
TOTAL FM JUL 1 0 CLOUDY (SCALE 8-10) 0
DPTR FM NORMAL 0
[CDD (BASE 65) ]
TOTAL THIS MO. 567
DPTR FM NORMAL 26 [PRESSURE DATA]
TOTAL FM JAN 1 1932 HIGHEST SLP M ON M
DPTR FM NORMAL 105 LOWEST SLP 29.63 ON 31
[REMARKS]
#FINAL-08-23#