000
CXUS51 KPBZ 010730
CF6PHD
PRELIMINARY LOCAL CLIMATOLOGICAL DATA (WS FORM: F-6)
STATION: NEW PHILADELPHIA OH
MONTH: SEPTEMBER
YEAR: 2021
LATITUDE: 40 28 N
LONGITUDE: 81 25 W
TEMPERATURE IN F: :PCPN: SNOW: WIND :SUNSHINE: SKY :PK WND
================================================================================
1 2 3 4 5 6A 6B 7 8 9 10 11 12 13 14 15 16 17 18
12Z AVG MX 2MIN
DY MAX MIN AVG DEP HDD CDD WTR SNW DPTH SPD SPD DIR MIN PSBL S-S WX SPD DR
================================================================================
1 76 56 66 -3 0 1 0.63 M M 6.4 16 360 M M 6 1 25 10
2 77 52 65 -4 0 0 0.00 M M 3.5 14 330 M M 1 18 330
3 76 47 62 -6 3 0 0.00 M M 1.6 8 10 M M 2 12 11 320
4 78 59 69 1 0 4 0.02 M M 2.5 10 190 M M 4 1 18 240
5 78 57 68 0 0 3 0.17 M M 3.7 14 340 M M 7 1 19 330
6 80 54 67 -1 0 2 0.00 M M 3.0 12 300 M M 5 12 17 250
7 83 55 69 2 0 4 0.00 M M 4.3 15 190 M M 1 1 21 190
8 77 59 68 1 0 3 T M M 4.1 14 160 M M 6 1 19 160
9 74 53 64 -3 1 0 0.00 M M 4.9 16 320 M M 6 12 24 310
10 77 52 65 -2 0 0 0.00 M M 2.6 12 310 M M 5 12 17 290
11 79 51 65 -1 0 0 0.00 M M 5.8 15 170 M M 1 1 21 190
12 85 65 75 9 0 10 0.00 M M 6.1 14 230 M M 0 21 240
13 82 66 74 8 0 9 0.00 M M 3.1 13 180 M M 2 18 180
14 87 66 77 12 0 12 T M M 6.7 15 180 M M 2 1 21 210
15 75 55 65 0 0 0 0.01 M M 2.9 13 340 M M 5 13 17 340
16 82 51 67 2 0 2 0.00 M M 2.4 9 100 M M 4 12 13 40
17 87 59 73 9 0 8 0.00 M M 2.9 8 180 M M 3 12 11 130
18 88 62 75 11 0 10 0.00 M M 0.8 8 10 M M 4 12 11 30
19 86 59 73 9 0 8 0.00 M M 1.8 9 80 M M 1 1 13 40
20 87 60 74 11 0 9 0.00 M M 4.8 15 170 M M 1 21 190
21 72 65 69 6 0 4 0.70 M M 5.3 12 170 M M 9 1 17 190
22 81 55 68 5 0 3 0.77 M M 7.1 16 120 M M 10 123 22 140
23 57 50 54 -8 11 0 0.14 M M 6.1 16 230 M M 9 1 22 220
24 72 48 60 -2 5 0 0.00 M M 4.7 14 210 M M 1 20 210
25 68 47 58 -4 7 0 0.00 M M 4.3 12 260 M M 2 12 19 240
26 74 44 59 -2 6 0 0.00 M M 4.8 15 240 M M 4 12 20 270
27 81 53 67 6 0 2 T M M 5.9 17 200 M M 0 24 190
28 78 51 65 5 0 0 T M M 4.1 12 330 M M 5 17 330
29 75 46 61 1 4 0 0.00 M M 0.9 8 340 M M 1 8 10 330
30 73 44 59 -1 6 0 0.00 M M 1.7 10 360 M M 0 15 20
================================================================================
SM 2345 1641 43 94 2.44 M 118.8 M 107
================================================================================
AV 78.2 54.7 4.0 FASTST M M 4 MAX(MPH)
MISC ----> 17 200 25 10
================================================================================
NOTES:
# LAST OF SEVERAL OCCURRENCES
COLUMN 17 PEAK WIND IN M.P.H.
PRELIMINARY LOCAL CLIMATOLOGICAL DATA (WS FORM: F-6) , PAGE 2
STATION: NEW PHILADELPHIA OH
MONTH: SEPTEMBER
YEAR: 2021
LATITUDE: 40 28 N
LONGITUDE: 81 25 W
[TEMPERATURE DATA] [PRECIPITATION DATA] SYMBOLS USED IN COLUMN 16
AVERAGE MONTHLY: 66.4 TOTAL FOR MONTH: 2.44 1 = FOG OR MIST
DPTR FM NORMAL: 1.7 DPTR FM NORMAL: -0.53 2 = FOG REDUCING VISIBILITY
HIGHEST: 88 ON 18 GRTST 24HR 1.12 ON 31- 1 TO 1/4 MILE OR LESS
LOWEST: 44 ON 30,26 3 = THUNDER
SNOW, ICE PELLETS, HAIL 4 = ICE PELLETS
TOTAL MONTH: M 5 = HAIL
GRTST 24HR M ON M 6 = FREEZING RAIN OR DRIZZLE
GRTST DEPTH: M ON M 7 = DUSTSTORM OR SANDSTORM:
VSBY 1/2 MILE OR LESS
8 = SMOKE OR HAZE
[NO. OF DAYS WITH] [WEATHER - DAYS WITH] 9 = BLOWING SNOW
X = TORNADO
MAX 32 OR BELOW: 0 0.01 INCH OR MORE: 7
MAX 90 OR ABOVE: 0 0.10 INCH OR MORE: 5
MIN 32 OR BELOW: 0 0.50 INCH OR MORE: 3
MIN 0 OR BELOW: 0 1.00 INCH OR MORE: 0
[HDD (BASE 65) ]
TOTAL THIS MO. 43 CLEAR (SCALE 0-3) 15
DPTR FM NORMAL -47 PTCLDY (SCALE 4-7) 12
TOTAL FM JUL 1 43 CLOUDY (SCALE 8-10) 3
DPTR FM NORMAL -59
[CDD (BASE 65) ]
TOTAL THIS MO. 94
DPTR FM NORMAL 13 [PRESSURE DATA]
TOTAL FM JAN 1 934 HIGHEST SLP M ON M
DPTR FM NORMAL 167 LOWEST SLP 29.64 ON 22
[REMARKS]
#FINAL-09-21#