000
CXUS53 KUNR 041721
CF6PHP
PRELIMINARY LOCAL CLIMATOLOGICAL DATA (WS FORM: F-6)
STATION: PHILIP SD
MONTH: MARCH
YEAR: 2023
LATITUDE: 44 3 N
LONGITUDE: 101 36 W
TEMPERATURE IN F: :PCPN: SNOW: WIND :SUNSHINE: SKY :PK WND
================================================================================
1 2 3 4 5 6A 6B 7 8 9 10 11 12 13 14 15 16 17 18
12Z AVG MX 2MIN
DY MAX MIN AVG DEP HDD CDD WTR SNW DPTH SPD SPD DIR MIN PSBL S-S WX SPD DR
================================================================================
1 34 20 27 -2 38 0 0.00 M M 12.1 26 310 M M 7 36 320
2 45 19 32 2 33 0 T M M 5.9 15 270 M M 3 1 20 120
3 48 25 37 7 28 0 T M M 7.0 20 330 M M 4 26 350
4 44 21 33 2 32 0 0.02 M M 8.1 20 240 M M 3 1 24 250
5 44 28 36 5 29 0 0.05 M M 11.5 21 130 M M 6 1 28 130
6 28 13 21 -10 44 0 T M M 12.4 17 80 M M 10 16 23 30
7 19 10 15 -17 50 0 0.08 M M 10.8 17 70 M M 10 1 20 60
8 22 14 18 -14 47 0 0.00 M M M M M M M 10 1 M M
9 22 2 12 -21 53 0 0.11 M M M M M M M 6 1 M M
10 33 5 19 -14 46 0 0.00 M M M M M M M 9 1 M M
11 38 20 29 -5 36 0 0.00 M M M M M M M 2 M M
12 24 9 17 -17 48 0 T M M M M M M M 3 M M
13 M 5 M M M M 0.00 M M M M M M M 1 M M
14 M M M M M M 0.00 M M M M M M M 0 M M
15 M M M M M M 0.00 M M M M M M M 0 M M
16 M M M M M M 0.00 M M M M M M M 0 M M
17 M M M M M M 0.00 M M M M M M M 0 M M
18 M M M M M M 0.00 M M M M M M M 0 M M
19 M M M M M M 0.00 M M M M M M M 0 M M
20 39 M M M M M 0.00 M M M M M M M 2 M M
21 32 19 26 -12 39 0 0.00 M M M M M M M 7 12 M M
22 32 12 22 -16 43 0 0.00 M M 3.9 8 100 M M 5 10 110
23 38 23 31 -7 34 0 0.02 M M 5.4 10 100 M M 8 1 16 140
24 55 17 36 -3 29 0 0.00 M M 4.6 12 60 M M 2 12 16 30
25 33 20 27 -12 38 0 0.00 M M 7.2 15 50 M M 7 12 21 50
26 35 19 27 -13 38 0 0.00 M M 4.6 10 110 M M 6 15 170
27 34 18 26 -14 39 0 0.00 M M 8.4 17 60 M M 7 21 60
28 44 19 32 -8 33 0 0.00 M M 10.6 22 80 M M 2 26 60
29 38 13 26 -14 39 0 0.00 M M 10.4 20 140 M M 3 26 100
30 48 21 35 -6 30 0 0.00 M M 12.9 22 60 M M 1 1 27 60
31 27 14 21 -20 44 0 0.42 M M 18.8 40 350 M M 8 12 49 340
================================================================================
SM 856 386 890 0 0.70 M 154.6 M 132
================================================================================
AV 35.7 16.1 9.1 FASTST M M 4 MAX(MPH)
MISC ----> 40 350 49 340
================================================================================
NOTES:
# LAST OF SEVERAL OCCURRENCES
COLUMN 17 PEAK WIND IN M.P.H.
PRELIMINARY LOCAL CLIMATOLOGICAL DATA (WS FORM: F-6) , PAGE 2
STATION: PHILIP SD
MONTH: MARCH
YEAR: 2023
LATITUDE: 44 3 N
LONGITUDE: 101 36 W
[TEMPERATURE DATA] [PRECIPITATION DATA] SYMBOLS USED IN COLUMN 16
AVERAGE MONTHLY: 25.9 TOTAL FOR MONTH: 0.70 1 = FOG OR MIST
DPTR FM NORMAL: -9.6 DPTR FM NORMAL: -0.19 2 = FOG REDUCING VISIBILITY
HIGHEST: 55 ON 24 GRTST 24HR 0.42 ON 31-31 TO 1/4 MILE OR LESS
LOWEST: 2 ON 9 3 = THUNDER
SNOW, ICE PELLETS, HAIL 4 = ICE PELLETS
TOTAL MONTH: M 5 = HAIL
GRTST 24HR M ON M 6 = FREEZING RAIN OR DRIZZLE
GRTST DEPTH: M ON M 7 = DUSTSTORM OR SANDSTORM:
VSBY 1/2 MILE OR LESS
8 = SMOKE OR HAZE
[NO. OF DAYS WITH] [WEATHER - DAYS WITH] 9 = BLOWING SNOW
X = TORNADO
MAX 32 OR BELOW: 8 0.01 INCH OR MORE: 6
MAX 90 OR ABOVE: 0 0.10 INCH OR MORE: 2
MIN 32 OR BELOW: 24 0.50 INCH OR MORE: 0
MIN 0 OR BELOW: 0 1.00 INCH OR MORE: 0
[HDD (BASE 65) ]
TOTAL THIS MO. 890 CLEAR (SCALE 0-3) 15
DPTR FM NORMAL -25 PTCLDY (SCALE 4-7) 11
TOTAL FM JUL 1 6176 CLOUDY (SCALE 8-10) 5
DPTR FM NORMAL -28
[CDD (BASE 65) ]
TOTAL THIS MO. 0
DPTR FM NORMAL 0 [PRESSURE DATA]
TOTAL FM JAN 1 0 HIGHEST SLP 30.47 ON 27
DPTR FM NORMAL 0 LOWEST SLP 29.57 ON 30
[REMARKS]
#FINAL-03-23#