000
CXUS53 KILX 010900
CF6PIA
PRELIMINARY LOCAL CLIMATOLOGICAL DATA (WS FORM: F-6)
STATION: PEORIA IL
MONTH: OCTOBER
YEAR: 2021
LATITUDE: 40 40 N
LONGITUDE: 89 41 W
TEMPERATURE IN F: :PCPN: SNOW: WIND :SUNSHINE: SKY :PK WND
================================================================================
1 2 3 4 5 6A 6B 7 8 9 10 11 12 13 14 15 16 17 18
12Z AVG MX 2MIN
DY MAX MIN AVG DEP HDD CDD WTR SNW DPTH SPD SPD DIR MIN PSBL S-S WX SPD DR
================================================================================
1 87 63 75 14 0 10 0.04 0.0 0 5.0 17 230 M M 2 18 24 150
2 75 68 72 11 0 7 0.20 0.0 0 5.6 12 240 M M 7 13 16 240
3 78 65 72 12 0 7 0.16 0.0 0 5.9 15 290 M M 7 13 23 270
4 72 61 67 7 0 2 0.13 0.0 0 4.6 9 70 M M 7 1 16 30
5 70 61 66 6 0 1 T 0.0 0 6.2 13 60 M M 8 1 19 40
6 72 64 68 9 0 3 0.13 0.0 0 10.2 17 70 M M 9 18 23 70
7 79 64 72 13 0 7 1.03 0.0 0 3.6 14 160 M M 7 13 18 160
8 78 60 69 11 0 4 T 0.0 0 1.7 8 210 M M 5 12 11 220
9 83 59 71 13 0 6 0.00 0.0 0 6.9 16 170 M M 0 1 22 170
10 83 69 76 19 0 11 0.00 0.0 0 8.7 18 190 M M 1 8 27 190
11 74 61 68 11 0 3 0.96 0.0 0 11.5 26 250 M M 7 13 38 240
12 75 54 65 8 0 0 T 0.0 0 6.9 16 250 M M 3 1 25 240
13 76 54 65 9 0 0 0.78 0.0 0 8.7 20 170 M M 5 13 26 170
14 72 55 64 8 1 0 0.69 0.0 0 3.0 16 250 M M 8 13 21 230
15 65 48 57 2 8 0 0.02 0.0 0 5.8 13 350 M M 6 24 340
16 62 42 52 -3 13 0 0.00 0.0 0 7.0 18 310 M M 0 30 310
17 69 43 56 2 9 0 0.00 0.0 0 4.0 13 300 M M 0 20 300
18 75 44 60 6 5 0 0.00 0.0 0 4.0 14 220 M M 0 19 210
19 70 49 60 6 5 0 0.00 0.0 0 7.5 17 190 M M 0 23 180
20 76 51 64 11 1 0 T 0.0 0 10.4 22 260 M M 3 30 250
21 57 49 53 0 12 0 0.00 0.0 0 10.1 20 270 M M 8 8 28 280
22 57 47 52 0 13 0 0.03 0.0 0 3.9 12 280 M M 9 1 17 300
23 56 39 48 -4 17 0 0.00 0.0 0 3.8 10 90 M M 8 13 90
24 58 47 53 1 12 0 3.98 0.0 0 11.3 25 280 M M 10 13 36 280
25 54 41 48 -3 17 0 0.12 0.0 0 8.1 17 360 M M 7 18 30 20
26 58 37 48 -3 17 0 0.00 0.0 0 4.6 13 70 M M 0 17 60
27 61 44 53 3 12 0 0.00 0.0 0 9.7 17 140 M M 1 26 100
28 53 48 51 1 14 0 0.38 0.0 0 8.5 17 60 M M 10 1 24 60
29 54 51 53 4 12 0 1.03 0.0 0 9.0 15 360 M M 10 1 27 10
30 62 47 55 6 10 0 0.00 0.0 0 6.3 13 360 M M 7 22 10
31 57 38 48 -1 17 0 0.00 0.0 0 7.5 16 310 M M 3 27 300
================================================================================
SM 2118 1623 195 61 9.68 0.0 210.0 M 158
================================================================================
AV 68.3 52.4 6.8 FASTST M M 5 MAX(MPH)
MISC ----> 26 250 38 240
================================================================================
NOTES:
# LAST OF SEVERAL OCCURRENCES
COLUMN 17 PEAK WIND IN M.P.H.
PRELIMINARY LOCAL CLIMATOLOGICAL DATA (WS FORM: F-6) , PAGE 2
STATION: PEORIA IL
MONTH: OCTOBER
YEAR: 2021
LATITUDE: 40 40 N
LONGITUDE: 89 41 W
[TEMPERATURE DATA] [PRECIPITATION DATA] SYMBOLS USED IN COLUMN 16
AVERAGE MONTHLY: 60.3 TOTAL FOR MONTH: 9.68 1 = FOG OR MIST
DPTR FM NORMAL: 5.4 DPTR FM NORMAL: 6.51 2 = FOG REDUCING VISIBILITY
HIGHEST: 87 ON 1 GRTST 24HR 4.03 ON 24-25 TO 1/4 MILE OR LESS
LOWEST: 37 ON 26 3 = THUNDER
SNOW, ICE PELLETS, HAIL 4 = ICE PELLETS
TOTAL MONTH: 0.0 INCH 5 = HAIL
GRTST 24HR 0.0 6 = FREEZING RAIN OR DRIZZLE
GRTST DEPTH: 0 7 = DUSTSTORM OR SANDSTORM:
VSBY 1/2 MILE OR LESS
8 = SMOKE OR HAZE
[NO. OF DAYS WITH] [WEATHER - DAYS WITH] 9 = BLOWING SNOW
X = TORNADO
MAX 32 OR BELOW: 0 0.01 INCH OR MORE: 15
MAX 90 OR ABOVE: 0 0.10 INCH OR MORE: 12
MIN 32 OR BELOW: 0 0.50 INCH OR MORE: 6
MIN 0 OR BELOW: 0 1.00 INCH OR MORE: 3
[HDD (BASE 65) ]
TOTAL THIS MO. 195 CLEAR (SCALE 0-3) 11
DPTR FM NORMAL -140 PTCLDY (SCALE 4-7) 12
TOTAL FM JUL 1 208 CLOUDY (SCALE 8-10) 8
DPTR FM NORMAL -197
[CDD (BASE 65) ]
TOTAL THIS MO. 61
DPTR FM NORMAL 39 [PRESSURE DATA]
TOTAL FM JAN 1 1361 HIGHEST SLP 30.28 ON 31
DPTR FM NORMAL 205 LOWEST SLP 29.45 ON 28
[REMARKS]
#FINAL-10-21#