000
CXUS53 KILX 011000
CF6PIA
PRELIMINARY LOCAL CLIMATOLOGICAL DATA (WS FORM: F-6)
STATION: PEORIA IL
MONTH: DECEMBER
YEAR: 2020
LATITUDE: 40 40 N
LONGITUDE: 89 41 W
TEMPERATURE IN F: :PCPN: SNOW: WIND :SUNSHINE: SKY :PK WND
================================================================================
1 2 3 4 5 6A 6B 7 8 9 10 11 12 13 14 15 16 17 18
12Z AVG MX 2MIN
DY MAX MIN AVG DEP HDD CDD WTR SNW DPTH SPD SPD DIR MIN PSBL S-S WX SPD DR
================================================================================
1 38 19 29 -5 36 0 0.00 0.0 0 4.0 12 310 M M 0 18 310
2 47 18 33 0 32 0 0.00 0.0 0 0.8 6 200 M M 0 8 250
3 49 19 34 1 31 0 0.00 0.0 0 5.3 15 270 M M 1 21 240
4 49 28 39 7 26 0 0.00 0.0 0 6.4 15 240 M M 0 21 290
5 45 24 35 3 30 0 0.00 0.0 0 2.4 8 120 M M 1 18 11 100
6 43 30 37 5 28 0 0.00 0.0 0 3.6 9 50 M M 8 16 90
7 43 31 37 6 28 0 0.00 0.0 0 4.8 9 310 M M 6 15 320
8 36 30 33 2 32 0 0.00 0.0 0 6.8 15 210 M M 8 18 20 210
9 57 30 44 14 21 0 0.00 0.0 0 2.6 9 270 M M 0 18 12 240
10 59 30 45 15 20 0 0.00 0.0 0 3.8 13 180 M M 0 18 18 220
11 45 35 40 10 25 0 0.51 0.0 0 9.4 21 70 M M 5 18 29 80
12 41 32 37 8 28 0 0.15 T 0 7.0 14 50 M M 10 1 18 330
13 36 26 31 2 34 0 0.00 0.0 0 5.6 14 300 M M 7 24 320
14 33 23 28 -1 37 0 0.00 0.0 0 6.1 15 300 M M 2 22 290
15 32 22 27 -1 38 0 0.00 0.0 0 9.8 21 70 M M 0 30 80
16 31 25 28 0 37 0 0.03 0.5 T 5.4 14 70 M M 9 18 17 70
17 35 23 29 1 36 0 0.00 0.0 T 2.9 9 220 M M 4 18 12 250
18 39 23 31 3 34 0 0.00 0.0 0 9.9 21 170 M M 2 8 32 180
19 45 34 40 13 25 0 0.00 0.0 0 9.5 20 210 M M 9 8 28 210
20 45 25 35 8 30 0 0.00 0.0 0 8.3 18 190 M M 3 24 190
21 50 32 41 14 24 0 0.00 0.0 0 12.7 30 300 M M 3 49 280
22 47 23 35 8 30 0 0.00 0.0 0 9.6 22 180 M M 2 32 170
23 59 23 41 15 24 0 0.06 T 0 19.8 33 260 M M 6 3 51 210
24 23 7 15 -11 50 0 T T 0 13.8 29 280 M M 6 8 44 280
25 22 6 14 -12 51 0 T T 0 9.8 17 270 M M 2 8 23 270
26 39 14 27 1 38 0 0.00 0.0 0 3.5 10 160 M M 0 13 220
27 50 27 39 13 26 0 T 0.0 0 10.0 23 300 M M 3 33 300
28 30 16 23 -3 42 0 0.00 0.0 0 7.4 16 300 M M 8 27 300
29 34 16 25 -1 40 0 0.15 0.5 0 8.7 22 140 M M 6 168 35 130
30 37 25 31 6 34 0 0.37 0.0 T 10.7 21 150 M M 9 16 32 320
31 29 21 25 0 40 0 0.00 0.0 0 6.0 13 90 M M 7 17 290
================================================================================
SM 1268 737 1007 0 1.27 1.0 226.4 M 127
================================================================================
AV 40.9 23.8 7.3 FASTST M M 4 MAX(MPH)
MISC ----> 33 260 51 210
================================================================================
NOTES:
# LAST OF SEVERAL OCCURRENCES
COLUMN 17 PEAK WIND IN M.P.H.
PRELIMINARY LOCAL CLIMATOLOGICAL DATA (WS FORM: F-6) , PAGE 2
STATION: PEORIA IL
MONTH: DECEMBER
YEAR: 2020
LATITUDE: 40 40 N
LONGITUDE: 89 41 W
[TEMPERATURE DATA] [PRECIPITATION DATA] SYMBOLS USED IN COLUMN 16
AVERAGE MONTHLY: 32.3 TOTAL FOR MONTH: 1.27 1 = FOG OR MIST
DPTR FM NORMAL: 3.7 DPTR FM NORMAL: -1.15 2 = FOG REDUCING VISIBILITY
HIGHEST: 59 ON 23,10 GRTST 24HR 0.62 ON 11-12 TO 1/4 MILE OR LESS
LOWEST: 6 ON 25 3 = THUNDER
SNOW, ICE PELLETS, HAIL 4 = ICE PELLETS
TOTAL MONTH: 1.0 INCH 5 = HAIL
GRTST 24HR 0.5 ON 16-16 6 = FREEZING RAIN OR DRIZZLE
GRTST DEPTH: T 7 = DUSTSTORM OR SANDSTORM:
VSBY 1/2 MILE OR LESS
8 = SMOKE OR HAZE
[NO. OF DAYS WITH] [WEATHER - DAYS WITH] 9 = BLOWING SNOW
X = TORNADO
MAX 32 OR BELOW: 6 0.01 INCH OR MORE: 6
MAX 90 OR ABOVE: 0 0.10 INCH OR MORE: 4
MIN 32 OR BELOW: 29 0.50 INCH OR MORE: 1
MIN 0 OR BELOW: 0 1.00 INCH OR MORE: 0
[HDD (BASE 65) ]
TOTAL THIS MO. 1007 CLEAR (SCALE 0-3) 15
DPTR FM NORMAL -123 PTCLDY (SCALE 4-7) 12
TOTAL FM JUL 1 2040 CLOUDY (SCALE 8-10) 4
DPTR FM NORMAL -238
[CDD (BASE 65) ]
TOTAL THIS MO. 0
DPTR FM NORMAL 0 [PRESSURE DATA]
TOTAL FM JAN 1 1142 HIGHEST SLP 30.58 ON 29
DPTR FM NORMAL 103 LOWEST SLP 29.43 ON 23
[REMARKS]
#FINAL-12-20#