931
CXUS53 KILX 011536
CLSPIA
CLIMATE REPORT
NATIONAL WEATHER SERVICE LINCOLN IL
1034 AM CDT TUE SEP 1 2020
...................................
...THE PEORIA IL CLIMATE SUMMARY FOR THE SEASON, FROM
6/1/2020 TO 8/31/2020...
CLIMATE NORMAL PERIOD 1981 TO 2010
CLIMATE RECORD PERIOD 1883 TO 2020
WEATHER OBSERVED NORMAL DEPART LAST YEAR`S
VALUE DATE(S) VALUE FROM VALUE
NORMAL
.............................................................
TEMPERATURE (F)
RECORD
HIGH 113 07/15/1936
LOW 39 06/01/1993
06/04/1945
HIGHEST 96 07/06 MM MM 95
LOWEST 53 06/15 MM MM 50
AVG. MAXIMUM 86.0 83.9 2.1 84.1
AVG. MINIMUM 64.7 63.6 1.1 64.8
MEAN 75.3 73.7 1.6 74.5
DAYS MAX >= 90 24 16.5 7.5 16
DAYS MAX <= 32 0 0.0 0.0 0
DAYS MIN <= 32 0 0.0 0.0 0
DAYS MIN <= 0 0 0.0 0.0 0
PRECIPITATION (INCHES)
RECORD
MAXIMUM 24.27 1902
MINIMUM 3.04 1988
TOTALS 11.28 10.62 0.66 10.92
DAILY AVG. 0.12 0.12
DAYS >= .01 18 28.3 -10.3 27
DAYS >= .10 13 18.3 -5.3 17
DAYS >= .50 6 7.5 -1.5 8
DAYS >= 1.00 2 2.9 -0.9 4
GREATEST
24 HR. TOTAL 5.19 07/15 2.05
SNOWFALL (INCHES)
RECORDS
TOTAL 0.0 MM
24 HR TOTAL 0.0 MM
TOTALS 0.0 0.0 0.0 0.0
SINCE 7/1 0.0 0.0 0.0 0.0
DAYS >= TRACE 0 0.0 0.0 0
DAYS >= 1.0 0 0.0 0.0 0
GREATEST
SNOW DEPTH 0 MM 0
24 HR TOTAL 0.0 MM 0.0
DEGREE_DAYS
HEATING TOTAL 0 24 -24 5
SINCE 7/1 0 6 -6 0
COOLING TOTAL 979 826 153 901
SINCE 1/1 1047 907 140 982
FREEZE DATES
RECORD
EARLIEST 09/20/1991
LATEST 05/25/1925
EARLIEST 10/14
LATEST 04/19
..............................................................
WIND (MPH)
AVERAGE WIND SPEED 5.9
HIGHEST WIND SPEED/DIRECTION 35/210 DATE 06/20
HIGHEST GUST SPEED/DIRECTION 58/310 DATE 08/10
SKY COVER
POSSIBLE SUNSHINE (PERCENT) MM
AVERAGE SKY COVER 0.20
NUMBER OF DAYS FAIR 78
NUMBER OF DAYS PC 13
NUMBER OF DAYS CLOUDY 1
AVERAGE RH (PERCENT) 68
WEATHER CONDITIONS. NUMBER OF DAYS WITH
THUNDERSTORM 17 MIXED PRECIP 0
HEAVY RAIN 11 RAIN 8
LIGHT RAIN 27 FREEZING RAIN 0
LT FREEZING RAIN 0 HAIL 0
HEAVY SNOW 0 SNOW 0
LIGHT SNOW 0 SLEET 0
FOG 23 FOG W/VIS <= 1/4 MILE 3
HAZE 7
- INDICATES NEGATIVE NUMBERS.
R INDICATES RECORD WAS SET OR TIED.
MM INDICATES DATA IS MISSING.
T INDICATES TRACE AMOUNT.
NO RECORDS WERE ESTABLISHED FOR THE SUMMER SEASON.
$$
GEELHART