000
CXUS53 KABR 021138
CF6PIR
PRELIMINARY LOCAL CLIMATOLOGICAL DATA (WS FORM: F-6)
STATION: PIERRE SD
MONTH: APRIL
YEAR: 2023
LATITUDE: 44 22 N
LONGITUDE: 100 17 W
TEMPERATURE IN F: :PCPN: SNOW: WIND :SUNSHINE: SKY :PK WND
================================================================================
1 2 3 4 5 6A 6B 7 8 9 10 11 12 13 14 15 16 17 18
12Z AVG MX 2MIN
DY MAX MIN AVG DEP HDD CDD WTR SNW DPTH SPD SPD DIR MIN PSBL S-S WX SPD DR
================================================================================
1 37 11 24 -17 41 0 0.00 0.0 10 9.3 18 330 M M 0 1 24 330
2 52 31 42 1 23 0 0.00 0.0 7 12.4 28 290 M M 3 36 300
3 39 30 35 -7 30 0 0.00 0.0 3 8.6 15 60 M M 6 19 60
4 30 19 25 -17 40 0 0.68 9.0 6 22.5 32 340 M M 10 128 42 340
5 29 12 21 -21 44 0 0.10 1.0 12 21.0 36 310 M M 4 189 51 310
6 37 8 23 -20 42 0 0.00 0.0 8 4.0 12 240 M M 0 14 240
7 47 14 31 -12 34 0 0.00 0.0 7 8.0 17 60 M M 0 1 22 50
8 50 24 37 -6 28 0 0.00 0.0 6 5.6 15 70 M M 0 1 18 70
9 70 29 50 6 15 0 0.00 0.0 4 5.0 13 320 M M 0 1 15 70
10 77 31 54 10 11 0 0.00 0.0 3 3.8 20 200 M M 0 27 210
11 94 45 70 26 0 5 0.00 0.0 0 12.4 30 250 M M 0 40 270
12 69 43 56 11 9 0 0.00 0.0 0 12.6 28 60 M M 0 41 50
13 60 39 50 5 15 0 0.01 0.0 0 10.3 30 350 M M 1 37 350
14 51 38 45 0 20 0 0.09 0.0 0 15.5 25 340 M M 10 37 320
15 49 30 40 -6 25 0 0.00 0.0 0 14.4 29 330 M M 6 35 360
16 58 29 44 -2 21 0 0.00 0.0 0 13.4 26 330 M M 0 35 340
17 62 24 43 -3 22 0 0.00 0.0 0 11.6 22 120 M M 0 28 120
18 66 36 51 4 14 0 0.10 0.0 0 18.6 31 140 M M 1 3 42 120
19 61 37 49 2 16 0 0.00 0.0 0 7.7 22 330 M M 2 1 29 330
20 49 35 42 -5 23 0 0.00 0.0 0 23.7 36 300 M M 4 54 310
21 39 30 35 -13 30 0 T T T 23.1 35 340 M M 10 1 50 300
22 48 25 37 -11 28 0 0.00 0.0 T 12.4 25 330 M M 5 31 330
23 53 21 37 -11 28 0 0.00 0.0 0 3.5 16 320 M M 1 27 310
24 60 22 41 -8 24 0 0.00 0.0 0 13.1 26 80 M M 0 38 80
25 52 35 44 -5 21 0 0.14 0.0 0 11.8 21 90 M M 8 28 90
26 75 36 56 6 9 0 T 0.0 0 10.7 24 270 M M 3 32 260
27 69 37 53 3 12 0 0.11 0.0 0 13.3 33 330 M M 6 1 43 330
28 61 36 49 -1 16 0 0.00 0.0 0 11.3 26 350 M M 6 35 360
29 65 41 53 2 12 0 0.00 0.0 0 19.0 36 350 M M 3 50 330
30 59 30 45 -6 20 0 0.00 0.0 0 13.8 25 360 M M 1 38 360
================================================================================
SM 1668 878 673 5 1.23 10.0 372.4 M 90
================================================================================
AV 55.6 29.3 12.4 FASTST M M 3 MAX(MPH)
MISC ----> # 36 310 54 310
================================================================================
NOTES:
# LAST OF SEVERAL OCCURRENCES
COLUMN 17 PEAK WIND IN M.P.H.
PRELIMINARY LOCAL CLIMATOLOGICAL DATA (WS FORM: F-6) , PAGE 2
STATION: PIERRE SD
MONTH: APRIL
YEAR: 2023
LATITUDE: 44 22 N
LONGITUDE: 100 17 W
[TEMPERATURE DATA] [PRECIPITATION DATA] SYMBOLS USED IN COLUMN 16
AVERAGE MONTHLY: 42.4 TOTAL FOR MONTH: 1.23 1 = FOG OR MIST
DPTR FM NORMAL: -3.5 DPTR FM NORMAL: -0.70 2 = FOG REDUCING VISIBILITY
HIGHEST: 94 ON 11 GRTST 24HR 0.68 ON 4- 4 TO 1/4 MILE OR LESS
LOWEST: 8 ON 6 3 = THUNDER
SNOW, ICE PELLETS, HAIL 4 = ICE PELLETS
TOTAL MONTH: 20.0 INCHES 5 = HAIL
GRTST 24HR 9.0 ON 4- 4 6 = FREEZING RAIN OR DRIZZLE
GRTST DEPTH: 12 ON 5 7 = DUSTSTORM OR SANDSTORM:
VSBY 1/2 MILE OR LESS
8 = SMOKE OR HAZE
[NO. OF DAYS WITH] [WEATHER - DAYS WITH] 9 = BLOWING SNOW
X = TORNADO
MAX 32 OR BELOW: 2 0.01 INCH OR MORE: 7
MAX 90 OR ABOVE: 1 0.10 INCH OR MORE: 5
MIN 32 OR BELOW: 18 0.50 INCH OR MORE: 1
MIN 0 OR BELOW: 0 1.00 INCH OR MORE: 0
[HDD (BASE 65) ]
TOTAL THIS MO. 673 CLEAR (SCALE 0-3) 19
DPTR FM NORMAL 98 PTCLDY (SCALE 4-7) 8
TOTAL FM JUL 1 7413 CLOUDY (SCALE 8-10) 3
DPTR FM NORMAL 383
[CDD (BASE 65) ]
TOTAL THIS MO. 5
DPTR FM NORMAL 3 [PRESSURE DATA]
TOTAL FM JAN 1 5 HIGHEST SLP M ON M
DPTR FM NORMAL 3 LOWEST SLP 29.40 ON 18
[REMARKS]
#FINAL-04-23#