000
CXUS54 KOUN 010910
CF6PNC
PRELIMINARY LOCAL CLIMATOLOGICAL DATA (WS FORM: F-6)
STATION: PONCA CITY
MONTH: NOVEMBER
YEAR: 2022
LATITUDE: 36 44 N
LONGITUDE: 97 6 W
TEMPERATURE IN F: :PCPN: SNOW: WIND :SUNSHINE: SKY :PK WND
================================================================================
1 2 3 4 5 6A 6B 7 8 9 10 11 12 13 14 15 16 17 18
12Z AVG MX 2MIN
DY MAX MIN AVG DEP HDD CDD WTR SNW DPTH SPD SPD DIR MIN PSBL S-S WX SPD DR
================================================================================
1 80 44 62 8 3 0 0.00 M M 7.5 17 160 M M 0 22 160
2 76 56 66 12 0 1 0.00 M M 13.1 25 160 M M 0 31 150
3 75 61 68 15 0 3 0.00 0.0 0 15.7 24 160 M M 6 31 160
4 73 41 57 4 8 0 0.39 0.0 0 13.5 24 10 M M 9 13 35 360
5 63 37 50 -2 15 0 T M M 10.0 21 150 M M 2 27 190
6 71 47 59 7 6 0 0.00 M M 9.0 20 160 M M 0 25 160
7 69 50 60 8 5 0 0.00 0.0 0 14.0 25 80 M M 3 32 90
8 73 60 67 16 0 2 T 0.0 0 13.6 24 160 M M 9 1 29 160
9 80 67 74 23 0 9 0.00 0.0 0 16.7 24 160 M M 7 31 160
10 74 47 61 11 4 0 0.24 M M 14.9 28 10 M M 8 13 34 150
11 47 29 38 -12 27 0 T M M 15.1 30 10 M M 4 37 10
12 45 20 33 -17 32 0 0.00 M M 5.9 16 350 M M 0 20 320
13 52 26 39 -10 26 0 0.00 M M 10.7 21 150 M M 0 26 150
14 41 33 37 -12 28 0 0.26 M M 6.4 16 140 M M 10 18 19 140
15 42 27 35 -13 30 0 T M M 5.3 16 330 M M 3 1 20 310
16 41 24 33 -15 32 0 0.00 M M 6.0 18 360 M M 0 25 350
17 53 20 37 -10 28 0 0.00 M M 6.8 26 10 M M 2 33 10
18 37 20 29 -18 36 0 0.00 M M 9.0 20 360 M M 7 23 20
19 46 16 31 -16 34 0 0.00 M M 5.2 17 360 M M 0 23 350
20 52 16 34 -12 31 0 0.00 M M 5.1 14 210 M M 0 19 210
21 60 32 46 0 19 0 0.00 M M 6.6 13 210 M M 0 17 220
22 64 34 49 4 16 0 0.00 M M 6.8 14 210 M M 0 20 220
23 54 41 48 3 17 0 0.00 M M 11.0 17 150 M M 6 1 23 160
24 59 38 49 4 16 0 0.00 M M 9.7 21 360 M M 7 1 24 10
25 59 31 45 1 20 0 0.00 M M 7.4 15 10 M M 1 18 20
26 50 29 40 -4 25 0 0.63 M M 6.7 16 30 M M 9 1 20 20
27 53 30 42 -2 23 0 0.01 M M 8.0 20 330 M M 4 1 28 330
28 62 28 45 2 20 0 0.00 M M 11.4 25 160 M M 0 33 170
29 59 28 44 1 21 0 0.00 M M 12.8 22 330 M M 4 30 170
30 44 19 32 -10 33 0 0.00 M M 3.3 13 10 M M 0 16 340
================================================================================
SM 1754 1051 555 15 1.53 0.0 287.2 M 101
================================================================================
AV 58.5 35.0 9.6 FASTST M M 3 MAX(MPH)
MISC ----> 30 10 37 10
================================================================================
NOTES:
# LAST OF SEVERAL OCCURRENCES
COLUMN 17 PEAK WIND IN M.P.H.
PRELIMINARY LOCAL CLIMATOLOGICAL DATA (WS FORM: F-6) , PAGE 2
STATION: PONCA CITY
MONTH: NOVEMBER
YEAR: 2022
LATITUDE: 36 44 N
LONGITUDE: 97 6 W
[TEMPERATURE DATA] [PRECIPITATION DATA] SYMBOLS USED IN COLUMN 16
AVERAGE MONTHLY: 46.8 TOTAL FOR MONTH: 1.53 1 = FOG OR MIST
DPTR FM NORMAL: -1.3 DPTR FM NORMAL: -0.12 2 = FOG REDUCING VISIBILITY
HIGHEST: 80 ON 9, 1 GRTST 24HR 0.64 ON 26-27 TO 1/4 MILE OR LESS
LOWEST: 16 ON 20,19 3 = THUNDER
SNOW, ICE PELLETS, HAIL 4 = ICE PELLETS
TOTAL MONTH: 0.0 INCH 5 = HAIL
GRTST 24HR 0.0 6 = FREEZING RAIN OR DRIZZLE
GRTST DEPTH: 0 7 = DUSTSTORM OR SANDSTORM:
VSBY 1/2 MILE OR LESS
8 = SMOKE OR HAZE
[NO. OF DAYS WITH] [WEATHER - DAYS WITH] 9 = BLOWING SNOW
X = TORNADO
MAX 32 OR BELOW: 0 0.01 INCH OR MORE: 5
MAX 90 OR ABOVE: 0 0.10 INCH OR MORE: 4
MIN 32 OR BELOW: 16 0.50 INCH OR MORE: 1
MIN 0 OR BELOW: 0 1.00 INCH OR MORE: 0
[HDD (BASE 65) ]
TOTAL THIS MO. 555 CLEAR (SCALE 0-3) 16
DPTR FM NORMAL 43 PTCLDY (SCALE 4-7) 10
TOTAL FM JUL 1 709 CLOUDY (SCALE 8-10) 4
DPTR FM NORMAL -28
[CDD (BASE 65) ]
TOTAL THIS MO. 15
DPTR FM NORMAL 10 [PRESSURE DATA]
TOTAL FM JAN 1 2381 HIGHEST SLP 30.59 ON 18
DPTR FM NORMAL 442 LOWEST SLP 29.45 ON 29
[REMARKS]
#FINAL-11-22#