659
CXUS55 KPAH 011011
CF6POF
PRELIMINARY LOCAL CLIMATOLOGICAL DATA (WS FORM: F-6)
STATION: POPLAR BLUFF MO
MONTH: JULY
YEAR: 2020
LATITUDE: 36 46 N
LONGITUDE: 90 19 W
TEMPERATURE IN F: :PCPN: SNOW: WIND :SUNSHINE: SKY :PK WND
================================================================================
1 2 3 4 5 6A 6B 7 8 9 10 11 12 13 14 15 16 17 18
12Z AVG MX 2MIN
DY MAX MIN AVG DEP HDD CDD WTR SNW DPTH SPD SPD DIR MIN PSBL S-S WX SPD DR
================================================================================
1 90 70 80 1 0 15 0.51 M M 3.1 25 340 M M 2 13 36 320
2 90 71 81 2 0 16 0.00 M M 2.7 10 60 M M 5 18 210
3 91 72 82 3 0 17 0.00 M M 4.0 10 110 M M 2 138 16 110
4 91 73 82 3 0 17 0.00 M M 4.4 12 70 M M 1 15 70
5 93 71 82 3 0 17 0.00 M M 2.8 10 40 M M 1 1 14 30
6 91 72 82 2 0 17 0.00 M M 2.7 13 310 M M 1 13 17 290
7 91 73 82 2 0 17 0.00 M M 2.8 18 50 M M 0 13 26 30
8 92 73 83 3 0 18 T M M 3.0 12 210 M M 0 1 16 190
9 92 75 84 4 0 19 0.00 M M 4.7 17 210 M M 0 23 210
10 95 71 83 3 0 18 0.00 M M 4.8 13 30 M M 0 19 20
11 94 68 81 1 0 16 0.00 M M 5.3 13 190 M M 0 20 180
12 94 70 82 2 0 17 0.00 M M 6.7 18 350 M M 1 27 360
13 91 67 79 -1 0 14 0.00 M M 3.3 10 60 M M 0 16 90
14 92 69 81 1 0 16 0.00 M M 5.2 12 140 M M 0 19 150
15 95 76 86 6 0 21 0.00 M M 8.7 18 210 M M 3 38 28 180
16 90 75 83 3 0 18 0.00 M M 4.7 12 80 M M 2 15 80
17 90 72 81 1 0 16 2.13 M M 3.5 30 300 M M 3 13 45 290
18 91 73 82 2 0 17 0.00 M M 5.8 15 220 M M 2 22 200
19 92 75 84 4 0 19 0.00 M M 6.1 15 200 M M 0 8 20 230
20 94 74 84 4 0 19 0.00 M M 5.3 21 20 M M 2 38 31 20
21 92 72 82 2 0 17 0.03 M M 4.3 18 160 M M 1 13 26 140
22 89 73 81 1 0 16 0.46 M M 6.4 18 330 M M 2 13 26 340
23 90 72 81 1 0 16 0.00 M M 2.2 10 30 M M 4 12 13 40
24 93 72 83 3 0 18 0.00 M M 3.8 13 100 M M 0 19 110
25 90 74 82 2 0 17 0.00 M M 3.7 12 190 M M 2 17 220
26 91 74 83 4 0 18 0.00 M M 5.4 14 210 M M 0 1 20 200
27 91 74 83 4 0 18 0.00 M M 6.5 16 20 M M 1 21 10
28 89 73 81 2 0 16 0.04 M M 1.2 12 330 M M 4 1 15 330
29 92 75 84 5 0 19 0.00 M M 5.6 15 210 M M 1 1 20 230
30 91 73 82 3 0 17 1.66 M M 6.7 21 220 M M 6 138 28 230
31 86 72 79 0 0 14 0.01 M M 6.5 18 210 M M 6 13 26 210
================================================================================
SM 2833 2244 0 530 4.84 M 141.9 M 52
================================================================================
AV 91.4 72.4 4.6 FASTST M M 2 MAX(MPH)
MISC ----> 30 300 45 290
================================================================================
NOTES:
# LAST OF SEVERAL OCCURRENCES
COLUMN 17 PEAK WIND IN M.P.H.
PRELIMINARY LOCAL CLIMATOLOGICAL DATA (WS FORM: F-6) , PAGE 2
STATION: POPLAR BLUFF MO
MONTH: JULY
YEAR: 2020
LATITUDE: 36 46 N
LONGITUDE: 90 19 W
[TEMPERATURE DATA] [PRECIPITATION DATA] SYMBOLS USED IN COLUMN 16
AVERAGE MONTHLY: 81.9 TOTAL FOR MONTH: 4.84 1 = FOG OR MIST
DPTR FM NORMAL: 2.4 DPTR FM NORMAL: 0.91 2 = FOG REDUCING VISIBILITY
HIGHEST: 95 ON 15,10 GRTST 24HR 2.13 ON 17-17 TO 1/4 MILE OR LESS
LOWEST: 67 ON 13 3 = THUNDER
SNOW, ICE PELLETS, HAIL 4 = ICE PELLETS
TOTAL MONTH: M 5 = HAIL
GRTST 24HR M ON M 6 = FREEZING RAIN OR DRIZZLE
GRTST DEPTH: M ON M 7 = DUSTSTORM OR SANDSTORM:
VSBY 1/2 MILE OR LESS
8 = SMOKE OR HAZE
[NO. OF DAYS WITH] [WEATHER - DAYS WITH] 9 = BLOWING SNOW
X = TORNADO
MAX 32 OR BELOW: 0 0.01 INCH OR MORE: 7
MAX 90 OR ABOVE: 28 0.10 INCH OR MORE: 4
MIN 32 OR BELOW: 0 0.50 INCH OR MORE: 3
MIN 0 OR BELOW: 0 1.00 INCH OR MORE: 2
[HDD (BASE 65) ]
TOTAL THIS MO. 0 CLEAR (SCALE 0-3) 26
DPTR FM NORMAL 0 PTCLDY (SCALE 4-7) 5
TOTAL FM JUL 1 0 CLOUDY (SCALE 8-10) 0
DPTR FM NORMAL 0
[CDD (BASE 65) ]
TOTAL THIS MO. 530
DPTR FM NORMAL 81 [PRESSURE DATA]
TOTAL FM JAN 1 1016 HIGHEST SLP 30.13 ON 17
DPTR FM NORMAL 67 LOWEST SLP 29.73 ON 31
[REMARKS]
#FINAL-07-20#