000
CXUS56 KLOX 011258
CF6PRB
PRELIMINARY LOCAL CLIMATOLOGICAL DATA (WS FORM: F-6)
STATION: PASO ROBLES AIRPORT CA
MONTH: JANUARY
YEAR: 2024
LATITUDE: 35 40 N
LONGITUDE: 120 38 W
TEMPERATURE IN F: :PCPN: SNOW: WIND :SUNSHINE: SKY :PK WND
================================================================================
1 2 3 4 5 6A 6B 7 8 9 10 11 12 13 14 15 16 17 18
12Z AVG MX 2MIN
DY MAX MIN AVG DEP HDD CDD WTR SNW DPTH SPD SPD DIR MIN PSBL S-S WX SPD DR
================================================================================
1 60 43 52 5 13 0 0.00 M M 5.2 14 80 M M 5 12 18 110
2 60 37 49 2 16 0 0.41 M M 4.6 18 180 M M 6 12 24 170
3 56 41 49 2 16 0 0.02 M M 7.5 21 330 M M 4 1 27 320
4 57 35 46 -1 19 0 0.00 M M 4.7 13 80 M M 2 14 100
5 60 38 49 2 16 0 0.00 M M 3.9 16 100 M M 3 12 21 100
6 53 32 43 -4 22 0 0.15 M M 2.8 16 340 M M 2 1 20 340
7 53 32 43 -5 22 0 0.00 M M 9.3 20 320 M M 0 24 310
8 55 29 42 -6 23 0 0.00 M M 2.3 9 120 M M 0 10 120
9 59 30 45 -3 20 0 0.00 M M 3.5 21 330 M M 3 27 330
10 56 37 47 -1 18 0 0.00 M M 6.3 17 310 M M 2 23 310
11 54 32 43 -5 22 0 0.01 M M 7.2 26 330 M M 1 1 37 320
12 56 27 42 -6 23 0 0.00 M M 3.9 12 340 M M 0 14 340
13 57 31 44 -4 21 0 0.00 M M 2.7 16 80 M M 0 17 90
14 64 37 51 3 14 0 0.00 M M 2.8 13 300 M M 3 12 16 310
15 62 41 52 4 13 0 0.00 M M 4.6 16 90 M M 5 12 19 90
16 63 41 52 4 13 0 0.00 M M 4.7 14 190 M M 6 12 16 210
17 64 45 55 7 10 0 0.08 M M 3.6 14 100 M M 7 1 17 90
18 59 38 49 1 16 0 0.00 M M 3.2 13 210 M M 3 12 16 210
19 60 43 52 4 13 0 0.29 M M 4.7 17 210 M M 4 1 22 230
20 59 51 55 7 10 0 0.76 M M 5.4 14 180 M M 9 1 18 180
21 60 50 55 7 10 0 0.13 M M 4.4 12 90 M M 8 1 14 90
22 62 50 56 8 9 0 1.12 M M 6.0 17 310 M M 8 1 23 150
23 63 48 56 8 9 0 0.00 M M 7.4 14 330 M M 7 17 310
24 55 47 51 3 14 0 0.14 M M 2.4 13 200 M M 10 12 15 190
25 63 44 54 5 11 0 T M M 4.7 15 340 M M 5 1 17 350
26 64 40 52 3 13 0 0.00 M M 5.0 14 100 M M 4 12 16 90
27 67 43 55 6 10 0 0.00 M M 5.2 14 80 M M 0 17 80
28 76 42 59 10 6 0 0.00 M M 3.0 13 200 M M 0 14 200
29 76 41 59 10 6 0 0.00 M M 2.7 10 180 M M 0 12 210
30 68 39 54 5 11 0 0.00 M M 2.4 9 220 M M 0 12 200
31 59 42 51 2 14 0 0.37 M M 7.4 23 210 M M 3 1 30 210
================================================================================
SM 1880 1226 453 0 3.48 M 143.5 M 110
================================================================================
AV 60.6 39.5 4.6 FASTST M M 4 MAX(MPH)
MISC ----> 26 330 37 320
================================================================================
NOTES:
# LAST OF SEVERAL OCCURRENCES
COLUMN 17 PEAK WIND IN M.P.H.
PRELIMINARY LOCAL CLIMATOLOGICAL DATA (WS FORM: F-6) , PAGE 2
STATION: PASO ROBLES AIRPORT CA
MONTH: JANUARY
YEAR: 2024
LATITUDE: 35 40 N
LONGITUDE: 120 38 W
[TEMPERATURE DATA] [PRECIPITATION DATA] SYMBOLS USED IN COLUMN 16
AVERAGE MONTHLY: 50.1 TOTAL FOR MONTH: 3.48 1 = FOG OR MIST
DPTR FM NORMAL: 2.0 DPTR FM NORMAL: 0.74 2 = FOG REDUCING VISIBILITY
HIGHEST: 76 ON 29,28 GRTST 24HR 1.12 ON 22-22 TO 1/4 MILE OR LESS
LOWEST: 27 ON 12 3 = THUNDER
SNOW, ICE PELLETS, HAIL 4 = ICE PELLETS
TOTAL MONTH: M 5 = HAIL
GRTST 24HR M ON M 6 = FREEZING RAIN OR DRIZZLE
GRTST DEPTH: M ON M 7 = DUSTSTORM OR SANDSTORM:
VSBY 1/2 MILE OR LESS
8 = SMOKE OR HAZE
[NO. OF DAYS WITH] [WEATHER - DAYS WITH] 9 = BLOWING SNOW
X = TORNADO
MAX 32 OR BELOW: 0 0.01 INCH OR MORE: 11
MAX 90 OR ABOVE: 0 0.10 INCH OR MORE: 8
MIN 32 OR BELOW: 7 0.50 INCH OR MORE: 2
MIN 0 OR BELOW: 0 1.00 INCH OR MORE: 1
[HDD (BASE 65) ]
TOTAL THIS MO. 453 CLEAR (SCALE 0-3) 16
DPTR FM NORMAL -73 PTCLDY (SCALE 4-7) 12
TOTAL FM JUL 1 1284 CLOUDY (SCALE 8-10) 3
DPTR FM NORMAL -326
[CDD (BASE 65) ]
TOTAL THIS MO. 0
DPTR FM NORMAL 0 [PRESSURE DATA]
TOTAL FM JAN 1 0 HIGHEST SLP 30.39 ON 9
DPTR FM NORMAL 0 LOWEST SLP 29.63 ON 31
[REMARKS]
#FINAL-01-24#