000
CXUS56 KFGZ 010910
CF6PRC
PRELIMINARY LOCAL CLIMATOLOGICAL DATA (WS FORM: F-6)
STATION: PRESCOTT AZ AIRPORT
MONTH: JUNE
YEAR: 2021
LATITUDE: 34 39 N
LONGITUDE: 112 26 W
TEMPERATURE IN F: :PCPN: SNOW: WIND :SUNSHINE: SKY :PK WND
================================================================================
1 2 3 4 5 6A 6B 7 8 9 10 11 12 13 14 15 16 17 18
12Z AVG MX 2MIN
DY MAX MIN AVG DEP HDD CDD WTR SNW DPTH SPD SPD DIR MIN PSBL S-S WX SPD DR
================================================================================
1 88 54 71 4 0 6 0.00 M M 7.5 21 240 M M 0 25 220
2 90 59 75 7 0 10 0.00 M M 7.6 22 300 M M 0 32 300
3 91 65 78 10 0 13 0.00 M M 10.5 22 240 M M 0 29 230
4 92 66 79 11 0 14 0.00 M M 10.0 25 230 M M 0 33 230
5 91 62 77 8 0 12 0.00 0.0 0 10.4 24 240 M M 0 33 250
6 86 59 73 4 0 8 0.00 M M 9.4 22 150 M M 0 31 210
7 84 49 67 -2 0 2 0.00 M M 9.8 20 140 M M 0 26 130
8 82 52 67 -3 0 2 0.00 M M 8.1 18 130 M M 0 25 130
9 84 50 67 -3 0 2 0.00 M M 8.3 17 230 M M 0 25 230
10 84 54 69 -1 0 4 0.00 M M 9.1 21 230 M M 0 33 250
11 90 46 68 -3 0 3 0.00 M M 7.3 17 240 M M 0 24 220
12 94 50 72 1 0 7 0.00 M M 6.7 18 230 M M 0 28 250
13 96 54 75 4 0 10 0.00 M M 8.1 23 230 M M 0 30 250
14 100 59 80 8 0 15 0.00 M M 6.1 17 320 M M 0 22 310
15 103 65 84 12 0 19 0.00 M M 6.7 23 150 M M 0 27 150
16 100 67 84 12 0 19 0.00 M M 6.9 24 20 M M 1 3 30 20
17 101 76 89 17 0 24 0.00 M M 6.1 31 350 M M 1 3 40 350
18 100 66 83 10 0 18 0.00 M M 6.4 16 250 M M 0 22 220
19 98 71 85 12 0 20 0.00 M M 8.3 24 160 M M 0 3 32 150
20 99 74 87 14 0 22 0.00 M M 11.2 29 230 M M 0 40 260
21 94 70 82 8 0 17 0.00 M M 10.7 23 250 M M 0 31 250
22 93 62 78 4 0 13 0.00 M M 8.8 22 230 M M 0 30 240
23 82 64 73 -1 0 8 T M M 7.3 20 130 M M 6 26 360
24 82 61 72 -2 0 7 0.35 M M 6.5 36 240 M M 5 38 50 250
25 88 57 73 -1 0 8 0.00 M M 6.3 17 250 M M 1 24 230
26 90 60 75 0 0 10 0.00 M M 4.6 15 40 M M 0 8 19 40
27 93 61 77 2 0 12 0.00 M M 6.8 22 350 M M 3 8 26 360
28 89 62 76 1 0 11 0.00 M M 6.5 17 30 M M 1 8 21 30
29 86 66 76 1 0 11 0.00 M M 7.2 17 60 M M 2 8 28 40
30 83 60 72 -3 0 7 0.33 M M 5.4 28 250 M M 3 3 34 240
================================================================================
SM 2733 1821 0 334 0.68 0.0 234.6 M 23
================================================================================
AV 91.1 60.7 7.8 FASTST M M 1 MAX(MPH)
MISC ----> 36 240 50 250
================================================================================
NOTES:
# LAST OF SEVERAL OCCURRENCES
COLUMN 17 PEAK WIND IN M.P.H.
PRELIMINARY LOCAL CLIMATOLOGICAL DATA (WS FORM: F-6) , PAGE 2
STATION: PRESCOTT AZ AIRPORT
MONTH: JUNE
YEAR: 2021
LATITUDE: 34 39 N
LONGITUDE: 112 26 W
[TEMPERATURE DATA] [PRECIPITATION DATA] SYMBOLS USED IN COLUMN 16
AVERAGE MONTHLY: 75.9 TOTAL FOR MONTH: 0.68 1 = FOG OR MIST
DPTR FM NORMAL: 4.2 DPTR FM NORMAL: 0.33 2 = FOG REDUCING VISIBILITY
HIGHEST: 103 ON 15 GRTST 24HR 0.35 ON 23-24 TO 1/4 MILE OR LESS
LOWEST: 46 ON 11 3 = THUNDER
SNOW, ICE PELLETS, HAIL 4 = ICE PELLETS
TOTAL MONTH: 0.0 INCH 5 = HAIL
GRTST 24HR 0.0 6 = FREEZING RAIN OR DRIZZLE
GRTST DEPTH: 0 7 = DUSTSTORM OR SANDSTORM:
VSBY 1/2 MILE OR LESS
8 = SMOKE OR HAZE
[NO. OF DAYS WITH] [WEATHER - DAYS WITH] 9 = BLOWING SNOW
X = TORNADO
MAX 32 OR BELOW: 0 0.01 INCH OR MORE: 2
MAX 90 OR ABOVE: 18 0.10 INCH OR MORE: 2
MIN 32 OR BELOW: 0 0.50 INCH OR MORE: 0
MIN 0 OR BELOW: 0 1.00 INCH OR MORE: 0
[HDD (BASE 65) ]
TOTAL THIS MO. 0 CLEAR (SCALE 0-3) 28
DPTR FM NORMAL -14 PTCLDY (SCALE 4-7) 2
TOTAL FM JUL 1 3964 CLOUDY (SCALE 8-10) 0
DPTR FM NORMAL -90
[CDD (BASE 65) ]
TOTAL THIS MO. 334
DPTR FM NORMAL 118 [PRESSURE DATA]
TOTAL FM JAN 1 362 HIGHEST SLP M ON M
DPTR FM NORMAL 100 LOWEST SLP 29.61 ON 19
[REMARKS]
#FINAL-06-21#