000
CXUS51 KALY 021406
CLSPSF
CLIMATE REPORT
NATIONAL WEATHER SERVICE ALBANY NY
1006 AM EDT WED JUN 02 2021
...................................
...THE PITTSFIELD MA CLIMATE SUMMARY FOR THE SEASON, FROM
3/1/2021 TO 5/31/2021...
CLIMATE NORMAL PERIOD: 1991 TO 2020
CLIMATE RECORD PERIOD: 9999 TO 9999
WEATHER OBSERVED NORMAL DEPART LAST YEAR`S
VALUE DATE(S) VALUE FROM VALUE DATE(S)
NORMAL
................................................................
TEMPERATURE (F)
HIGHEST 87 05/26 86 05/26
LOWEST 6R 03/02 13 03/01
AVG. MAXIMUM 56.7 54.6 2.1 55.3
AVG. MINIMUM 34.0 33.8 0.2 35.4
MEAN 45.3 44.2 1.1 45.3
DAYS MAX >= 90 0 0.0 0.0 0
DAYS MAX <= 32 6 6.7 -0.7 2
DAYS MIN <= 32 34 41.9 -7.9 38
DAYS MIN <= 0 0 0.6 -0.6 0
PRECIPITATION (INCHES)
TOTALS 12.03 10.25 1.78 8.91
DAILY AVG. 0.13 0.10
DAYS >= .01 38 29
DAYS >= .10 20 14
DAYS >= .50 8 3
DAYS >= 1.00 3 1
GREATEST
24 HR. TOTAL 2.03 04/29 TO 04/30
DEGREE DAYS
HEATING TOTAL 1810 1930 -120 1817
SINCE 7/1 6555 7129 -574 MM
COOLING TOTAL 22 16 6 31
SINCE 1/1 22 16 6 MM
................................................................
WIND (MPH)
AVERAGE WIND SPEED 7.7
HIGHEST WIND SPEED/DIRECTION 45/290 DATE 03/01
HIGHEST GUST SPEED/DIRECTION 59/310 DATE 03/01
WEATHER CONDITIONS. NUMBER OF DAYS WITH
THUNDERSTORM 4 MIXED PRECIP 0
HEAVY RAIN 4 RAIN 16
LIGHT RAIN 35 FREEZING RAIN 0
LT FREEZING RAIN 0 HAIL 0
HEAVY SNOW 1 SNOW 2
LIGHT SNOW 12 SLEET 0
FOG 44 FOG W/VIS <= 1/4 MILE 15
HAZE 9
- INDICATES NEGATIVE NUMBERS.
R INDICATES RECORD WAS SET OR TIED.
MM INDICATES DATA IS MISSING.
T INDICATES TRACE AMOUNT.
$$