000
CXUS54 KFWD 010731
CF6PSN
PRELIMINARY LOCAL CLIMATOLOGICAL DATA (WS FORM: F-6)
STATION: PALESTINE
MONTH: AUGUST
YEAR: 2020
LATITUDE: 31 46 N
LONGITUDE: 95 42 W
TEMPERATURE IN F: :PCPN: SNOW: WIND :SUNSHINE: SKY :PK WND
================================================================================
1 2 3 4 5 6A 6B 7 8 9 10 11 12 13 14 15 16 17 18
12Z AVG MX 2MIN
DY MAX MIN AVG DEP HDD CDD WTR SNW DPTH SPD SPD DIR MIN PSBL S-S WX SPD DR
================================================================================
1 92 70 81 -2 0 16 0.00 0.0 0 3.5 8 350 M M 1 1 M M
2 94 71 83 0 0 18 0.00 0.0 0 3.3 8 310 M M 2 M M
3 94 68 81 -2 0 16 0.00 0.0 0 2.5 8 10 M M 0 M M
4 94 69 82 -1 0 17 0.00 0.0 0 3.7 7 90 M M 1 M M
5 95 76 86 3 0 21 0.00 0.0 0 5.9 10 90 M M 3 M M
6 96 74 85 2 0 20 0.00 0.0 0 5.2 9 160 M M 3 M M
7 97 75 86 3 0 21 0.00 0.0 0 5.1 8 140 M M 1 M M
8 M M M M M M M M M M M M M M M M M
9 M M M M M M M M M M M M M M M M M
10 98 M M M M M 0.00 0.0 0 7.9 12 200 M M 1 16 220
11 99 77 88 5 0 23 0.00 0.0 0 6.5 12 220 M M 3 18 180
12 98 78 88 5 0 23 0.00 0.0 0 5.9 10 230 M M 1 16 230
13 100 77 89 6 0 24 0.00 0.0 0 5.7 12 170 M M 0 16 170
14 100 76 88 5 0 23 0.00 0.0 0 5.5 10 210 M M 0 M M
15 102 77 90 7 0 25 0.00 0.0 0 4.8 9 230 M M 1 M M
16 101 77 89 6 0 24 M 0.0 0 2.6 6 90 M M 1 3 M M
17 87 72 80 -3 0 15 0.00 0.0 0 3.3 8 270 M M 0 M M
18 M M M M M M M M M M M M M M M M M
19 91 M M M M M 0.00 0.0 0 3.7 8 350 M M 0 M M
20 90 71 81 -1 0 16 0.00 0.0 0 4.6 8 60 M M 1 M M
21 91 64 78 -4 0 13 0.00 0.0 0 2.8 7 110 M M 0 M M
22 92 68 80 -2 0 15 0.00 0.0 0 2.7 9 130 M M 1 M M
23 M M M M M M M M M M M M M M M M M
24 M M M M M M M M M M M M M M M M M
25 95 M M M M M 0.00 0.0 0 7.2 12 50 M M 1 16 20
26 91 75 83 2 0 18 0.03 0.0 0 5.4 9 20 M M 6 16 110
27 91 74 83 2 0 18 0.00 0.0 0 6.0 14 340 M M 2 20 330
28 98 76 87 6 0 22 0.00 0.0 0 6.3 14 120 M M 1 25 120
29 96 75 86 5 0 21 0.00 0.0 0 5.8 8 160 M M 4 M M
30 96 83 90 9 0 25 0.00 0.0 M 5.3 9 160 M M 0 M M
31 98 81 90 10 0 25 0.00 0.0 0 7.5 13 200 M M 4 17 200
================================================================================
SM 2476 1704 0 459 0.03 0.0 128.7 M 38
================================================================================
AV 95.2 74.1 5.0 FASTST M M 1 MAX(MPH)
MISC ----> # 14 340 # 25 120
================================================================================
NOTES:
# LAST OF SEVERAL OCCURRENCES
COLUMN 17 PEAK WIND IN M.P.H.
PRELIMINARY LOCAL CLIMATOLOGICAL DATA (WS FORM: F-6) , PAGE 2
STATION: PALESTINE
MONTH: AUGUST
YEAR: 2020
LATITUDE: 31 46 N
LONGITUDE: 95 42 W
[TEMPERATURE DATA] [PRECIPITATION DATA] SYMBOLS USED IN COLUMN 16
AVERAGE MONTHLY: 84.7 TOTAL FOR MONTH: 0.03 1 = FOG OR MIST
DPTR FM NORMAL: 2.3 DPTR FM NORMAL: -3.28 2 = FOG REDUCING VISIBILITY
HIGHEST: 102 ON 15 GRTST 24HR 0.03 ON 26-26 TO 1/4 MILE OR LESS
LOWEST: 64 ON 21 3 = THUNDER
SNOW, ICE PELLETS, HAIL 4 = ICE PELLETS
TOTAL MONTH: 0.0 INCH 5 = HAIL
GRTST 24HR 0.0 6 = FREEZING RAIN OR DRIZZLE
GRTST DEPTH: 0 7 = DUSTSTORM OR SANDSTORM:
VSBY 1/2 MILE OR LESS
8 = SMOKE OR HAZE
[NO. OF DAYS WITH] [WEATHER - DAYS WITH] 9 = BLOWING SNOW
X = TORNADO
MAX 32 OR BELOW: 0 0.01 INCH OR MORE: 1
MAX 90 OR ABOVE: 25 0.10 INCH OR MORE: 0
MIN 32 OR BELOW: 0 0.50 INCH OR MORE: 0
MIN 0 OR BELOW: 0 1.00 INCH OR MORE: 0
[HDD (BASE 65) ]
TOTAL THIS MO. 0 CLEAR (SCALE 0-3) 23
DPTR FM NORMAL 0 PTCLDY (SCALE 4-7) 3
TOTAL FM JUL 1 0 CLOUDY (SCALE 8-10) 0
DPTR FM NORMAL 0
[CDD (BASE 65) ]
TOTAL THIS MO. 459
DPTR FM NORMAL -82 [PRESSURE DATA]
TOTAL FM JAN 1 1926 HIGHEST SLP M ON M
DPTR FM NORMAL 92 LOWEST SLP M ON M
[REMARKS]
#FINAL-08-20#