000
CXUS56 KSGX 011145
CF6PSP
PRELIMINARY LOCAL CLIMATOLOGICAL DATA (WS FORM: F-6)
STATION: PALM SPRINGS INTL AIRPORT CA
MONTH: FEBRUARY
YEAR: 2021
LATITUDE: 33 49 N
LONGITUDE: 116 30 W
TEMPERATURE IN F: :PCPN: SNOW: WIND :SUNSHINE: SKY :PK WND
================================================================================
1 2 3 4 5 6A 6B 7 8 9 10 11 12 13 14 15 16 17 18
12Z AVG MX 2MIN
DY MAX MIN AVG DEP HDD CDD WTR SNW DPTH SPD SPD DIR MIN PSBL S-S WX SPD DR
================================================================================
1 74 56 65 6 0 0 0.00 M M 4.2 8 330 M M 2 10 140
2 80 58 69 10 0 4 T M M 2.6 12 110 M M 2 15 110
3 85 55 70 11 0 5 0.00 M M 5.2 28 330 M M 0 34 350
4 74 56 65 6 0 0 0.00 M M 8.1 20 20 M M 0 27 320
5 81 47 64 5 1 0 0.00 M M 3.2 16 280 M M 0 24 290
6 81 53 67 8 0 2 0.00 M M 4.6 13 340 M M 0 23 350
7 81 49 65 6 0 0 0.00 M M 3.2 10 110 M M 0 14 120
8 76 51 64 5 1 0 0.00 M M 3.2 10 110 M M 0 13 90
9 71 52 62 3 3 0 0.00 M M 2.4 10 150 M M 0 12 120
10 81 49 65 6 0 0 0.00 M M 5.6 17 320 M M 0 20 290
11 82 50 66 6 0 1 0.00 M M 3.5 12 310 M M 0 18 310
12 73 56 65 5 0 0 T M M 5.8 41 350 M M 1 47 340
13 77 52 65 5 0 0 0.00 M M 10.9 37 340 M M 0 8 52 350
14 73 52 63 3 2 0 0.00 M M 6.0 23 330 M M 0 33 320
15 69 49 59 -1 6 0 0.00 M M 2.7 9 220 M M 0 11 360
16 76 49 63 3 2 0 0.00 M M 7.8 24 330 M M 0 36 330
17 72 52 62 2 3 0 0.00 M M 7.5 22 10 M M 0 28 10
18 70 50 60 -1 5 0 0.00 M M 4.3 12 300 M M 0 15 320
19 73 43 58 -3 7 0 0.00 M M 4.5 10 340 M M 0 13 340
20 81 45 63 2 2 0 0.00 M M 9.3 39 330 M M 0 49 340
21 73 54 64 3 1 0 0.00 M M 5.0 15 350 M M 0 18 350
22 80 51 66 5 0 1 0.00 M M 5.1 9 320 M M 0 14 270
23 86 52 69 7 0 4 0.00 M M 5.0 12 110 M M 0 13 140
24 85 54 70 8 0 5 0.00 M M 5.8 25 340 M M 0 35 350
25 70 52 61 -1 4 0 0.00 M M 7.4 25 20 M M 2 34 320
26 76 45 61 -1 4 0 0.00 M M 5.2 10 90 M M 0 14 140
27 77 45 61 -1 4 0 0.00 M M 4.2 22 330 M M 0 28 340
28 67 53 60 -3 5 0 0.00 M M 6.3 20 10 M M 0 26 10
================================================================================
SM 2144 1430 50 22 T M 148.6 M 7
================================================================================
AV 76.6 51.1 5.3 FASTST M M 0 MAX(MPH)
MISC ----> 41 350 52 350
================================================================================
NOTES:
# LAST OF SEVERAL OCCURRENCES
COLUMN 17 PEAK WIND IN M.P.H.
PRELIMINARY LOCAL CLIMATOLOGICAL DATA (WS FORM: F-6) , PAGE 2
STATION: PALM SPRINGS INTL AIRPORT CA
MONTH: FEBRUARY
YEAR: 2021
LATITUDE: 33 49 N
LONGITUDE: 116 30 W
[TEMPERATURE DATA] [PRECIPITATION DATA] SYMBOLS USED IN COLUMN 16
AVERAGE MONTHLY: 63.8 TOTAL FOR MONTH: T 1 = FOG OR MIST
DPTR FM NORMAL: 3.5 DPTR FM NORMAL: -1.03 2 = FOG REDUCING VISIBILITY
HIGHEST: 86 ON 23 GRTST 24HR T ON 2- 2 TO 1/4 MILE OR LESS
LOWEST: 43 ON 19 3 = THUNDER
SNOW, ICE PELLETS, HAIL 4 = ICE PELLETS
TOTAL MONTH: M 5 = HAIL
GRTST 24HR M ON M 6 = FREEZING RAIN OR DRIZZLE
GRTST DEPTH: M ON M 7 = DUSTSTORM OR SANDSTORM:
VSBY 1/2 MILE OR LESS
8 = SMOKE OR HAZE
[NO. OF DAYS WITH] [WEATHER - DAYS WITH] 9 = BLOWING SNOW
X = TORNADO
MAX 32 OR BELOW: 0 0.01 INCH OR MORE: 0
MAX 90 OR ABOVE: 0 0.10 INCH OR MORE: 0
MIN 32 OR BELOW: 0 0.50 INCH OR MORE: 0
MIN 0 OR BELOW: 0 1.00 INCH OR MORE: 0
[HDD (BASE 65) ]
TOTAL THIS MO. 50 CLEAR (SCALE 0-3) 28
DPTR FM NORMAL -101 PTCLDY (SCALE 4-7) 0
TOTAL FM JUL 1 477 CLOUDY (SCALE 8-10) 0
DPTR FM NORMAL -303
[CDD (BASE 65) ]
TOTAL THIS MO. 22
DPTR FM NORMAL 3 [PRESSURE DATA]
TOTAL FM JAN 1 56 HIGHEST SLP 30.44 ON 18
DPTR FM NORMAL 21 LOWEST SLP 29.56 ON 13
[REMARKS]
#FINAL-02-21#