000
CXUS54 KHGX 011510
CF6PSX
PRELIMINARY LOCAL CLIMATOLOGICAL DATA (WS FORM: F-6)
STATION: PALACIOS
MONTH: DECEMBER
YEAR: 2021
LATITUDE: 28 43 N
LONGITUDE: 96 15 W
TEMPERATURE IN F: :PCPN: SNOW: WIND :SUNSHINE: SKY :PK WND
================================================================================
1 2 3 4 5 6A 6B 7 8 9 10 11 12 13 14 15 16 17 18
12Z AVG MX 2MIN
DY MAX MIN AVG DEP HDD CDD WTR SNW DPTH SPD SPD DIR MIN PSBL S-S WX SPD DR
================================================================================
1 77 54 66 5 0 1 0.00 0.0 0 4.8 10 190 M M 1 128 12 150
2 78 55 67 7 0 2 0.00 0.0 0 5.6 10 140 M M 3 128 13 130
3 78 66 72 12 0 7 0.00 0.0 0 7.3 13 190 M M 2 1 18 200
4 80 65 73 13 0 8 T 0.0 0 7.3 14 170 M M 4 128 18 180
5 79 67 73 13 0 8 0.00 0.0 0 11.3 18 150 M M 5 25 160
6 81 56 69 9 0 4 0.01 0.0 0 10.8 25 350 M M 8 1 32 350
7 67 55 61 1 4 0 0.00 0.0 0 7.4 14 350 M M 10 19 360
8 75 61 68 9 0 3 0.00 0.0 0 6.7 13 110 M M 8 128 17 100
9 78 69 74 15 0 9 0.00 0.0 0 9.9 16 180 M M 9 1 22 180
10 80 72 76 17 0 11 0.00 0.0 0 11.5 21 170 M M 10 18 31 170
11 75 47 61 2 4 0 0.01 0.0 0 15.8 36 10 M M 6 1 47 10
12 63 42 53 -6 12 0 0.00 0.0 0 7.3 16 360 M M 1 21 360
13 76 50 63 5 2 0 T 0.0 0 8.5 18 110 M M 9 1 25 100
14 81 68 75 17 0 10 0.00 0.0 0 10.6 18 150 M M 5 1 24 150
15 80 70 75 17 0 10 0.00 0.0 0 12.0 21 170 M M 4 1 28 180
16 81 67 74 16 0 9 0.00 0.0 0 11.2 20 160 M M 5 1 28 170
17 81 70 76 18 0 11 0.00 0.0 0 11.6 20 150 M M 4 1 27 150
18 79 53 66 8 0 1 0.83 0.0 0 15.4 38 350 M M 8 13 49 350
19 57 46 52 -5 13 0 0.02 0.0 0 15.9 29 360 M M 8 37 350
20 59 46 53 -4 12 0 0.03 0.0 0 7.6 16 70 M M 8 20 70
21 64 42 53 -4 12 0 0.00 0.0 0 5.5 9 190 M M 0 18 14 10
22 73 48 61 4 4 0 0.00 0.0 0 7.3 14 140 M M 1 20 150
23 75 61 68 11 0 3 0.00 0.0 0 10.4 17 180 M M 2 24 170
24 76 66 71 14 0 6 0.00 0.0 0 9.6 16 180 M M 3 24 200
25 77 68 73 17 0 8 0.00 0.0 0 9.7 21 210 M M 2 18 28 220
26 77 64 71 15 0 6 0.00 0.0 0 8.4 15 160 M M 3 12 22 190
27 82 62 72 16 0 7 0.00 0.0 0 8.9 18 170 M M 7 12 25 170
28 78 71 75 19 0 10 0.00 0.0 0 11.9 18 170 M M 7 1 26 160
29 79 65 72 16 0 7 0.00 0.0 0 7.1 15 170 M M 7 128 20 180
30 79 65 72 16 0 7 0.00 0.0 0 5.5 10 150 M M 10 128 14 180
31 80 72 76 20 0 11 T 0.0 0 12.8 20 160 M M 10 128 28 160
================================================================================
SM 2345 1863 63 159 0.90 0.0 295.6 M 170
================================================================================
AV 75.6 60.1 9.5 FASTST M M 5 MAX(MPH)
MISC ----> 38 350 49 350
================================================================================
NOTES:
# LAST OF SEVERAL OCCURRENCES
COLUMN 17 PEAK WIND IN M.P.H.
PRELIMINARY LOCAL CLIMATOLOGICAL DATA (WS FORM: F-6) , PAGE 2
STATION: PALACIOS
MONTH: DECEMBER
YEAR: 2021
LATITUDE: 28 43 N
LONGITUDE: 96 15 W
[TEMPERATURE DATA] [PRECIPITATION DATA] SYMBOLS USED IN COLUMN 16
AVERAGE MONTHLY: 67.9 TOTAL FOR MONTH: 0.90 1 = FOG OR MIST
DPTR FM NORMAL: 9.9 DPTR FM NORMAL: -2.08 2 = FOG REDUCING VISIBILITY
HIGHEST: 82 ON 27 GRTST 24HR 0.83 ON 18-18 TO 1/4 MILE OR LESS
LOWEST: 42 ON 21,12 3 = THUNDER
SNOW, ICE PELLETS, HAIL 4 = ICE PELLETS
TOTAL MONTH: 0.0 INCH 5 = HAIL
GRTST 24HR 0.0 6 = FREEZING RAIN OR DRIZZLE
GRTST DEPTH: 0 7 = DUSTSTORM OR SANDSTORM:
VSBY 1/2 MILE OR LESS
8 = SMOKE OR HAZE
[NO. OF DAYS WITH] [WEATHER - DAYS WITH] 9 = BLOWING SNOW
X = TORNADO
MAX 32 OR BELOW: 0 0.01 INCH OR MORE: 5
MAX 90 OR ABOVE: 0 0.10 INCH OR MORE: 1
MIN 32 OR BELOW: 0 0.50 INCH OR MORE: 1
MIN 0 OR BELOW: 0 1.00 INCH OR MORE: 0
[HDD (BASE 65) ]
TOTAL THIS MO. 63 CLEAR (SCALE 0-3) 8
DPTR FM NORMAL -192 PTCLDY (SCALE 4-7) 16
TOTAL FM JUL 1 173 CLOUDY (SCALE 8-10) 7
DPTR FM NORMAL -213
[CDD (BASE 65) ]
TOTAL THIS MO. 159
DPTR FM NORMAL 121 [PRESSURE DATA]
TOTAL FM JAN 1 3444 HIGHEST SLP 30.33 ON 12
DPTR FM NORMAL -78 LOWEST SLP 29.66 ON 28
[REMARKS]
#FINAL-12-21#