000
CXUS55 KPUB 171853
CF6PUB
PRELIMINARY LOCAL CLIMATOLOGICAL DATA (WS FORM: F-6)
STATION: PUEBLO CO
MONTH: MAY
YEAR: 2022
LATITUDE: 38 16 N
LONGITUDE: 104 31 W
TEMPERATURE IN F: :PCPN: SNOW: WIND :SUNSHINE: SKY :PK WND
================================================================================
1 2 3 4 5 6A 6B 7 8 9 10 11 12 13 14 15 16 17 18
12Z AVG MX 2MIN
DY MAX MIN AVG DEP HDD CDD WTR SNW DPTH SPD SPD DIR MIN PSBL S-S WX SPD DR
================================================================================
1 75 37 56 0 9 0 0.00 0.0 0 10.4 28 10 M M 0 36 10
2 63 38 51 -5 14 0 0.00 0.0 0 17.6 30 20 M M 2 45 50
3 72 31 52 -4 13 0 0.00 0.0 0 7.9 20 260 M M 3 26 100
4 64 38 51 -6 14 0 0.67 T 0 11.2 29 40 M M 6 135 40 40
5 72 43 58 1 7 0 0.00 0.0 0 5.8 16 150 M M 3 21 140
6 88 44 66 8 0 1 0.00 0.0 0 8.3 21 100 M M 0 28 90
7 92 46 69 11 0 4 0.00 0.0 0 10.9 33 10 M M 0 43 10
8 88 46 67 9 0 2 0.00 0.0 0 15.0 38 240 M M 3 8 53 240
9 89 59 74 15 0 9 0.00 0.0 0 20.2 40 260 M M 5 8 54 260
10 81 45 63 4 2 0 0.00 0.0 0 9.9 26 10 M M 0 36 360
11 94 45 70 10 0 5 0.00 0.0 0 13.2 35 230 M M 0 50 250
12 84 49 67 7 0 2 0.00 0.0 0 16.8 35 270 M M 0 45 270
13 81 42 62 2 3 0 0.00 0.0 0 8.6 18 140 M M 0 27 150
14 86 44 65 4 0 0 0.00 0.0 0 6.5 21 140 M M 0 32 120
15 84 47 66 5 0 1 0.00 0.0 0 11.9 22 100 M M 0 29 100
16 89 48 69 8 0 4 0.00 0.0 0 6.4 29 210 M M 0 38 210
17 95 47 71 9 0 6 0.00 0.0 0 10.9 37 20 M M 0 48 20
18 89 54 72 10 0 7 T 0.0 0 8.0 23 290 M M 0 3 38 320
19 92 43 68 5 0 3 0.00 0.0 0 10.4 36 30 M M 0 51 40
20 51 33 42 -21 23 0 0.41 0.4 0 11.4 29 10 M M 8 1 36 20
21 45 33 39 -24 26 0 0.46 2.8 2 5.1 13 170 M M 10 18 16 280
22 57 39 48 -16 17 0 0.14 0.0 0 7.9 16 300 M M 9 1 24 300
23 60 43 52 -12 13 0 0.25 0.0 0 6.4 16 150 M M 7 1 20 140
24 52 44 48 -16 17 0 0.47 0.0 0 6.0 15 290 M M 9 1 19 160
25 73 39 56 -9 9 0 0.00 0.0 0 6.6 21 20 M M 2 29 10
26 83 43 63 -2 2 0 0.00 0.0 0 6.0 18 100 M M 0 24 110
27 92 49 71 5 0 6 T 0.0 0 5.9 35 310 M M 0 68 290
28 92 50 71 5 0 6 0.00 0.0 0 10.4 28 220 M M 0 36 250
29 88 53 71 5 0 6 T 0.0 0 11.6 35 290 M M 0 45 290
30 76 52 64 -3 1 0 0.01 0.0 0 17.0 38 310 M M 2 3 50 290
31 75 45 60 -7 5 0 T 0.0 0 13.5 37 10 M M 3 49 10
================================================================================
SM 2422 1369 175 62 2.41 3.2 317.7 M 72
================================================================================
AV 78.1 44.2 10.2 FASTST M M 2 MAX(MPH)
MISC ----> 40 260 68 290
================================================================================
NOTES:
COLUMN 17 PEAK WIND IN M.P.H.
PRELIMINARY LOCAL CLIMATOLOGICAL DATA (WS FORM: F-6) , PAGE 2
STATION: PUEBLO CO
MONTH: MAY
YEAR: 2022
LATITUDE: 38 16 N
LONGITUDE: 104 31 W
[TEMPERATURE DATA] [PRECIPITATION DATA] SYMBOLS USED IN COLUMN 16
AVERAGE MONTHLY: 61.1 TOTAL FOR MONTH: 2.41 1 = FOG OR MIST
DPTR FM NORMAL: -0.3 DPTR FM NORMAL: 0.84 2 = FOG REDUCING VISIBILITY
HIGHEST: 95 ON 17 GRTST 24HR 0.87 ON 20-21 TO 1/4 MILE OR LESS
LOWEST: 31 ON 3 3 = THUNDER
SNOW, ICE PELLETS, HAIL 4 = ICE PELLETS
TOTAL MONTH: 3.2 INCHES 5 = HAIL
GRTST 24HR 3.2 ON 20-21 6 = FREEZING RAIN OR DRIZZLE
GRTST DEPTH: 2 ON 21 7 = DUSTSTORM OR SANDSTORM:
VSBY 1/2 MILE OR LESS
8 = SMOKE OR HAZE
[NO. OF DAYS WITH] [WEATHER - DAYS WITH] 9 = BLOWING SNOW
X = TORNADO
MAX 32 OR BELOW: 0 0.01 INCH OR MORE: 7
MAX 90 OR ABOVE: 6 0.10 INCH OR MORE: 6
MIN 32 OR BELOW: 1 0.50 INCH OR MORE: 1
MIN 0 OR BELOW: 0 1.00 INCH OR MORE: 0
[HDD (BASE 65) ]
TOTAL THIS MO. 175 CLEAR (SCALE 0-3) 24
DPTR FM NORMAL 17 PTCLDY (SCALE 4-7) 3
TOTAL FM JUL 1 4948 CLOUDY (SCALE 8-10) 4
DPTR FM NORMAL -370
[CDD (BASE 65) ]
TOTAL THIS MO. 62
DPTR FM NORMAL 15 [PRESSURE DATA]
TOTAL FM JAN 1 68 HIGHEST SLP 30.41 ON 21
DPTR FM NORMAL 19 LOWEST SLP 29.12 ON 9
[REMARKS]
#FINAL-05-22#