000
CXUS51 KBOX 011500
CF6PVD
PRELIMINARY LOCAL CLIMATOLOGICAL DATA (WS FORM: F-6)
STATION: PROVIDENCE RI
MONTH: SEPTEMBER
YEAR: 2020
LATITUDE: 41 43 N
LONGITUDE: 71 26 W
TEMPERATURE IN F: :PCPN: SNOW: WIND :SUNSHINE: SKY :PK WND
================================================================================
1 2 3 4 5 6A 6B 7 8 9 10 11 12 13 14 15 16 17 18
12Z AVG MX 2MIN
DY MAX MIN AVG DEP HDD CDD WTR SNW DPTH SPD SPD DIR MIN PSBL S-S WX SPD DR
================================================================================
1 77 56 67 -3 0 2 0.00 0.0 0 6.7 16 180 M M 5 21 180
2 72 61 67 -2 0 2 0.42 0.0 0 5.3 13 140 M M 10 12 16 140
3 83 72 78 9 0 13 0.02 0.0 0 4.6 10 180 M M 9 12 13 190
4 87 65 76 7 0 11 0.10 0.0 0 6.4 17 270 M M 4 1 22 320
5 80 57 69 0 0 4 0.00 0.0 0 7.1 17 360 M M 2 22 10
6 82 60 71 3 0 6 0.00 0.0 0 6.7 17 200 M M 4 21 210
7 77 59 68 0 0 3 0.00 0.0 0 6.1 18 160 M M 3 1 23 170
8 81 62 72 4 0 7 0.00 0.0 0 5.4 14 160 M M 8 12 17 170
9 80 65 73 6 0 8 T 0.0 0 3.8 10 180 M M 9 1 12 180
10 80 70 75 8 0 10 0.03 0.0 0 4.6 13 190 M M 10 12 16 200
11 74 55 65 -2 0 0 T 0.0 0 8.7 20 10 M M 6 1 24 10
12 73 52 63 -3 2 0 0.00 0.0 0 7.0 15 90 M M 3 19 50
13 74 53 64 -2 1 0 0.00 0.0 0 7.7 18 150 M M 5 23 140
14 79 55 67 1 0 2 0.00 0.0 0 11.6 22 20 M M 5 30 360
15 68 49 59 -6 6 0 0.00 0.0 0 7.1 15 360 M M 2 19 360
16 74 47 61 -4 4 0 0.00 0.0 0 8.7 22 200 M M 4 29 200
17 78 56 67 3 0 2 0.00 0.0 0 6.8 18 210 M M 6 23 200
18 69 52 61 -3 4 0 0.00 0.0 0 14.9 22 10 M M 7 28 30
19 65 44 55 -9 10 0 0.00 0.0 0 9.8 20 50 M M 1 28 360
20 63 41 52 -11 13 0 0.00 0.0 0 11.1 25 30 M M 3 33 30
21 66 42 54 -9 11 0 0.00 0.0 0 10.5 21 40 M M 1 28 20
22 68 45 57 -5 8 0 0.00 0.0 0 11.5 23 10 M M 5 29 360
23 80 51 66 4 0 1 0.00 0.0 0 8.1 20 290 M M 1 26 280
24 82 56 69 7 0 4 0.00 0.0 0 6.3 13 250 M M 6 16 240
25 83 54 69 8 0 4 0.00 0.0 0 5.0 15 160 M M 3 1 18 150
26 75 58 67 6 0 2 0.00 0.0 0 6.2 17 150 M M 7 1 24 130
27 77 66 72 12 0 7 0.04 0.0 0 5.8 14 160 M M 9 12 19 110
28 74 66 70 10 0 5 0.05 0.0 0 7.7 14 150 M M 9 1 18 150
29 75 62 69 9 0 4 T 0.0 0 7.4 17 180 M M 8 1 23 190
30 74 57 66 7 0 1 0.54 0.0 0 16.6 41 190 M M 7 1 56 190
================================================================================
SM 2270 1688 59 98 1.20 0.0 235.2 M 162
================================================================================
AV 75.7 56.3 7.8 FASTST M M 5 MAX(MPH)
MISC ----> # 41 190 # 56 190
================================================================================
NOTES:
# LAST OF SEVERAL OCCURRENCES
COLUMN 17 PEAK WIND IN M.P.H.
PRELIMINARY LOCAL CLIMATOLOGICAL DATA (WS FORM: F-6) , PAGE 2
STATION: PROVIDENCE RI
MONTH: SEPTEMBER
YEAR: 2020
LATITUDE: 41 43 N
LONGITUDE: 71 26 W
[TEMPERATURE DATA] [PRECIPITATION DATA] SYMBOLS USED IN COLUMN 16
AVERAGE MONTHLY: 66.0 TOTAL FOR MONTH: 1.20 1 = FOG OR MIST
DPTR FM NORMAL: 1.3 DPTR FM NORMAL: -2.72 2 = FOG REDUCING VISIBILITY
HIGHEST: 87 ON 4 GRTST 24HR 0.54 ON 30-30 TO 1/4 MILE OR LESS
LOWEST: 41 ON 20 3 = THUNDER
SNOW, ICE PELLETS, HAIL 4 = ICE PELLETS
TOTAL MONTH: 0.0 INCH 5 = HAIL
GRTST 24HR 0.0 6 = FREEZING RAIN OR DRIZZLE
GRTST DEPTH: 0 7 = DUSTSTORM OR SANDSTORM:
VSBY 1/2 MILE OR LESS
8 = SMOKE OR HAZE
[NO. OF DAYS WITH] [WEATHER - DAYS WITH] 9 = BLOWING SNOW
X = TORNADO
MAX 32 OR BELOW: 0 0.01 INCH OR MORE: 7
MAX 90 OR ABOVE: 0 0.10 INCH OR MORE: 3
MIN 32 OR BELOW: 0 0.50 INCH OR MORE: 1
MIN 0 OR BELOW: 0 1.00 INCH OR MORE: 0
[HDD (BASE 65) ]
TOTAL THIS MO. 59 CLEAR (SCALE 0-3) 7
DPTR FM NORMAL -29 PTCLDY (SCALE 4-7) 16
TOTAL FM JUL 1 59 CLOUDY (SCALE 8-10) 7
DPTR FM NORMAL -38
[CDD (BASE 65) ]
TOTAL THIS MO. 98
DPTR FM NORMAL 18 [PRESSURE DATA]
TOTAL FM JAN 1 1036 HIGHEST SLP 30.58 ON 21
DPTR FM NORMAL 300 LOWEST SLP 29.49 ON 30
[REMARKS]
#FINAL-09-20#